{"id":2012,"date":"2025-06-28T12:01:00","date_gmt":"2025-06-28T10:01:00","guid":{"rendered":"https:\/\/uj.adatbank.ro\/lexikon\/termek\/balint-ferenc-2\/"},"modified":"2025-06-28T12:01:00","modified_gmt":"2025-06-28T10:01:00","slug":"balint-ferenc-2","status":"publish","type":"product","link":"https:\/\/uj.adatbank.ro\/lexikon\/termek\/balint-ferenc-2\/","title":{"rendered":"B\u00c1LINT Ferenc"},"content":{"rendered":"<p>Sepsiszentgy\u00f6rgy, 1894., \u2020\u00a0? : csizmadia. \u2013 Iskol\u00e1it Sz\u00e1szr\u00e9genben v\u00e9gezte, majd a csizmadiamesters\u00e9get tanulta \u00e9s mint seg\u00e9d dolgozott (\u20131914). R\u00e9szt vett az els\u0151 vh.-ban a 12. hegyi t\u0171z\u00e9rekn\u00e9l szolg\u00e1lt az orosz, olasz, rom\u00e1n fronton. A K\u00e1roly Csapatkereszt tulajdonosa. A h\u00e1bor\u00fa ut\u00e1n \u00f6n\u00e1ll\u00f3s\u00edtotta mag\u00e1t, m\u0171helyt nyitott Sz\u00e1szr\u00e9genben, t\u00f6bb embernek adott munk\u00e1t. A MP, az Iparos Olvas\u00f3k\u00f6r vezet\u0151s\u00e9gi tagja, a Csizmak\u00e9sz\u00edt\u0151 Ipart\u00e1rsulat eln\u00f6ke, egyh\u00e1zi tan\u00e1csos, a v\u00e1rosi tan\u00e1cs tagja. <br \/><strong>Irod.:<\/strong> Sz\u00e9kelyf\u00f6ld \u00ed. k.<\/br><\/p>\n","protected":false},"excerpt":{"rendered":"<p>Sepsiszentgy\u00f6rgy, 1894., \u2020\u00a0? : csizmadia. \u2013 Iskol\u00e1it Sz\u00e1szr\u00e9genben v\u00e9gezte, majd a csizmadiamesters\u00e9get tanulta \u00e9s mint seg\u00e9d dolgozott (\u20131914). R\u00e9szt vett az els\u0151 vh.-ban a 12. hegyi t\u0171z\u00e9rekn\u00e9l szolg\u00e1lt az orosz, olasz, rom\u00e1n fronton. A K\u00e1roly Csapatkereszt tulajdonosa. A h\u00e1bor\u00fa ut\u00e1n \u00f6n\u00e1ll\u00f3s\u00edtotta mag\u00e1t, m\u0171helyt nyitott Sz\u00e1szr\u00e9genben, t\u00f6bb embernek adott munk\u00e1t. A MP, az Iparos Olvas\u00f3k\u00f6r vezet\u0151s\u00e9gi [&hellip;]<\/p>\n","protected":false},"featured_media":0,"comment_status":"open","ping_status":"closed","template":"","meta":[],"product_brand":[],"product_cat":[137],"product_tag":[],"class_list":{"0":"post-2012","1":"product","2":"type-product","3":"status-publish","5":"product_cat-maros-megyei-eletrajzi-lexikon","7":"first","8":"instock","9":"shipping-taxable","10":"product-type-simple"},"_links":{"self":[{"href":"https:\/\/uj.adatbank.ro\/lexikon\/wp-json\/wp\/v2\/product\/2012","targetHints":{"allow":["GET"]}}],"collection":[{"href":"https:\/\/uj.adatbank.ro\/lexikon\/wp-json\/wp\/v2\/product"}],"about":[{"href":"https:\/\/uj.adatbank.ro\/lexikon\/wp-json\/wp\/v2\/types\/product"}],"replies":[{"embeddable":true,"href":"https:\/\/uj.adatbank.ro\/lexikon\/wp-json\/wp\/v2\/comments?post=2012"}],"wp:attachment":[{"href":"https:\/\/uj.adatbank.ro\/lexikon\/wp-json\/wp\/v2\/media?parent=2012"}],"wp:term":[{"taxonomy":"product_brand","embeddable":true,"href":"https:\/\/uj.adatbank.ro\/lexikon\/wp-json\/wp\/v2\/product_brand?post=2012"},{"taxonomy":"product_cat","embeddable":true,"href":"https:\/\/uj.adatbank.ro\/lexikon\/wp-json\/wp\/v2\/product_cat?post=2012"},{"taxonomy":"product_tag","embeddable":true,"href":"https:\/\/uj.adatbank.ro\/lexikon\/wp-json\/wp\/v2\/product_tag?post=2012"}],"curies":[{"name":"wp","href":"https:\/\/api.w.org\/{rel}","templated":true}]}}

BÁLINT Ferenc

<p>Sepsiszentgyörgy, 1894., † ? : csizmadia. – Iskoláit Szászrégenben végezte, majd a csizmadiamesterséget tanulta és mint segéd dolgozott (–1914). Részt vett az első vh.-ban a 12. hegyi tűzéreknél szolgált az orosz, olasz, román fronton. A Károly Csapatkereszt tulajdonosa. A háború után önállósította magát, műhelyt nyitott Szászrégenben, több embernek adott munkát. A MP, az Iparos Olvasókör vezetőségi tagja, a Csizmakészítő Ipartársulat elnöke, egyházi tanácsos, a városi tanács tagja. <br /><strong>Irod.:</strong> Székelyföld í. k.</br></p>

<p>Sepsiszentgyörgy, 1894., † ? : csizmadia. – Iskoláit Szászrégenben végezte, majd a csizmadiamesterséget tanulta és mint segéd dolgozott (–1914). Részt vett az első vh.-ban a 12. hegyi tűzéreknél szolgált az orosz, olasz, román fronton. A Károly Csapatkereszt tulajdonosa. A háború után önállósította magát, műhelyt nyitott Szászrégenben, több embernek adott munkát. A MP, az Iparos Olvasókör vezetőségi [&hellip;]</p>
