{"id":20127,"date":"2025-07-22T18:37:28","date_gmt":"2025-07-22T16:37:28","guid":{"rendered":"https:\/\/uj.adatbank.ro\/lexikon\/termek\/sebesi-job-alneve-sata-pista\/"},"modified":"2025-07-22T18:37:28","modified_gmt":"2025-07-22T16:37:28","slug":"sebesi-job-alneve-sata-pista","status":"publish","type":"product","link":"https:\/\/uj.adatbank.ro\/lexikon\/termek\/sebesi-job-alneve-sata-pista\/","title":{"rendered":"SEBESI J\u00f3b, \u00e1lneve: Sata Pista"},"content":{"rendered":"<p>Nagygalambfalva, 1860. nov. 7., \u2020 Mv. 1894. jan. 4. (vagy 14.): h\u00edrlap\u00edr\u00f3, M\u00c1V tisztvisel\u0151, k\u00f6lt\u0151, n\u00e9pdalgy\u0171jt\u0151. \u2013 Feles\u00e9ge: Sik\u00f3 R\u00f3za. Le\u00e1nyuk: \u00c9va egrespataki M\u00e1rk K\u00e1rolyn\u00e9. \u2013 Az udvarhelyi Ref. Koll.-ban \u00e9retts\u00e9gizett, majd Bp.-en jog\u00e1sz. Kezdetben a jogi p\u00e1ly\u00e1n m\u0171k\u00f6d\u00f6tt, majd Kv.-on vas\u00fati alkalmazott, de k\u00f6zben foglalkozott h\u00edrlap\u00edr\u00e1ssal \u00e9s irodalommal is. Munkat\u00e1rsa volt t\u00f6bb bp.-i, kv.-i h\u00edrlapnak. K\u00f6zeli bar\u00e1tja volt Bendek Eleknek, akit elk\u00eds\u00e9rt sz\u00e9kelyf\u00f6ldi n\u00e9pk\u00f6lt\u00e9szeti gy\u0171jt\u0151\u00fatj\u00e1n. A debreceni vas\u00fathoz helyezt\u00e9k (1893). Ott szerkesztette a Debrecen-Nagyv\u00e1radi \u00c9rtes\u00edt\u0151t. Folyton betegeskedett, emiatt szabads\u00e1golt\u00e1k (1893), haza j\u00f6tt Mv.-re, \u00e9s itt is halt meg. Cikkei a: Magyaro., kv.-i Ellenz\u00e9k, a Nagyvil\u00e1g, Az EME B\u00f6lcs. \u2013 Nyelv.- \u00e9s T\u00f6rt. tud.-i szakoszt\u00e1ly kiadv\u00e1nyaiban. Sz\u00e9kely n\u00e9pk\u00f6lt\u00e9si gy\u0171jt\u00e9s\u00e9t Arany L\u00e1szl\u00f3 \u00e9s Gyulai P\u00e1l tett\u00e9k k\u00f6zz\u00e9 a Magyar N\u00e9pk\u00f6lt\u00e9si Gy\u0171jtem\u00e9ny 3. k\u00f6tet\u00e9ben (1882). \u2013 <strong>F. m.<\/strong>: Harasztok: Versek (Kv., 1885); K\u00f6ltem\u00e9nyek (Kv., 1892); Apr\u00f3 t\u00f6rt\u00e9netek (M\u00e1ramarossziget, 1893); A mi le\u00e1nyunk \u00e9s egy\u00e9b elbesz\u00e9l\u00e9sek (1897); <strong>antol\u00f3g.:<\/strong> Magyar N\u00e9pk\u00f6lt\u00e9si Gy\u0171jtem\u00e9ny 3. k\u00f6t.: Sz\u00e9kelyf\u00f6ldi gy\u0171jt\u00e9s (Bp., 1882); Sz\u00e9kelyek a k\u00f6lt\u0151k dalaiban (Bp., 1908). <br \/><strong>Irod.:<\/strong> Akiket elfeledt\u00fcnk: S. J. (N\u00fa., M\u00fazsa, 276. sz., 1996. dec. 20.); Erd\u00e9lyi \u00edr\u00f3k almanachja; F\u00fcl\u00f6p\u2013Ferencz; MIL (1926); RNL; Rugonfalvi Kiss, Szinnyei; \u00daMIL.<\/br><\/p>\n","protected":false},"excerpt":{"rendered":"<p>Nagygalambfalva, 1860. nov. 7., \u2020 Mv. 1894. jan. 4. (vagy 14.): h\u00edrlap\u00edr\u00f3, M\u00c1V tisztvisel\u0151, k\u00f6lt\u0151, n\u00e9pdalgy\u0171jt\u0151. \u2013 Feles\u00e9ge: Sik\u00f3 R\u00f3za. Le\u00e1nyuk: \u00c9va egrespataki M\u00e1rk K\u00e1rolyn\u00e9. \u2013 Az udvarhelyi Ref. Koll.-ban \u00e9retts\u00e9gizett, majd Bp.-en jog\u00e1sz. Kezdetben a jogi p\u00e1ly\u00e1n m\u0171k\u00f6d\u00f6tt, majd Kv.-on vas\u00fati alkalmazott, de k\u00f6zben foglalkozott h\u00edrlap\u00edr\u00e1ssal \u00e9s irodalommal is. Munkat\u00e1rsa volt t\u00f6bb bp.-i, kv.-i [&hellip;]<\/p>\n","protected":false},"featured_media":0,"comment_status":"open","ping_status":"closed","template":"","meta":[],"product_brand":[],"product_cat":[137],"product_tag":[],"class_list":{"0":"post-20127","1":"product","2":"type-product","3":"status-publish","5":"product_cat-maros-megyei-eletrajzi-lexikon","7":"first","8":"instock","9":"shipping-taxable","10":"product-type-simple"},"_links":{"self":[{"href":"https:\/\/uj.adatbank.ro\/lexikon\/wp-json\/wp\/v2\/product\/20127","targetHints":{"allow":["GET"]}}],"collection":[{"href":"https:\/\/uj.adatbank.ro\/lexikon\/wp-json\/wp\/v2\/product"}],"about":[{"href":"https:\/\/uj.adatbank.ro\/lexikon\/wp-json\/wp\/v2\/types\/product"}],"replies":[{"embeddable":true,"href":"https:\/\/uj.adatbank.ro\/lexikon\/wp-json\/wp\/v2\/comments?post=20127"}],"wp:attachment":[{"href":"https:\/\/uj.adatbank.ro\/lexikon\/wp-json\/wp\/v2\/media?parent=20127"}],"wp:term":[{"taxonomy":"product_brand","embeddable":true,"href":"https:\/\/uj.adatbank.ro\/lexikon\/wp-json\/wp\/v2\/product_brand?post=20127"},{"taxonomy":"product_cat","embeddable":true,"href":"https:\/\/uj.adatbank.ro\/lexikon\/wp-json\/wp\/v2\/product_cat?post=20127"},{"taxonomy":"product_tag","embeddable":true,"href":"https:\/\/uj.adatbank.ro\/lexikon\/wp-json\/wp\/v2\/product_tag?post=20127"}],"curies":[{"name":"wp","href":"https:\/\/api.w.org\/{rel}","templated":true}]}}