{"id":2013,"date":"2025-06-28T12:01:02","date_gmt":"2025-06-28T10:01:02","guid":{"rendered":"https:\/\/uj.adatbank.ro\/lexikon\/termek\/balint-ferenc-3\/"},"modified":"2025-06-28T12:01:02","modified_gmt":"2025-06-28T10:01:02","slug":"balint-ferenc-3","status":"publish","type":"product","link":"https:\/\/uj.adatbank.ro\/lexikon\/termek\/balint-ferenc-3\/","title":{"rendered":"B\u00c1LINT Ferenc"},"content":{"rendered":"<p>Szamosk\u00f6l\u00f6s, 1934., \u2020 Buk., 1987. febr. 25.: technikus. \u2013 Gernyeszegen lakatos, majd k\u00e1deres, p\u00e1rttitk\u00e1r a traktor\u00e1llom\u00e1son, a N\u00e9ptan\u00e1cs eln\u00f6ke nyolc \u00e9vig (1970 k.-ig). A sz\u00e1szr\u00e9geni s\u00f6rgy\u00e1r technikusa, p\u00e1rttitk\u00e1r. Buk.-ben a M. Nemzetis\u00e9g\u0171 Dolgoz\u00f3k Tan\u00e1cs\u00e1nak \u00fcl\u00e9s\u00e9n kellett volna felsz\u00f3lalnia \u00e9s el\u00edt\u00e9lnie az Erd\u00e9ly t\u00f6rt\u00e9nete (3. k\u00f6t.) tanulm\u00e1nyt, ezt nem v\u00e1llalta, gyan\u00fas k\u00f6r\u00fclm\u00e9nyek k\u00f6zt meghalt, a kommunista diktat\u00fara \u00e1ldozata. <br \/><strong>Irod.:<\/strong> Gazda J\u00f3zsef-T\u00f3falvi Zolt\u00e1n: K\u00f6vek egy sirat\u00f3falhoz (Stockholm, 1994).<\/br><\/p>\n","protected":false},"excerpt":{"rendered":"<p>Szamosk\u00f6l\u00f6s, 1934., \u2020 Buk., 1987. febr. 25.: technikus. \u2013 Gernyeszegen lakatos, majd k\u00e1deres, p\u00e1rttitk\u00e1r a traktor\u00e1llom\u00e1son, a N\u00e9ptan\u00e1cs eln\u00f6ke nyolc \u00e9vig (1970 k.-ig). A sz\u00e1szr\u00e9geni s\u00f6rgy\u00e1r technikusa, p\u00e1rttitk\u00e1r. Buk.-ben a M. Nemzetis\u00e9g\u0171 Dolgoz\u00f3k Tan\u00e1cs\u00e1nak \u00fcl\u00e9s\u00e9n kellett volna felsz\u00f3lalnia \u00e9s el\u00edt\u00e9lnie az Erd\u00e9ly t\u00f6rt\u00e9nete (3. k\u00f6t.) tanulm\u00e1nyt, ezt nem v\u00e1llalta, gyan\u00fas k\u00f6r\u00fclm\u00e9nyek k\u00f6zt meghalt, a kommunista [&hellip;]<\/p>\n","protected":false},"featured_media":0,"comment_status":"open","ping_status":"closed","template":"","meta":[],"product_brand":[],"product_cat":[137],"product_tag":[],"class_list":{"0":"post-2013","1":"product","2":"type-product","3":"status-publish","5":"product_cat-maros-megyei-eletrajzi-lexikon","7":"first","8":"instock","9":"shipping-taxable","10":"product-type-simple"},"_links":{"self":[{"href":"https:\/\/uj.adatbank.ro\/lexikon\/wp-json\/wp\/v2\/product\/2013","targetHints":{"allow":["GET"]}}],"collection":[{"href":"https:\/\/uj.adatbank.ro\/lexikon\/wp-json\/wp\/v2\/product"}],"about":[{"href":"https:\/\/uj.adatbank.ro\/lexikon\/wp-json\/wp\/v2\/types\/product"}],"replies":[{"embeddable":true,"href":"https:\/\/uj.adatbank.ro\/lexikon\/wp-json\/wp\/v2\/comments?post=2013"}],"wp:attachment":[{"href":"https:\/\/uj.adatbank.ro\/lexikon\/wp-json\/wp\/v2\/media?parent=2013"}],"wp:term":[{"taxonomy":"product_brand","embeddable":true,"href":"https:\/\/uj.adatbank.ro\/lexikon\/wp-json\/wp\/v2\/product_brand?post=2013"},{"taxonomy":"product_cat","embeddable":true,"href":"https:\/\/uj.adatbank.ro\/lexikon\/wp-json\/wp\/v2\/product_cat?post=2013"},{"taxonomy":"product_tag","embeddable":true,"href":"https:\/\/uj.adatbank.ro\/lexikon\/wp-json\/wp\/v2\/product_tag?post=2013"}],"curies":[{"name":"wp","href":"https:\/\/api.w.org\/{rel}","templated":true}]}}

BÁLINT Ferenc

<p>Szamoskölös, 1934., † Buk., 1987. febr. 25.: technikus. – Gernyeszegen lakatos, majd káderes, párttitkár a traktorállomáson, a Néptanács elnöke nyolc évig (1970 k.-ig). A szászrégeni sörgyár technikusa, párttitkár. Buk.-ben a M. Nemzetiségű Dolgozók Tanácsának ülésén kellett volna felszólalnia és elítélnie az Erdély története (3. köt.) tanulmányt, ezt nem vállalta, gyanús körülmények közt meghalt, a kommunista diktatúra áldozata. <br /><strong>Irod.:</strong> Gazda József-Tófalvi Zoltán: Kövek egy siratófalhoz (Stockholm, 1994).</br></p>

<p>Szamoskölös, 1934., † Buk., 1987. febr. 25.: technikus. – Gernyeszegen lakatos, majd káderes, párttitkár a traktorállomáson, a Néptanács elnöke nyolc évig (1970 k.-ig). A szászrégeni sörgyár technikusa, párttitkár. Buk.-ben a M. Nemzetiségű Dolgozók Tanácsának ülésén kellett volna felszólalnia és elítélnie az Erdély története (3. köt.) tanulmányt, ezt nem vállalta, gyanús körülmények közt meghalt, a kommunista [&hellip;]</p>
