{"id":20142,"date":"2025-07-22T18:38:02","date_gmt":"2025-07-22T16:38:02","guid":{"rendered":"https:\/\/uj.adatbank.ro\/lexikon\/termek\/sebessi-boldizsar\/"},"modified":"2025-07-22T18:38:02","modified_gmt":"2025-07-22T16:38:02","slug":"sebessi-boldizsar","status":"publish","type":"product","link":"https:\/\/uj.adatbank.ro\/lexikon\/termek\/sebessi-boldizsar\/","title":{"rendered":"SEBESSI Boldizs\u00e1r"},"content":{"rendered":"<p>? \u2020?: V\u00e9grendelet\u00e9ben (1660. \u00e1pr.17.) az anyj\u00e1t\u00f3l, Gerendi Borb\u00e1l\u00e1t\u00f3l, \u00f6r\u00f6k\u00f6lt S\u00e1rd faluban lev\u0151 udvarh\u00e1zat \u00e9s a hozz\u00e1tartoz\u00f3 f\u00f6ldbirtokot feles\u00e9g\u00e9re, L\u0151rincz Kat\u00e1ra \u00e9s fiacsk\u00e1j\u00e1ra hagyta. <br \/><strong>Irod.:<\/strong> Erd\u00e9lyi testamentumok, 3.<\/br><\/p>\n","protected":false},"excerpt":{"rendered":"<p>? \u2020?: V\u00e9grendelet\u00e9ben (1660. \u00e1pr.17.) az anyj\u00e1t\u00f3l, Gerendi Borb\u00e1l\u00e1t\u00f3l, \u00f6r\u00f6k\u00f6lt S\u00e1rd faluban lev\u0151 udvarh\u00e1zat \u00e9s a hozz\u00e1tartoz\u00f3 f\u00f6ldbirtokot feles\u00e9g\u00e9re, L\u0151rincz Kat\u00e1ra \u00e9s fiacsk\u00e1j\u00e1ra hagyta. Irod.: Erd\u00e9lyi testamentumok, 3.<\/p>\n","protected":false},"featured_media":0,"comment_status":"open","ping_status":"closed","template":"","meta":[],"product_brand":[],"product_cat":[137],"product_tag":[],"class_list":{"0":"post-20142","1":"product","2":"type-product","3":"status-publish","5":"product_cat-maros-megyei-eletrajzi-lexikon","7":"first","8":"instock","9":"shipping-taxable","10":"product-type-simple"},"_links":{"self":[{"href":"https:\/\/uj.adatbank.ro\/lexikon\/wp-json\/wp\/v2\/product\/20142","targetHints":{"allow":["GET"]}}],"collection":[{"href":"https:\/\/uj.adatbank.ro\/lexikon\/wp-json\/wp\/v2\/product"}],"about":[{"href":"https:\/\/uj.adatbank.ro\/lexikon\/wp-json\/wp\/v2\/types\/product"}],"replies":[{"embeddable":true,"href":"https:\/\/uj.adatbank.ro\/lexikon\/wp-json\/wp\/v2\/comments?post=20142"}],"wp:attachment":[{"href":"https:\/\/uj.adatbank.ro\/lexikon\/wp-json\/wp\/v2\/media?parent=20142"}],"wp:term":[{"taxonomy":"product_brand","embeddable":true,"href":"https:\/\/uj.adatbank.ro\/lexikon\/wp-json\/wp\/v2\/product_brand?post=20142"},{"taxonomy":"product_cat","embeddable":true,"href":"https:\/\/uj.adatbank.ro\/lexikon\/wp-json\/wp\/v2\/product_cat?post=20142"},{"taxonomy":"product_tag","embeddable":true,"href":"https:\/\/uj.adatbank.ro\/lexikon\/wp-json\/wp\/v2\/product_tag?post=20142"}],"curies":[{"name":"wp","href":"https:\/\/api.w.org\/{rel}","templated":true}]}}