{"id":20150,"date":"2025-07-22T18:38:19","date_gmt":"2025-07-22T16:38:19","guid":{"rendered":"https:\/\/uj.adatbank.ro\/lexikon\/termek\/sebestyen-domokos\/"},"modified":"2025-07-22T18:38:19","modified_gmt":"2025-07-22T16:38:19","slug":"sebestyen-domokos","status":"publish","type":"product","link":"https:\/\/uj.adatbank.ro\/lexikon\/termek\/sebestyen-domokos\/","title":{"rendered":"SEBESTY\u00c9N Domokos"},"content":{"rendered":"<p>? \u2020?: r.k. pl\u00e9b\u00e1nos. \u2013 Pl\u00e9b\u00e1nos Marosj\u00e1r\u00e1n (1970. okt. 1. \u2013 1976), figyelmet szentelt a fili\u00e1knak is. Jobb\u00e1gytelk\u00e9n pl\u00e9b\u00e1nos (1977\u201382), siker\u00fclt befejeznie a h\u00edvek seg\u00edts\u00e9g\u00e9vel \u00e9s \u00f6ner\u0151b\u0151l \u00e9p\u00edtett sz\u00e9kelyhodosi pl\u00e9b\u00e1ni\u00e1t (1977). Nagyerny\u00e9n szolg\u00e1lt (1982\u201385). <br \/><strong>Irod.:<\/strong> Eml\u00e9kk\u00f6nyv a jobb\u00e1gytelki iskola \u00e9vfordul\u00f3j\u00e1ra; Maros-k\u00fck\u00fcll\u0151i f\u0151esp.<\/br><\/p>\n","protected":false},"excerpt":{"rendered":"<p>? \u2020?: r.k. pl\u00e9b\u00e1nos. \u2013 Pl\u00e9b\u00e1nos Marosj\u00e1r\u00e1n (1970. okt. 1. \u2013 1976), figyelmet szentelt a fili\u00e1knak is. Jobb\u00e1gytelk\u00e9n pl\u00e9b\u00e1nos (1977\u201382), siker\u00fclt befejeznie a h\u00edvek seg\u00edts\u00e9g\u00e9vel \u00e9s \u00f6ner\u0151b\u0151l \u00e9p\u00edtett sz\u00e9kelyhodosi pl\u00e9b\u00e1ni\u00e1t (1977). Nagyerny\u00e9n szolg\u00e1lt (1982\u201385). Irod.: Eml\u00e9kk\u00f6nyv a jobb\u00e1gytelki iskola \u00e9vfordul\u00f3j\u00e1ra; Maros-k\u00fck\u00fcll\u0151i f\u0151esp.<\/p>\n","protected":false},"featured_media":0,"comment_status":"open","ping_status":"closed","template":"","meta":[],"product_brand":[],"product_cat":[137],"product_tag":[],"class_list":{"0":"post-20150","1":"product","2":"type-product","3":"status-publish","5":"product_cat-maros-megyei-eletrajzi-lexikon","7":"first","8":"instock","9":"shipping-taxable","10":"product-type-simple"},"_links":{"self":[{"href":"https:\/\/uj.adatbank.ro\/lexikon\/wp-json\/wp\/v2\/product\/20150","targetHints":{"allow":["GET"]}}],"collection":[{"href":"https:\/\/uj.adatbank.ro\/lexikon\/wp-json\/wp\/v2\/product"}],"about":[{"href":"https:\/\/uj.adatbank.ro\/lexikon\/wp-json\/wp\/v2\/types\/product"}],"replies":[{"embeddable":true,"href":"https:\/\/uj.adatbank.ro\/lexikon\/wp-json\/wp\/v2\/comments?post=20150"}],"wp:attachment":[{"href":"https:\/\/uj.adatbank.ro\/lexikon\/wp-json\/wp\/v2\/media?parent=20150"}],"wp:term":[{"taxonomy":"product_brand","embeddable":true,"href":"https:\/\/uj.adatbank.ro\/lexikon\/wp-json\/wp\/v2\/product_brand?post=20150"},{"taxonomy":"product_cat","embeddable":true,"href":"https:\/\/uj.adatbank.ro\/lexikon\/wp-json\/wp\/v2\/product_cat?post=20150"},{"taxonomy":"product_tag","embeddable":true,"href":"https:\/\/uj.adatbank.ro\/lexikon\/wp-json\/wp\/v2\/product_tag?post=20150"}],"curies":[{"name":"wp","href":"https:\/\/api.w.org\/{rel}","templated":true}]}}