{"id":20152,"date":"2025-07-22T18:38:24","date_gmt":"2025-07-22T16:38:24","guid":{"rendered":"https:\/\/uj.adatbank.ro\/lexikon\/termek\/sebestyen-gabor\/"},"modified":"2025-07-22T18:38:24","modified_gmt":"2025-07-22T16:38:24","slug":"sebestyen-gabor","status":"publish","type":"product","link":"https:\/\/uj.adatbank.ro\/lexikon\/termek\/sebestyen-gabor\/","title":{"rendered":"SEBESTY\u00c9N G\u00e1bor"},"content":{"rendered":"<p>Fancsal, 1812. v.1818. m\u00e1rc. 21. \u2020\u00a0Szov\u00e1ta, 1899. dec. 14. r. k. pl\u00e9b\u00e1nos. \u2013 Sz\u00e9kelyudvarhelyen, Kv.-on \u00e9s Gyulafeh\u00e9rv\u00e1ron v\u00e9gezte tanulm\u00e1nyait. Papp\u00e1 szentelt\u00e9k (1841. m\u00e1j. 2.). K\u00e1pl\u00e1n volt Cs\u00edksomly\u00f3n (1842) \u00e9s Sz\u00e9kelyudvarhelyen (1843\u201345). Cs\u00edkszeredai pl\u00e9b\u00e1nos (1845\u20131849). Elfogt\u00e1k (1849), a hadb\u00edr\u00f3s\u00e1g k\u00f6t\u00e9l \u00e1ltali hal\u00e1ra \u00edt\u00e9lte (1850), amit kegyelemb\u0151l 10 \u00e9vi v\u00e1rfogs\u00e1gra v\u00e1ltoztattak, Olm\u00fctzben, majd Josephstadtban raboskodott, kegyelemmel szabadult (1856). Sz\u00e1szr\u00e9geni, nagyernyei (1858\u201365), sz\u00e9kelyhodosi (1865\u2013) \u00e9s szov\u00e1tai pl\u00e9b\u00e1nos hal\u00e1l\u00e1ig (1869\u2013). A nagyernyei templomba \u00faj orgon\u00e1t szereltetett (1864). Kezdem\u00e9nyezte a szov\u00e1tai katolikus templom \u00e9p\u00edt\u00e9s\u00e9t (1870\u201378), minden vagyon\u00e1t a templom\u00e9p\u00edt\u00e9sre \u00e1ldozta. Pl\u00e9b\u00e1nos Sz\u00e9kelyhodoson (1865), Szov\u00e1t\u00e1n (1869). <br \/><strong>Irod.:<\/strong> Ferenczi S\u00e1ndor 2009; Maros \u2013 m\u0171eml\u00e9kek; MMMM; Nagyernye; Szov\u00e1ta.<\/br><\/p>\n","protected":false},"excerpt":{"rendered":"<p>Fancsal, 1812. v.1818. m\u00e1rc. 21. \u2020\u00a0Szov\u00e1ta, 1899. dec. 14. r. k. pl\u00e9b\u00e1nos. \u2013 Sz\u00e9kelyudvarhelyen, Kv.-on \u00e9s Gyulafeh\u00e9rv\u00e1ron v\u00e9gezte tanulm\u00e1nyait. Papp\u00e1 szentelt\u00e9k (1841. m\u00e1j. 2.). K\u00e1pl\u00e1n volt Cs\u00edksomly\u00f3n (1842) \u00e9s Sz\u00e9kelyudvarhelyen (1843\u201345). Cs\u00edkszeredai pl\u00e9b\u00e1nos (1845\u20131849). Elfogt\u00e1k (1849), a hadb\u00edr\u00f3s\u00e1g k\u00f6t\u00e9l \u00e1ltali hal\u00e1ra \u00edt\u00e9lte (1850), amit kegyelemb\u0151l 10 \u00e9vi v\u00e1rfogs\u00e1gra v\u00e1ltoztattak, Olm\u00fctzben, majd Josephstadtban raboskodott, kegyelemmel szabadult [&hellip;]<\/p>\n","protected":false},"featured_media":0,"comment_status":"open","ping_status":"closed","template":"","meta":[],"product_brand":[],"product_cat":[137],"product_tag":[],"class_list":{"0":"post-20152","1":"product","2":"type-product","3":"status-publish","5":"product_cat-maros-megyei-eletrajzi-lexikon","7":"first","8":"instock","9":"shipping-taxable","10":"product-type-simple"},"_links":{"self":[{"href":"https:\/\/uj.adatbank.ro\/lexikon\/wp-json\/wp\/v2\/product\/20152","targetHints":{"allow":["GET"]}}],"collection":[{"href":"https:\/\/uj.adatbank.ro\/lexikon\/wp-json\/wp\/v2\/product"}],"about":[{"href":"https:\/\/uj.adatbank.ro\/lexikon\/wp-json\/wp\/v2\/types\/product"}],"replies":[{"embeddable":true,"href":"https:\/\/uj.adatbank.ro\/lexikon\/wp-json\/wp\/v2\/comments?post=20152"}],"wp:attachment":[{"href":"https:\/\/uj.adatbank.ro\/lexikon\/wp-json\/wp\/v2\/media?parent=20152"}],"wp:term":[{"taxonomy":"product_brand","embeddable":true,"href":"https:\/\/uj.adatbank.ro\/lexikon\/wp-json\/wp\/v2\/product_brand?post=20152"},{"taxonomy":"product_cat","embeddable":true,"href":"https:\/\/uj.adatbank.ro\/lexikon\/wp-json\/wp\/v2\/product_cat?post=20152"},{"taxonomy":"product_tag","embeddable":true,"href":"https:\/\/uj.adatbank.ro\/lexikon\/wp-json\/wp\/v2\/product_tag?post=20152"}],"curies":[{"name":"wp","href":"https:\/\/api.w.org\/{rel}","templated":true}]}}