{"id":20156,"date":"2025-07-22T18:38:32","date_gmt":"2025-07-22T16:38:32","guid":{"rendered":"https:\/\/uj.adatbank.ro\/lexikon\/termek\/sebestyen-janos\/"},"modified":"2025-07-22T18:38:32","modified_gmt":"2025-07-22T16:38:32","slug":"sebestyen-janos","status":"publish","type":"product","link":"https:\/\/uj.adatbank.ro\/lexikon\/termek\/sebestyen-janos\/","title":{"rendered":"SEBESTY\u00c9N J\u00e1nos"},"content":{"rendered":"<p>Aninoasa, 1913. okt. 9., \u2020\u00a0B\u00f6z\u00f6d, 2007. febr. 8.: tan\u00edt\u00f3. \u2013 B\u00f6z\u00f6d\u00f6n tan\u00edtott. <br \/><strong>Irod.:<\/strong> [Nekrol\u00f3g] (N\u00fa., 2007. febr. 11.); Omagiu.<\/br><\/p>\n","protected":false},"excerpt":{"rendered":"<p>Aninoasa, 1913. okt. 9., \u2020\u00a0B\u00f6z\u00f6d, 2007. febr. 8.: tan\u00edt\u00f3. \u2013 B\u00f6z\u00f6d\u00f6n tan\u00edtott. Irod.: [Nekrol\u00f3g] (N\u00fa., 2007. febr. 11.); Omagiu.<\/p>\n","protected":false},"featured_media":0,"comment_status":"open","ping_status":"closed","template":"","meta":[],"product_brand":[],"product_cat":[137],"product_tag":[],"class_list":{"0":"post-20156","1":"product","2":"type-product","3":"status-publish","5":"product_cat-maros-megyei-eletrajzi-lexikon","7":"first","8":"instock","9":"shipping-taxable","10":"product-type-simple"},"_links":{"self":[{"href":"https:\/\/uj.adatbank.ro\/lexikon\/wp-json\/wp\/v2\/product\/20156","targetHints":{"allow":["GET"]}}],"collection":[{"href":"https:\/\/uj.adatbank.ro\/lexikon\/wp-json\/wp\/v2\/product"}],"about":[{"href":"https:\/\/uj.adatbank.ro\/lexikon\/wp-json\/wp\/v2\/types\/product"}],"replies":[{"embeddable":true,"href":"https:\/\/uj.adatbank.ro\/lexikon\/wp-json\/wp\/v2\/comments?post=20156"}],"wp:attachment":[{"href":"https:\/\/uj.adatbank.ro\/lexikon\/wp-json\/wp\/v2\/media?parent=20156"}],"wp:term":[{"taxonomy":"product_brand","embeddable":true,"href":"https:\/\/uj.adatbank.ro\/lexikon\/wp-json\/wp\/v2\/product_brand?post=20156"},{"taxonomy":"product_cat","embeddable":true,"href":"https:\/\/uj.adatbank.ro\/lexikon\/wp-json\/wp\/v2\/product_cat?post=20156"},{"taxonomy":"product_tag","embeddable":true,"href":"https:\/\/uj.adatbank.ro\/lexikon\/wp-json\/wp\/v2\/product_tag?post=20156"}],"curies":[{"name":"wp","href":"https:\/\/api.w.org\/{rel}","templated":true}]}}