{"id":20165,"date":"2025-07-22T18:38:50","date_gmt":"2025-07-22T16:38:50","guid":{"rendered":"https:\/\/uj.adatbank.ro\/lexikon\/termek\/sebestyen-mihaly-3\/"},"modified":"2025-07-22T18:38:50","modified_gmt":"2025-07-22T16:38:50","slug":"sebestyen-mihaly-3","status":"publish","type":"product","link":"https:\/\/uj.adatbank.ro\/lexikon\/termek\/sebestyen-mihaly-3\/","title":{"rendered":"SEBESTY\u00c9N Mih\u00e1ly"},"content":{"rendered":"<p>? \u2020?: t\u00e1blab\u00edr\u00f3, \u00fcgy\u00e9sz. \u2013 F\u0151\u00fcgy\u00e9sz Mv.-en. A Mv.-i Kaszin\u00f3 v\u00e1lasztm\u00e1nyi tagja (1883). A r. k. f\u0151gimn. biztosa, vil\u00e1gi gondnoka volt (1886-ig) \u00e9s ut\u00f3dja Szentkereszty Zsigmond br. <br \/><strong>Irod.:<\/strong> Bi\u00e1s Istv\u00e1n; Marosi-KZST; P\u00e1l-Antal 2013; P\u00e1l-Antal S\u00e1ndor: A gymn\u00e1zium catholicumt\u00f3l a f\u0151gimn\u00e1ziumig = Eml\u00e9kk. Szab\u00f3 Mikl\u00f3s.<\/br><\/p>\n","protected":false},"excerpt":{"rendered":"<p>? \u2020?: t\u00e1blab\u00edr\u00f3, \u00fcgy\u00e9sz. \u2013 F\u0151\u00fcgy\u00e9sz Mv.-en. A Mv.-i Kaszin\u00f3 v\u00e1lasztm\u00e1nyi tagja (1883). A r. k. f\u0151gimn. biztosa, vil\u00e1gi gondnoka volt (1886-ig) \u00e9s ut\u00f3dja Szentkereszty Zsigmond br. Irod.: Bi\u00e1s Istv\u00e1n; Marosi-KZST; P\u00e1l-Antal 2013; P\u00e1l-Antal S\u00e1ndor: A gymn\u00e1zium catholicumt\u00f3l a f\u0151gimn\u00e1ziumig = Eml\u00e9kk. Szab\u00f3 Mikl\u00f3s.<\/p>\n","protected":false},"featured_media":0,"comment_status":"open","ping_status":"closed","template":"","meta":[],"product_brand":[],"product_cat":[137],"product_tag":[],"class_list":{"0":"post-20165","1":"product","2":"type-product","3":"status-publish","5":"product_cat-maros-megyei-eletrajzi-lexikon","7":"first","8":"instock","9":"shipping-taxable","10":"product-type-simple"},"_links":{"self":[{"href":"https:\/\/uj.adatbank.ro\/lexikon\/wp-json\/wp\/v2\/product\/20165","targetHints":{"allow":["GET"]}}],"collection":[{"href":"https:\/\/uj.adatbank.ro\/lexikon\/wp-json\/wp\/v2\/product"}],"about":[{"href":"https:\/\/uj.adatbank.ro\/lexikon\/wp-json\/wp\/v2\/types\/product"}],"replies":[{"embeddable":true,"href":"https:\/\/uj.adatbank.ro\/lexikon\/wp-json\/wp\/v2\/comments?post=20165"}],"wp:attachment":[{"href":"https:\/\/uj.adatbank.ro\/lexikon\/wp-json\/wp\/v2\/media?parent=20165"}],"wp:term":[{"taxonomy":"product_brand","embeddable":true,"href":"https:\/\/uj.adatbank.ro\/lexikon\/wp-json\/wp\/v2\/product_brand?post=20165"},{"taxonomy":"product_cat","embeddable":true,"href":"https:\/\/uj.adatbank.ro\/lexikon\/wp-json\/wp\/v2\/product_cat?post=20165"},{"taxonomy":"product_tag","embeddable":true,"href":"https:\/\/uj.adatbank.ro\/lexikon\/wp-json\/wp\/v2\/product_tag?post=20165"}],"curies":[{"name":"wp","href":"https:\/\/api.w.org\/{rel}","templated":true}]}}