{"id":20167,"date":"2025-07-22T18:38:54","date_gmt":"2025-07-22T16:38:54","guid":{"rendered":"https:\/\/uj.adatbank.ro\/lexikon\/termek\/sebestyen-nagy-erzsebet\/"},"modified":"2025-07-22T18:38:54","modified_gmt":"2025-07-22T16:38:54","slug":"sebestyen-nagy-erzsebet","status":"publish","type":"product","link":"https:\/\/uj.adatbank.ro\/lexikon\/termek\/sebestyen-nagy-erzsebet\/","title":{"rendered":"SEBESTY\u00c9N NAGY Erzs\u00e9bet"},"content":{"rendered":"<p>Makfalva? \u2020?: postatisztvisel\u0151. \u2013 A mv.-i Posta tisztvisel\u0151je volt 35 \u00e9ven \u00e1t. 35 \u00e9vig levelezett a Dolgoz\u00f3 N\u0151vel, h\u0171s\u00e9g\u00e9\u00e9rt az Orsz\u00e1gos N\u0151tan\u00e1cst\u00f3l dics\u00e9r\u0151 oklevelet kapott. \u00c9veken \u00e1t levelezett a Brass\u00f3i Lapokkal, s 40 \u00e9ve el\u0151fizet\u0151je vagy a N\u00e9p\u00fajs\u00e1gnak, illetve az el\u0151dj\u00e9nek. Rejtv\u00e9nyfejt\u00f6r\u0151 meg receptversenyekbe nevezett be, olvas\u00f3i elv\u00e1r\u00e1sokkal, ig\u00e9nyekkel kapcsolatban \u00edrta meg v\u00e9lem\u00e9ny\u00e9t, \u00f6tleteit. 1983 \u00f3ta nyugd\u00edjas. P\u00e1ly\u00e1zatokra \u00edrt hangulatos, olvasm\u00e1nyos riportokat, eml\u00e9kez\u00e9seket az eml\u00edtett lapoknak T\u00f6bb jutalomban r\u00e9szes\u00fclt. K\u00f6z\u00fcl\u00f6k felolvastak a K\u00f3s K\u00e1roly alap\u00edtv\u00e1ny rendez\u00e9s\u00e9ben a 60 \u00e9ven t\u00faliak sz\u00e1m\u00e1ra megtartott szellemi tal\u00e1lkoz\u00f3kon a Deus Providebit h\u00e1zban Mv.-en. A Magyar R\u00e1di\u00f3nak az \u00e1llamalap\u00edt\u00e1sunk ezredik esztendeje alkalm\u00e1val ki\u00edrt p\u00e1ly\u00e1zat\u00e1ra meg\u00edrta a makfalvi koll\u00e9gium t\u00f6rt\u00e9net\u00e9t, az \u00edr\u00e1st m\u0171sorra is t\u0171zt\u00e9k \u00e9s szerz\u0151j\u00e9t eml\u00e9klappal jutalmazt\u00e1k. <br \/><strong>Irod.:<\/strong> N\u00fa (2001. nov 15).<\/br><\/p>\n","protected":false},"excerpt":{"rendered":"<p>Makfalva? \u2020?: postatisztvisel\u0151. \u2013 A mv.-i Posta tisztvisel\u0151je volt 35 \u00e9ven \u00e1t. 35 \u00e9vig levelezett a Dolgoz\u00f3 N\u0151vel, h\u0171s\u00e9g\u00e9\u00e9rt az Orsz\u00e1gos N\u0151tan\u00e1cst\u00f3l dics\u00e9r\u0151 oklevelet kapott. \u00c9veken \u00e1t levelezett a Brass\u00f3i Lapokkal, s 40 \u00e9ve el\u0151fizet\u0151je vagy a N\u00e9p\u00fajs\u00e1gnak, illetve az el\u0151dj\u00e9nek. Rejtv\u00e9nyfejt\u00f6r\u0151 meg receptversenyekbe nevezett be, olvas\u00f3i elv\u00e1r\u00e1sokkal, ig\u00e9nyekkel kapcsolatban \u00edrta meg v\u00e9lem\u00e9ny\u00e9t, \u00f6tleteit. 1983 [&hellip;]<\/p>\n","protected":false},"featured_media":0,"comment_status":"open","ping_status":"closed","template":"","meta":[],"product_brand":[],"product_cat":[137],"product_tag":[],"class_list":{"0":"post-20167","1":"product","2":"type-product","3":"status-publish","5":"product_cat-maros-megyei-eletrajzi-lexikon","7":"first","8":"instock","9":"shipping-taxable","10":"product-type-simple"},"_links":{"self":[{"href":"https:\/\/uj.adatbank.ro\/lexikon\/wp-json\/wp\/v2\/product\/20167","targetHints":{"allow":["GET"]}}],"collection":[{"href":"https:\/\/uj.adatbank.ro\/lexikon\/wp-json\/wp\/v2\/product"}],"about":[{"href":"https:\/\/uj.adatbank.ro\/lexikon\/wp-json\/wp\/v2\/types\/product"}],"replies":[{"embeddable":true,"href":"https:\/\/uj.adatbank.ro\/lexikon\/wp-json\/wp\/v2\/comments?post=20167"}],"wp:attachment":[{"href":"https:\/\/uj.adatbank.ro\/lexikon\/wp-json\/wp\/v2\/media?parent=20167"}],"wp:term":[{"taxonomy":"product_brand","embeddable":true,"href":"https:\/\/uj.adatbank.ro\/lexikon\/wp-json\/wp\/v2\/product_brand?post=20167"},{"taxonomy":"product_cat","embeddable":true,"href":"https:\/\/uj.adatbank.ro\/lexikon\/wp-json\/wp\/v2\/product_cat?post=20167"},{"taxonomy":"product_tag","embeddable":true,"href":"https:\/\/uj.adatbank.ro\/lexikon\/wp-json\/wp\/v2\/product_tag?post=20167"}],"curies":[{"name":"wp","href":"https:\/\/api.w.org\/{rel}","templated":true}]}}