{"id":20170,"date":"2025-07-22T18:39:00","date_gmt":"2025-07-22T16:39:00","guid":{"rendered":"https:\/\/uj.adatbank.ro\/lexikon\/termek\/sebestyen-zsigmond-karacsonyfalvi\/"},"modified":"2025-07-22T18:39:00","modified_gmt":"2025-07-22T16:39:00","slug":"sebestyen-zsigmond-karacsonyfalvi","status":"publish","type":"product","link":"https:\/\/uj.adatbank.ro\/lexikon\/termek\/sebestyen-zsigmond-karacsonyfalvi\/","title":{"rendered":"SEBESTY\u00c9N Zsigmond, kar\u00e1csonyfalvi"},"content":{"rendered":"<p>? \u2020?: l\u00e9vita pap-tan\u00edt\u00f3. \u2013 Iskol\u00e1it Mv.-en a Ref. Koll.-ban v\u00e9gezte, \u00e9s subscrib\u00e1lt (1766). Az \u00fajtordai zsinaton ordin\u00e1lt\u00e1k (1776). Megh\u00edv\u00e1k Kiskendre (1776. j\u00fal. 24. \u2013 1786.). Az anyak\u00f6nyveket pontosan vezette. Az \u0151 ideje alatt bontott\u00e1k le a fatemplomot, \u00e9s \u00e9p\u00edtett\u00e9k az \u00faj k\u0151templomot \u00e9s \u00f6nt\u00f6ttek egy kisebb harangot (1782\u20131784). Ezen megval\u00f3s\u00edt\u00e1sokat a h\u00edvekt\u0151l val\u00f3 gy\u0171jt\u00e9sekb\u0151l, Toldalagi P\u00e1l, Ugron P\u00e1l \u00e9s Antal Imre f\u00f6ldbirtokosok, valamint Nagy Boldizs\u00e1r, Abafi Kl\u00e1ra \u00e9s Szab\u00f3 Mih\u00e1ly adom\u00e1nyaib\u00f3l val\u00f3s\u00edtott\u00e1k meg. A bels\u0151 felszerel\u00e9st, b\u00fatorzatot szint\u00e9n a patr\u00f3nusok adom\u00e1nyozt\u00e1k. A lelk\u00e9sz \u00e9s a h\u00edvek viszonya egy id\u0151 ut\u00e1n romlani kezdett, majd t\u00e1vozott a gy\u00fclekezetb\u0151l (1787). Marosugr\u00e1n (1787\u201390) \u00e9s Boldogfalv\u00e1n (1791\u201394) szolg\u00e1lt. Lelk\u00e9sz volt Cs\u00edkfalv\u00e1n (1794\u201395), Kebeleszentiv\u00e1nban (1796\u20131801) \u00e9s Sz\u00e9kelykakasdon (1802\u201320), Ny\u00e1r\u00e1dt\u0151n (1827). <br \/><strong>Irod.:<\/strong> Cs\u00edkfalva; Kend \u00e9s egyh\u00e1za; K\u00fck\u00fcll\u0151i Ref. Egyh\u00e1zm.1.,2., 4.; Sz\u00e9kelykakasd.<\/br><\/p>\n","protected":false},"excerpt":{"rendered":"<p>? \u2020?: l\u00e9vita pap-tan\u00edt\u00f3. \u2013 Iskol\u00e1it Mv.-en a Ref. Koll.-ban v\u00e9gezte, \u00e9s subscrib\u00e1lt (1766). Az \u00fajtordai zsinaton ordin\u00e1lt\u00e1k (1776). Megh\u00edv\u00e1k Kiskendre (1776. j\u00fal. 24. \u2013 1786.). Az anyak\u00f6nyveket pontosan vezette. Az \u0151 ideje alatt bontott\u00e1k le a fatemplomot, \u00e9s \u00e9p\u00edtett\u00e9k az \u00faj k\u0151templomot \u00e9s \u00f6nt\u00f6ttek egy kisebb harangot (1782\u20131784). Ezen megval\u00f3s\u00edt\u00e1sokat a h\u00edvekt\u0151l val\u00f3 gy\u0171jt\u00e9sekb\u0151l, [&hellip;]<\/p>\n","protected":false},"featured_media":0,"comment_status":"open","ping_status":"closed","template":"","meta":[],"product_brand":[],"product_cat":[137],"product_tag":[],"class_list":{"0":"post-20170","1":"product","2":"type-product","3":"status-publish","5":"product_cat-maros-megyei-eletrajzi-lexikon","7":"first","8":"instock","9":"shipping-taxable","10":"product-type-simple"},"_links":{"self":[{"href":"https:\/\/uj.adatbank.ro\/lexikon\/wp-json\/wp\/v2\/product\/20170","targetHints":{"allow":["GET"]}}],"collection":[{"href":"https:\/\/uj.adatbank.ro\/lexikon\/wp-json\/wp\/v2\/product"}],"about":[{"href":"https:\/\/uj.adatbank.ro\/lexikon\/wp-json\/wp\/v2\/types\/product"}],"replies":[{"embeddable":true,"href":"https:\/\/uj.adatbank.ro\/lexikon\/wp-json\/wp\/v2\/comments?post=20170"}],"wp:attachment":[{"href":"https:\/\/uj.adatbank.ro\/lexikon\/wp-json\/wp\/v2\/media?parent=20170"}],"wp:term":[{"taxonomy":"product_brand","embeddable":true,"href":"https:\/\/uj.adatbank.ro\/lexikon\/wp-json\/wp\/v2\/product_brand?post=20170"},{"taxonomy":"product_cat","embeddable":true,"href":"https:\/\/uj.adatbank.ro\/lexikon\/wp-json\/wp\/v2\/product_cat?post=20170"},{"taxonomy":"product_tag","embeddable":true,"href":"https:\/\/uj.adatbank.ro\/lexikon\/wp-json\/wp\/v2\/product_tag?post=20170"}],"curies":[{"name":"wp","href":"https:\/\/api.w.org\/{rel}","templated":true}]}}