{"id":20178,"date":"2025-07-22T18:39:20","date_gmt":"2025-07-22T16:39:20","guid":{"rendered":"https:\/\/uj.adatbank.ro\/lexikon\/termek\/segesvari-balint-schassburger-schneider\/"},"modified":"2025-07-22T18:39:20","modified_gmt":"2025-07-22T16:39:20","slug":"segesvari-balint-schassburger-schneider","status":"publish","type":"product","link":"https:\/\/uj.adatbank.ro\/lexikon\/termek\/segesvari-balint-schassburger-schneider\/","title":{"rendered":"SEGESV\u00c1RI B\u00e1lint, Sch\u00e4ssburger, Schneider"},"content":{"rendered":"<p>Kv.? \u2020?: kr\u00f3nika\u00edr\u00f3. \u2013 \u00c9let\u00e9r\u0151l keveset tudunk. Kv.-i sz\u00fclet\u00e9s\u0171, sz\u00e1sz nemzetis\u00e9g\u0171 polg\u00e1r, unit. vall\u00e1s\u00fa volt. Neve eredetileg: Sch\u00e4ssburger v. Schneider lehetett. Kr\u00f3nik\u00e1j\u00e1t, amelyet az 1606\u201354 \u00e9vig terjed\u0151 korszakot t\u00e1rgyalja k\u00fcl\u00f6n\u00f6s tekintettel Kv. t\u00f6rt\u00e9net\u00e9re, Jakab Elek adta ki jegyzetekkel az Erd\u00e9lyi T\u00f6rt\u00e9nelmi Adatok 4. k\u00f6tet\u00e9ben Kv.-on. \u2013 <strong>F. m.<\/strong>: <strong>antol\u00f3g.:<\/strong> Erd\u00e9lyi t\u00f6rt\u00e9nelmi adatok (Kv., 1855\u201362); Bartoniek Emma: Magyar forr\u00e1skiadv\u00e1nyok (Bp., 1929). <br \/><strong>Irod.:<\/strong> Bodn\u00e1r; Bartoniek Emma: Magyar forr\u00e1skiadv\u00e1nyok (Bp., 1929); Erd\u00e9lyi t\u00f6rt\u00e9nelmi adatok (Kv., 1855\u201362); F\u00fcl\u00f6p\u2013Ferencz; K\u00e9nosi\u2013Uzoni 2.; Marczali H.: A magyar t\u00f6rt\u00e9net k\u00fatf\u0151inek k\u00e9zik\u00f6nyve (Bp., 1901); Szinnyei.<\/br><\/p>\n","protected":false},"excerpt":{"rendered":"<p>Kv.? \u2020?: kr\u00f3nika\u00edr\u00f3. \u2013 \u00c9let\u00e9r\u0151l keveset tudunk. Kv.-i sz\u00fclet\u00e9s\u0171, sz\u00e1sz nemzetis\u00e9g\u0171 polg\u00e1r, unit. vall\u00e1s\u00fa volt. Neve eredetileg: Sch\u00e4ssburger v. Schneider lehetett. Kr\u00f3nik\u00e1j\u00e1t, amelyet az 1606\u201354 \u00e9vig terjed\u0151 korszakot t\u00e1rgyalja k\u00fcl\u00f6n\u00f6s tekintettel Kv. t\u00f6rt\u00e9net\u00e9re, Jakab Elek adta ki jegyzetekkel az Erd\u00e9lyi T\u00f6rt\u00e9nelmi Adatok 4. k\u00f6tet\u00e9ben Kv.-on. \u2013 F. m.: antol\u00f3g.: Erd\u00e9lyi t\u00f6rt\u00e9nelmi adatok (Kv., 1855\u201362); Bartoniek [&hellip;]<\/p>\n","protected":false},"featured_media":0,"comment_status":"open","ping_status":"closed","template":"","meta":[],"product_brand":[],"product_cat":[137],"product_tag":[],"class_list":{"0":"post-20178","1":"product","2":"type-product","3":"status-publish","5":"product_cat-maros-megyei-eletrajzi-lexikon","7":"first","8":"instock","9":"shipping-taxable","10":"product-type-simple"},"_links":{"self":[{"href":"https:\/\/uj.adatbank.ro\/lexikon\/wp-json\/wp\/v2\/product\/20178","targetHints":{"allow":["GET"]}}],"collection":[{"href":"https:\/\/uj.adatbank.ro\/lexikon\/wp-json\/wp\/v2\/product"}],"about":[{"href":"https:\/\/uj.adatbank.ro\/lexikon\/wp-json\/wp\/v2\/types\/product"}],"replies":[{"embeddable":true,"href":"https:\/\/uj.adatbank.ro\/lexikon\/wp-json\/wp\/v2\/comments?post=20178"}],"wp:attachment":[{"href":"https:\/\/uj.adatbank.ro\/lexikon\/wp-json\/wp\/v2\/media?parent=20178"}],"wp:term":[{"taxonomy":"product_brand","embeddable":true,"href":"https:\/\/uj.adatbank.ro\/lexikon\/wp-json\/wp\/v2\/product_brand?post=20178"},{"taxonomy":"product_cat","embeddable":true,"href":"https:\/\/uj.adatbank.ro\/lexikon\/wp-json\/wp\/v2\/product_cat?post=20178"},{"taxonomy":"product_tag","embeddable":true,"href":"https:\/\/uj.adatbank.ro\/lexikon\/wp-json\/wp\/v2\/product_tag?post=20178"}],"curies":[{"name":"wp","href":"https:\/\/api.w.org\/{rel}","templated":true}]}}