{"id":20182,"date":"2025-07-22T18:39:28","date_gmt":"2025-07-22T16:39:28","guid":{"rendered":"https:\/\/uj.adatbank.ro\/lexikon\/termek\/seibriger-karoly\/"},"modified":"2025-07-22T18:39:28","modified_gmt":"2025-07-22T16:39:28","slug":"seibriger-karoly","status":"publish","type":"product","link":"https:\/\/uj.adatbank.ro\/lexikon\/termek\/seibriger-karoly\/","title":{"rendered":"SEIBRIGER K\u00e1roly"},"content":{"rendered":"<p>1850?,\u00a0\u2020\u00a0Mv., 1924. jan. 9.: ? \u2013 Feles\u00e9ge: Kessler Berta. Gyermekeik. S. Emil dr. \u00fcgyv\u00e9d; S. Ir\u00e9n polg\u00e1rmester-helyettes Nagy Imr\u00e9n\u00e9; S. Margit m. kir. honv\u00e9d\u0151rnagy Pusk\u00e1s \u00c1lmosn\u00e9; S. Gabriella keresked\u0151 Nagy B\u00e9l\u00e1n\u00e9. <br \/><strong>Irod.:<\/strong> Gy\u00e1szjelent\u0151.<\/br><\/p>\n","protected":false},"excerpt":{"rendered":"<p>1850?,\u00a0\u2020\u00a0Mv., 1924. jan. 9.: ? \u2013 Feles\u00e9ge: Kessler Berta. Gyermekeik. S. Emil dr. \u00fcgyv\u00e9d; S. Ir\u00e9n polg\u00e1rmester-helyettes Nagy Imr\u00e9n\u00e9; S. Margit m. kir. honv\u00e9d\u0151rnagy Pusk\u00e1s \u00c1lmosn\u00e9; S. Gabriella keresked\u0151 Nagy B\u00e9l\u00e1n\u00e9. Irod.: Gy\u00e1szjelent\u0151.<\/p>\n","protected":false},"featured_media":0,"comment_status":"open","ping_status":"closed","template":"","meta":[],"product_brand":[],"product_cat":[137],"product_tag":[],"class_list":{"0":"post-20182","1":"product","2":"type-product","3":"status-publish","5":"product_cat-maros-megyei-eletrajzi-lexikon","7":"first","8":"instock","9":"shipping-taxable","10":"product-type-simple"},"_links":{"self":[{"href":"https:\/\/uj.adatbank.ro\/lexikon\/wp-json\/wp\/v2\/product\/20182","targetHints":{"allow":["GET"]}}],"collection":[{"href":"https:\/\/uj.adatbank.ro\/lexikon\/wp-json\/wp\/v2\/product"}],"about":[{"href":"https:\/\/uj.adatbank.ro\/lexikon\/wp-json\/wp\/v2\/types\/product"}],"replies":[{"embeddable":true,"href":"https:\/\/uj.adatbank.ro\/lexikon\/wp-json\/wp\/v2\/comments?post=20182"}],"wp:attachment":[{"href":"https:\/\/uj.adatbank.ro\/lexikon\/wp-json\/wp\/v2\/media?parent=20182"}],"wp:term":[{"taxonomy":"product_brand","embeddable":true,"href":"https:\/\/uj.adatbank.ro\/lexikon\/wp-json\/wp\/v2\/product_brand?post=20182"},{"taxonomy":"product_cat","embeddable":true,"href":"https:\/\/uj.adatbank.ro\/lexikon\/wp-json\/wp\/v2\/product_cat?post=20182"},{"taxonomy":"product_tag","embeddable":true,"href":"https:\/\/uj.adatbank.ro\/lexikon\/wp-json\/wp\/v2\/product_tag?post=20182"}],"curies":[{"name":"wp","href":"https:\/\/api.w.org\/{rel}","templated":true}]}}