{"id":20183,"date":"2025-07-22T18:39:30","date_gmt":"2025-07-22T16:39:30","guid":{"rendered":"https:\/\/uj.adatbank.ro\/lexikon\/termek\/seidel-ferenc\/"},"modified":"2025-07-22T18:39:30","modified_gmt":"2025-07-22T16:39:30","slug":"seidel-ferenc","status":"publish","type":"product","link":"https:\/\/uj.adatbank.ro\/lexikon\/termek\/seidel-ferenc\/","title":{"rendered":"SEIDEL Ferenc"},"content":{"rendered":"<p>?\u00a0\u2020?: orgona\u00e9p\u00edt\u0151 mester \u2013 A kv.-i volt minorita templomot \u00e1tadt\u00e1k a g\u00f6r\u00f6g kat.-nak (1926). Az orgon\u00e1j\u00e1t a mester sz\u00e9pen fel\u00faj\u00edtotta. A mv.-i minorita templomban sz\u00f3laltatta meg Winkler Albert, 9 \u00e9ves nagyenyedi m\u0171v\u00e9sz (1939. dec. 17). <br \/><strong>Irod.:<\/strong> Maros megyei t\u00f6rt.<\/br><\/p>\n","protected":false},"excerpt":{"rendered":"<p>?\u00a0\u2020?: orgona\u00e9p\u00edt\u0151 mester \u2013 A kv.-i volt minorita templomot \u00e1tadt\u00e1k a g\u00f6r\u00f6g kat.-nak (1926). Az orgon\u00e1j\u00e1t a mester sz\u00e9pen fel\u00faj\u00edtotta. A mv.-i minorita templomban sz\u00f3laltatta meg Winkler Albert, 9 \u00e9ves nagyenyedi m\u0171v\u00e9sz (1939. dec. 17). Irod.: Maros megyei t\u00f6rt.<\/p>\n","protected":false},"featured_media":0,"comment_status":"open","ping_status":"closed","template":"","meta":[],"product_brand":[],"product_cat":[137],"product_tag":[],"class_list":{"0":"post-20183","1":"product","2":"type-product","3":"status-publish","5":"product_cat-maros-megyei-eletrajzi-lexikon","7":"first","8":"instock","9":"shipping-taxable","10":"product-type-simple"},"_links":{"self":[{"href":"https:\/\/uj.adatbank.ro\/lexikon\/wp-json\/wp\/v2\/product\/20183","targetHints":{"allow":["GET"]}}],"collection":[{"href":"https:\/\/uj.adatbank.ro\/lexikon\/wp-json\/wp\/v2\/product"}],"about":[{"href":"https:\/\/uj.adatbank.ro\/lexikon\/wp-json\/wp\/v2\/types\/product"}],"replies":[{"embeddable":true,"href":"https:\/\/uj.adatbank.ro\/lexikon\/wp-json\/wp\/v2\/comments?post=20183"}],"wp:attachment":[{"href":"https:\/\/uj.adatbank.ro\/lexikon\/wp-json\/wp\/v2\/media?parent=20183"}],"wp:term":[{"taxonomy":"product_brand","embeddable":true,"href":"https:\/\/uj.adatbank.ro\/lexikon\/wp-json\/wp\/v2\/product_brand?post=20183"},{"taxonomy":"product_cat","embeddable":true,"href":"https:\/\/uj.adatbank.ro\/lexikon\/wp-json\/wp\/v2\/product_cat?post=20183"},{"taxonomy":"product_tag","embeddable":true,"href":"https:\/\/uj.adatbank.ro\/lexikon\/wp-json\/wp\/v2\/product_tag?post=20183"}],"curies":[{"name":"wp","href":"https:\/\/api.w.org\/{rel}","templated":true}]}}