{"id":2020,"date":"2025-06-28T12:01:15","date_gmt":"2025-06-28T10:01:15","guid":{"rendered":"https:\/\/uj.adatbank.ro\/lexikon\/termek\/balint-janos\/"},"modified":"2025-06-28T12:01:15","modified_gmt":"2025-06-28T10:01:15","slug":"balint-janos","status":"publish","type":"product","link":"https:\/\/uj.adatbank.ro\/lexikon\/termek\/balint-janos\/","title":{"rendered":"B\u00c1LINT J\u00e1nos"},"content":{"rendered":"<p>? \u2020 ?: szoci\u00e1ldemokrata munk\u00e1svez\u00e9r. \u2013 A Mv.-i Munk\u00e1sk\u00e9pz\u0151 Egylet jegyz\u0151je. Klastrom utcai h\u00e1z\u00e1nak egy szob\u00e1j\u00e1ban volt a szoc. dem, sz\u00e9khely\u00fck, de a rend\u0151rs\u00e9g betiltotta. Az els\u0151 m\u00e1jus elsejei t\u00fcntet\u00e9sen, amit a szocialdemokrat\u00e1k szerveztek Mv.-en, kivonultak a v\u00e1rosi nagyerd\u0151be, majd a meggyesfalvi Sz\u00e1nt\u00f3 vend\u00e9gl\u0151ben besz\u00e9dben m\u00e9ltatta az \u00fcnnep jelent\u0151s\u00e9g\u00e9t (1899). <br \/><strong>Irod.:<\/strong> Id\u0151t\u00e1r 2<\/br><\/p>\n","protected":false},"excerpt":{"rendered":"<p>? \u2020 ?: szoci\u00e1ldemokrata munk\u00e1svez\u00e9r. \u2013 A Mv.-i Munk\u00e1sk\u00e9pz\u0151 Egylet jegyz\u0151je. Klastrom utcai h\u00e1z\u00e1nak egy szob\u00e1j\u00e1ban volt a szoc. dem, sz\u00e9khely\u00fck, de a rend\u0151rs\u00e9g betiltotta. Az els\u0151 m\u00e1jus elsejei t\u00fcntet\u00e9sen, amit a szocialdemokrat\u00e1k szerveztek Mv.-en, kivonultak a v\u00e1rosi nagyerd\u0151be, majd a meggyesfalvi Sz\u00e1nt\u00f3 vend\u00e9gl\u0151ben besz\u00e9dben m\u00e9ltatta az \u00fcnnep jelent\u0151s\u00e9g\u00e9t (1899). Irod.: Id\u0151t\u00e1r 2<\/p>\n","protected":false},"featured_media":0,"comment_status":"open","ping_status":"closed","template":"","meta":[],"product_brand":[],"product_cat":[137],"product_tag":[],"class_list":{"0":"post-2020","1":"product","2":"type-product","3":"status-publish","5":"product_cat-maros-megyei-eletrajzi-lexikon","7":"first","8":"instock","9":"shipping-taxable","10":"product-type-simple"},"_links":{"self":[{"href":"https:\/\/uj.adatbank.ro\/lexikon\/wp-json\/wp\/v2\/product\/2020","targetHints":{"allow":["GET"]}}],"collection":[{"href":"https:\/\/uj.adatbank.ro\/lexikon\/wp-json\/wp\/v2\/product"}],"about":[{"href":"https:\/\/uj.adatbank.ro\/lexikon\/wp-json\/wp\/v2\/types\/product"}],"replies":[{"embeddable":true,"href":"https:\/\/uj.adatbank.ro\/lexikon\/wp-json\/wp\/v2\/comments?post=2020"}],"wp:attachment":[{"href":"https:\/\/uj.adatbank.ro\/lexikon\/wp-json\/wp\/v2\/media?parent=2020"}],"wp:term":[{"taxonomy":"product_brand","embeddable":true,"href":"https:\/\/uj.adatbank.ro\/lexikon\/wp-json\/wp\/v2\/product_brand?post=2020"},{"taxonomy":"product_cat","embeddable":true,"href":"https:\/\/uj.adatbank.ro\/lexikon\/wp-json\/wp\/v2\/product_cat?post=2020"},{"taxonomy":"product_tag","embeddable":true,"href":"https:\/\/uj.adatbank.ro\/lexikon\/wp-json\/wp\/v2\/product_tag?post=2020"}],"curies":[{"name":"wp","href":"https:\/\/api.w.org\/{rel}","templated":true}]}}