{"id":2022,"date":"2025-06-28T12:01:19","date_gmt":"2025-06-28T10:01:19","guid":{"rendered":"https:\/\/uj.adatbank.ro\/lexikon\/termek\/balint-jeno\/"},"modified":"2025-06-28T12:01:19","modified_gmt":"2025-06-28T10:01:19","slug":"balint-jeno","status":"publish","type":"product","link":"https:\/\/uj.adatbank.ro\/lexikon\/termek\/balint-jeno\/","title":{"rendered":"B\u00c1LINT Jen\u0151"},"content":{"rendered":"<p>1926. nov. 9., \u2020\u00a0Sepsiszentgy\u00f6rgy, 2001. dec. 23. Sz\u00e9kelyudvarhelyen nyugszik: seb\u00e9sz-urol\u00f3gus f\u0151orvos. \u2013 Egyetemi tanulm\u00e1nyokat Mv.-en folytatott, az egyetem t\u0151rv\u00edv\u00f3 csapat\u00e1ban versenyzett. Gyakornok \u00e9s tan\u00e1rseg\u00e9d a mv.-i OGYI-n (1952\u201357), urol\u00f3giai seb\u00e9sz (1957\u201368); f\u0151orvos Sepsiszentgy\u00f6rgy\u00f6n nyugd\u00edba vonul\u00e1s\u00e1ig (1968\u201389). Fafarag\u00e1ssal is foglalkozott, t\u00f6bb egy\u00e9ni ki\u00e1ll\u00edt\u00e1son mutatta be munk\u00e1it (Mv., Sz\u00e9kelyudvarhely, Cs\u00edkszereda, Sepsiszentgy\u00f6rgy). \u2013 <strong>F. m.:<\/strong> <strong>t\u00e1rssz.:<\/strong> Seb\u00e9szeti m\u0171t\u00e9ttan (1958). <br \/><strong>Irod.:<\/strong> EMKK; Nekrol\u00f3g (N\u00fa., 2001., dec. 24), Barab\u00e1s-P\u00e9ter M.-P\u00e9ter H. M.; RMKK; Todea\u2013F\u00fcl\u00f6p\u2013Avram<\/br><\/p>\n","protected":false},"excerpt":{"rendered":"<p>1926. nov. 9., \u2020\u00a0Sepsiszentgy\u00f6rgy, 2001. dec. 23. Sz\u00e9kelyudvarhelyen nyugszik: seb\u00e9sz-urol\u00f3gus f\u0151orvos. \u2013 Egyetemi tanulm\u00e1nyokat Mv.-en folytatott, az egyetem t\u0151rv\u00edv\u00f3 csapat\u00e1ban versenyzett. Gyakornok \u00e9s tan\u00e1rseg\u00e9d a mv.-i OGYI-n (1952\u201357), urol\u00f3giai seb\u00e9sz (1957\u201368); f\u0151orvos Sepsiszentgy\u00f6rgy\u00f6n nyugd\u00edba vonul\u00e1s\u00e1ig (1968\u201389). Fafarag\u00e1ssal is foglalkozott, t\u00f6bb egy\u00e9ni ki\u00e1ll\u00edt\u00e1son mutatta be munk\u00e1it (Mv., Sz\u00e9kelyudvarhely, Cs\u00edkszereda, Sepsiszentgy\u00f6rgy). \u2013 F. m.: t\u00e1rssz.: Seb\u00e9szeti m\u0171t\u00e9ttan [&hellip;]<\/p>\n","protected":false},"featured_media":0,"comment_status":"open","ping_status":"closed","template":"","meta":[],"product_brand":[],"product_cat":[137],"product_tag":[],"class_list":{"0":"post-2022","1":"product","2":"type-product","3":"status-publish","5":"product_cat-maros-megyei-eletrajzi-lexikon","7":"first","8":"instock","9":"shipping-taxable","10":"product-type-simple"},"_links":{"self":[{"href":"https:\/\/uj.adatbank.ro\/lexikon\/wp-json\/wp\/v2\/product\/2022","targetHints":{"allow":["GET"]}}],"collection":[{"href":"https:\/\/uj.adatbank.ro\/lexikon\/wp-json\/wp\/v2\/product"}],"about":[{"href":"https:\/\/uj.adatbank.ro\/lexikon\/wp-json\/wp\/v2\/types\/product"}],"replies":[{"embeddable":true,"href":"https:\/\/uj.adatbank.ro\/lexikon\/wp-json\/wp\/v2\/comments?post=2022"}],"wp:attachment":[{"href":"https:\/\/uj.adatbank.ro\/lexikon\/wp-json\/wp\/v2\/media?parent=2022"}],"wp:term":[{"taxonomy":"product_brand","embeddable":true,"href":"https:\/\/uj.adatbank.ro\/lexikon\/wp-json\/wp\/v2\/product_brand?post=2022"},{"taxonomy":"product_cat","embeddable":true,"href":"https:\/\/uj.adatbank.ro\/lexikon\/wp-json\/wp\/v2\/product_cat?post=2022"},{"taxonomy":"product_tag","embeddable":true,"href":"https:\/\/uj.adatbank.ro\/lexikon\/wp-json\/wp\/v2\/product_tag?post=2022"}],"curies":[{"name":"wp","href":"https:\/\/api.w.org\/{rel}","templated":true}]}}

BÁLINT Jenő

<p>1926. nov. 9., † Sepsiszentgyörgy, 2001. dec. 23. Székelyudvarhelyen nyugszik: sebész-urológus főorvos. – Egyetemi tanulmányokat Mv.-en folytatott, az egyetem tőrvívó csapatában versenyzett. Gyakornok és tanársegéd a mv.-i OGYI-n (1952–57), urológiai sebész (1957–68); főorvos Sepsiszentgyörgyön nyugdíba vonulásáig (1968–89). Fafaragással is foglalkozott, több egyéni kiállításon mutatta be munkáit (Mv., Székelyudvarhely, Csíkszereda, Sepsiszentgyörgy). – <strong>F. m.:</strong> <strong>társsz.:</strong> Sebészeti műtéttan (1958). <br /><strong>Irod.:</strong> EMKK; Nekrológ (Nú., 2001., dec. 24), Barabás-Péter M.-Péter H. M.; RMKK; Todea–Fülöp–Avram</br></p>

<p>1926. nov. 9., † Sepsiszentgyörgy, 2001. dec. 23. Székelyudvarhelyen nyugszik: sebész-urológus főorvos. – Egyetemi tanulmányokat Mv.-en folytatott, az egyetem tőrvívó csapatában versenyzett. Gyakornok és tanársegéd a mv.-i OGYI-n (1952–57), urológiai sebész (1957–68); főorvos Sepsiszentgyörgyön nyugdíba vonulásáig (1968–89). Fafaragással is foglalkozott, több egyéni kiállításon mutatta be munkáit (Mv., Székelyudvarhely, Csíkszereda, Sepsiszentgyörgy). – F. m.: társsz.: Sebészeti műtéttan [&hellip;]</p>
