{"id":20229,"date":"2025-07-22T18:41:10","date_gmt":"2025-07-22T16:41:10","guid":{"rendered":"https:\/\/uj.adatbank.ro\/lexikon\/termek\/seraphin-georg-wilhelm\/"},"modified":"2025-07-22T18:41:10","modified_gmt":"2025-07-22T16:41:10","slug":"seraphin-georg-wilhelm","status":"publish","type":"product","link":"https:\/\/uj.adatbank.ro\/lexikon\/termek\/seraphin-georg-wilhelm\/","title":{"rendered":"SERAPHIN, Georg Wilhelm"},"content":{"rendered":"<p>Brass\u00f3, 1891. j\u00fal. 16. \u2020\u00a0Rozsny\u00f3n, 1954. j\u00fal. 22.: ev. lelk\u00e9sz, tan\u00e1r. \u2013 Apja gimn\u00e1ziumi tan\u00e1r. Tanult Brass\u00f3ban, a Marburgi Egy. Hittud. \u00e9s B\u00f6lcs. Kar\u00e1n (1910\u201311), a Berlini Egy. B\u00f6lcs. Kar\u00e1n (1912\u201313), Kv.-on. Az egyetem elv\u00e9gz\u00e9se ut\u00e1n tan\u00e1r Brass\u00f3ban, majd Sz\u00e1szk\u00e9zden szolg\u00e1lt mint lelk\u00e9sz (1925\u201333), majd Rozsny\u00f3n pap. T\u00e1rsalap\u00edt\u00f3ja \u00e9s d\u00e9k\u00e1nja lett a Rom\u00e1niai Prot. Egyh\u00e1zak Teol\u00f3giai Int\u00e9zet\u00e9nek. <br \/><strong>Irod.:<\/strong> Saschiz; Szab\u00f3\u2013Simon\u2013Sz\u00f6gi.<\/br><\/p>\n","protected":false},"excerpt":{"rendered":"<p>Brass\u00f3, 1891. j\u00fal. 16. \u2020\u00a0Rozsny\u00f3n, 1954. j\u00fal. 22.: ev. lelk\u00e9sz, tan\u00e1r. \u2013 Apja gimn\u00e1ziumi tan\u00e1r. Tanult Brass\u00f3ban, a Marburgi Egy. Hittud. \u00e9s B\u00f6lcs. Kar\u00e1n (1910\u201311), a Berlini Egy. B\u00f6lcs. Kar\u00e1n (1912\u201313), Kv.-on. Az egyetem elv\u00e9gz\u00e9se ut\u00e1n tan\u00e1r Brass\u00f3ban, majd Sz\u00e1szk\u00e9zden szolg\u00e1lt mint lelk\u00e9sz (1925\u201333), majd Rozsny\u00f3n pap. T\u00e1rsalap\u00edt\u00f3ja \u00e9s d\u00e9k\u00e1nja lett a Rom\u00e1niai Prot. Egyh\u00e1zak [&hellip;]<\/p>\n","protected":false},"featured_media":0,"comment_status":"open","ping_status":"closed","template":"","meta":[],"product_brand":[],"product_cat":[137],"product_tag":[],"class_list":{"0":"post-20229","1":"product","2":"type-product","3":"status-publish","5":"product_cat-maros-megyei-eletrajzi-lexikon","7":"first","8":"instock","9":"shipping-taxable","10":"product-type-simple"},"_links":{"self":[{"href":"https:\/\/uj.adatbank.ro\/lexikon\/wp-json\/wp\/v2\/product\/20229","targetHints":{"allow":["GET"]}}],"collection":[{"href":"https:\/\/uj.adatbank.ro\/lexikon\/wp-json\/wp\/v2\/product"}],"about":[{"href":"https:\/\/uj.adatbank.ro\/lexikon\/wp-json\/wp\/v2\/types\/product"}],"replies":[{"embeddable":true,"href":"https:\/\/uj.adatbank.ro\/lexikon\/wp-json\/wp\/v2\/comments?post=20229"}],"wp:attachment":[{"href":"https:\/\/uj.adatbank.ro\/lexikon\/wp-json\/wp\/v2\/media?parent=20229"}],"wp:term":[{"taxonomy":"product_brand","embeddable":true,"href":"https:\/\/uj.adatbank.ro\/lexikon\/wp-json\/wp\/v2\/product_brand?post=20229"},{"taxonomy":"product_cat","embeddable":true,"href":"https:\/\/uj.adatbank.ro\/lexikon\/wp-json\/wp\/v2\/product_cat?post=20229"},{"taxonomy":"product_tag","embeddable":true,"href":"https:\/\/uj.adatbank.ro\/lexikon\/wp-json\/wp\/v2\/product_tag?post=20229"}],"curies":[{"name":"wp","href":"https:\/\/api.w.org\/{rel}","templated":true}]}}