{"id":20234,"date":"2025-07-22T18:41:24","date_gmt":"2025-07-22T16:41:24","guid":{"rendered":"https:\/\/uj.adatbank.ro\/lexikon\/termek\/seres-ferenc\/"},"modified":"2025-07-22T18:41:24","modified_gmt":"2025-07-22T16:41:24","slug":"seres-ferenc","status":"publish","type":"product","link":"https:\/\/uj.adatbank.ro\/lexikon\/termek\/seres-ferenc\/","title":{"rendered":"SERES Ferenc"},"content":{"rendered":"<p>Mv., 1899.,\u00a0\u2020?: gazd\u00e1lkod\u00f3. Tanulm\u00e1nyai elv\u00e9gz\u00e9se ut\u00e1n gazd\u00e1lkodni tanult, majd \u00f6n\u00e1ll\u00f3 lett Mv.-en. Az els\u0151 vh.-ban a 116. t\u00e1bori t\u00fcz\u00e9rezredben az olasz fronton harcolt. Tekint\u00e9lyes polg\u00e1ra a v\u00e1rosnak, az Els\u0151 Sz\u00e1nt\u00f3 T\u00e1rsulat, a H\u00e1ztulajdonosok Egyes\u00fclet\u00e9nek, a Gazdak\u00f6rnek \u00e9s a Magyar N\u00e9pk\u00f6z\u00f6ss\u00e9gnek tagja volt. Mint nemzet\u0151r v\u00e9gzett szolg\u00e1latot a magyar hadseregben (1940\u2013). <br \/><strong>Irod.:<\/strong> Sz\u00e9kelyf\u00f6ld \u00ed. k.<\/br><\/p>\n","protected":false},"excerpt":{"rendered":"<p>Mv., 1899.,\u00a0\u2020?: gazd\u00e1lkod\u00f3. Tanulm\u00e1nyai elv\u00e9gz\u00e9se ut\u00e1n gazd\u00e1lkodni tanult, majd \u00f6n\u00e1ll\u00f3 lett Mv.-en. Az els\u0151 vh.-ban a 116. t\u00e1bori t\u00fcz\u00e9rezredben az olasz fronton harcolt. Tekint\u00e9lyes polg\u00e1ra a v\u00e1rosnak, az Els\u0151 Sz\u00e1nt\u00f3 T\u00e1rsulat, a H\u00e1ztulajdonosok Egyes\u00fclet\u00e9nek, a Gazdak\u00f6rnek \u00e9s a Magyar N\u00e9pk\u00f6z\u00f6ss\u00e9gnek tagja volt. Mint nemzet\u0151r v\u00e9gzett szolg\u00e1latot a magyar hadseregben (1940\u2013). Irod.: Sz\u00e9kelyf\u00f6ld \u00ed. k.<\/p>\n","protected":false},"featured_media":0,"comment_status":"open","ping_status":"closed","template":"","meta":[],"product_brand":[],"product_cat":[137],"product_tag":[],"class_list":{"0":"post-20234","1":"product","2":"type-product","3":"status-publish","5":"product_cat-maros-megyei-eletrajzi-lexikon","7":"first","8":"instock","9":"shipping-taxable","10":"product-type-simple"},"_links":{"self":[{"href":"https:\/\/uj.adatbank.ro\/lexikon\/wp-json\/wp\/v2\/product\/20234","targetHints":{"allow":["GET"]}}],"collection":[{"href":"https:\/\/uj.adatbank.ro\/lexikon\/wp-json\/wp\/v2\/product"}],"about":[{"href":"https:\/\/uj.adatbank.ro\/lexikon\/wp-json\/wp\/v2\/types\/product"}],"replies":[{"embeddable":true,"href":"https:\/\/uj.adatbank.ro\/lexikon\/wp-json\/wp\/v2\/comments?post=20234"}],"wp:attachment":[{"href":"https:\/\/uj.adatbank.ro\/lexikon\/wp-json\/wp\/v2\/media?parent=20234"}],"wp:term":[{"taxonomy":"product_brand","embeddable":true,"href":"https:\/\/uj.adatbank.ro\/lexikon\/wp-json\/wp\/v2\/product_brand?post=20234"},{"taxonomy":"product_cat","embeddable":true,"href":"https:\/\/uj.adatbank.ro\/lexikon\/wp-json\/wp\/v2\/product_cat?post=20234"},{"taxonomy":"product_tag","embeddable":true,"href":"https:\/\/uj.adatbank.ro\/lexikon\/wp-json\/wp\/v2\/product_tag?post=20234"}],"curies":[{"name":"wp","href":"https:\/\/api.w.org\/{rel}","templated":true}]}}