{"id":20235,"date":"2025-07-22T18:41:26","date_gmt":"2025-07-22T16:41:26","guid":{"rendered":"https:\/\/uj.adatbank.ro\/lexikon\/termek\/seres-sturm-lajos\/"},"modified":"2025-07-22T18:41:26","modified_gmt":"2025-07-22T16:41:26","slug":"seres-sturm-lajos","status":"publish","type":"product","link":"https:\/\/uj.adatbank.ro\/lexikon\/termek\/seres-sturm-lajos\/","title":{"rendered":"SERES-STURM Lajos"},"content":{"rendered":"<p>Brad, 1931. aug. 21.\u2020\u00a02013. dec. 14.: orvos, egyetemi tan\u00e1r. \u2013 Feles\u00e9ge: T\u00f3ducz Magda. (1938\u2013), orvos egyetemi tan\u00e1r \u2013 Nagyenyeden a Bethlen G\u00e1bor Koll.-ban \u00e9retts\u00e9gizett (1950). A MOGYI orvosi kar\u00e1n v\u00e9gzett (1956), a Prof.\u00a0dr.\u00a0Szentp\u00e9tery Zsigmond \u00e9s Prof.\u00a0dr.\u00a0Maros Tibor akad\u00e9mikus tan\u00edtv\u00e1nya \u00e9s m\u00e9lt\u00f3 ut\u00f3dja az anat\u00f3miai katedr\u00e1n. A br\u00e1di tbc-szanat\u00f3rium t\u00fcd\u0151seb\u00e9szeti oszt\u00e1ly\u00e1n dolgozott (1968). Mv.-en szakorvos az Ortop\u00e9dia Klinik\u00e1n (1963\u2013). Kinevezt\u00e9k tan\u00e1rseg\u00e9dnek a mv.-i OGYI anat\u00f3mia \u00e9s fejl\u0151d\u00e9stani tansz\u00e9k\u00e9re, adjunktus (1965\u20131972). Elnyerte az orvostudom\u00e1nyok doktora c\u00edmet (1967), el\u0151ad\u00f3tan\u00e1r (1972\u20131990), professzor \u2013 tansz\u00e9kvezet\u0151 (1989\u20132001), doktor\u00e1tusvezet\u0151 (1990\u20132001), prorektor (1995\u20132000), nyugd\u00edjask\u00e9nt (1972\u2013) konzult\u00e1ns professzor (2007-ig). Szakorvos az Ortop\u00e9dia klinik\u00e1n \u00e9s f\u0151orvos (1973\u20132006). Nagyszebenben megszervezte az Orvosi Egyetem Anat\u00f3miai \u00e9s Fejl\u0151d\u00e9stani Tansz\u00e9k\u00e9t \u00e9s itt egyetemi tan\u00e1r (1998-ig). Vend\u00e9gtan\u00e1r Costa Ric\u00e1ban (1996) \u00e9s Braz\u00edli\u00e1ban (1998-ban). F\u0151bb kutat\u00e1si ter\u00fcletei: m\u00e1jhypoxia \u00e9s -regener\u00e1ci\u00f3, osteoporosis. Egyed\u00fcl vagy t\u00e1rsszerz\u0151kkel t\u00f6bb mint n\u00e9gysz\u00e1z a szakk\u00f6zlem\u00e9nyeinek sz\u00e1ma, hazai \u00e9s k\u00fclf\u00f6ldi szaklapok k\u00f6z\u00f6lt\u00e9k: Orvosi Szemle, Morfologia, Chirurgia,Revista Rom.Citol.Embriol., Epatologia, K\u00eds\u00e9rletes Orvostudom\u00e1ny, Naturwissenschaften, Acta Anat., Anzeig,Quarter, Anat.Pract. Sz\u00e1mos hazai \u00e9s nemzetk\u00f6zi kongresszuson vett r\u00e9szt, ezek: Franciaorsz\u00e1g, N\u00e9metorsz\u00e1g, Csehszlov\u00e1kia, Belgium, Sv\u00e1jc, Portug\u00e1lia, Amerikai Egyes\u00fclt \u00c1llamok, Kanada, Mexik\u00f3, Braz\u00edlia, K\u00edna, D\u00e9l-Afrika. Az EME tagja, v\u00e1lasztm\u00e1nyi tag (1995\u2013, 1997-ben el\u0151ad\u00f3). A Rom\u00e1niai Anat\u00f3musok T\u00e1rsas\u00e1g\u00e1nak alap\u00edt\u00f3 tagja \u00e9s aleln\u00f6ke, az MTA k\u00fcls\u0151 k\u00f6ztest\u00fclet\u00e9nek tagja (2000), a Nemzetk\u00f6zi Anat\u00f3miai T\u00e1rsas\u00e1gok Feder\u00e1ci\u00f3j\u00e1nak szervez\u0151bizotts\u00e1gi tagja (1979\u20131996), a Nagyszebeni egyetem d\u00edszdoktora (1999). Kit\u00fcnt\u00e9sei: A Rom\u00e1n Akad\u00e9mia Marinescu-d\u00edja, 1974. <strong>F. m.<\/strong>: Regenerarea ficatului (<strong>t\u00e1rsszerz\u0151:<\/strong> Maros Tibor). Buk., 1969, a rom\u00e1n Akad\u00e9mia Marinescu-d\u00edj\u00e1val kit\u00fcntetett m\u0171; Anatomie \u0219i fiziologie farmaceutic\u0103 (Seres\/Sturm Magda (t\u00e1rsszerz\u0151). Mv., 1990. Neuroanatomie. Buk., 1993, Neuroanatomie. Buk., 1995, <strong>t\u00e1rsszerz\u0151:<\/strong> Seres\/Sturm Magda, P\u00e1vai Zolt\u00e1n, D\u00e9nes Lor\u00e1nd, Buk., 2006; Anatomie cervico-oro-facial\u0103. Virgil Nicolescu, Matus P\u00e9ter. \u2013 Temesv\u00e1r, 1995; Osteo-artro-miologie. \u2013 Temesv\u00e1r, 1995; Angiologie \u0219i neurologie. \u2013 Temesv\u00e1r, 1995; Vidic, M. Anatomia omului. Atlas fotografic. Traducere, terminologie \/. B.Solomon. \u2013 Buc., 2001; A t\u00f6rzs anat\u00f3mi\u00e1ja. P\u00e1vai Zolt\u00e1n, Seres\/Sturm Magda \u2013 Buk., 2004; A fej \u00e9s a nyak anat\u00f3mi\u00e1ja. Remus \u0218ipo\u0219, D\u00e9nes Lor\u00e1nd. \u2013 Buk., 2005.; A v\u00e9gtagok anat\u00f3mi\u00e1ja. P\u00e1vai Zolt\u00e1n, Seres\/Sturm Magda, D\u00e9nes Lor\u00e1nd. \u2013 Buk., 2005; \u00c1ltal\u00e1nos embriol\u00f3gia. Seres\/Sturm Magda, Gogol\u00e1k H. Edit. \u2013 Buk., 2005; R\u00e9szletes embriol\u00f3gia. Orgnogen\u00e9zis. Gogol\u00e1k H. Edit., P\u00e1vai Zolt\u00e1n. \u20133. jav.kiad. \u2013 Buk., 2006; Neuroanat\u00f3mia. Seres\/Sturm Magda, P\u00e1vai Zolt\u00e1n, D\u00e9nes Lor\u00e1nd. \u2013 Buk., 2006; Egyetemi tak\u00f6nyvei: \u00c1ltal\u00e1nos \u00e9s r\u00e9szletes embriol\u00f3gia. 1\u20132. k\u00f6t. \u2013 Mv., 1995\u20132007; A v\u00e9gtagok anat\u00f3mi\u00e1ja. \u2013 Mv., 1995\u20132007; A t\u00f6rzs anat\u00f3mi\u00e1ja. \u2013 Mv., 1996\u20132007; Neuroanat\u00f3mia. \u2013 Mv., 1997\u20132007; A fej \u00e9s a nyak anat\u00f3mi\u00e1ja. Mv., 2000\u20132007; \u00c1ltal\u00e1nos \u00e9s r\u00e9szletes embriol\u00f3gia. 1\u20132. k\u00f6t. \u2013 Mv., 1995\u20132007; Sistematizare \u015fi sinops\u0103. Sinteze anatomo-func\u0163ionale. Rela\u0163ii aplicative. \u2013 Tg. M., 1980, Timi\u015foara, 1997, 1999; Anatomie stomatologic\u0103 \u2013 Timi\u015foara, 1997; Anatomia omului, 3. vol. \u2013 Sibiu, 1997\u20132000, Embriologie general\u0103 \u2013 Sibiu, 1999. <strong>t\u00e1rssz.:<\/strong> Seb\u00e9szeti m\u0171t\u00e9ttan (Mv., 1958); Anatomia descriptiv\u0103 \u015fi topografia omului (cu elemente de embriologie \u015fi aplica\u0163ii clinice). Vol. 3: Coloana vertabral\u0103, g\u00e2tul, toracele, spatele (Maros T.-vel \u00e9s L\u00e1z\u00e1r L.-val, Tg. M., 1970); Anatomia descriptiv\u0103 \u015fi topografic\u0103 a omului. Cu elemente de embriologie \u015fi aplica\u0163ii chimice. Volumul 2. Ed. a 2-a. (Maros Tiborral \u00e9s L\u00e1z\u00e1r L\u00e1szl\u00f3val, Tg.-M, 1978,); Az emberi test le\u00edr\u00f3- \u00e9s t\u00e1janat\u00f3mi\u00e1ja. A fej. 2 k\u00f6t. K\u00e9zirat (Maros Tiborral \u00e9s L\u00e1z\u00e1r L\u00e1szl\u00f3val; Mv., 1978), Az emberi test le\u00edr\u00f3 \u00e9s t\u00e1janat\u00f3mi\u00e1ja. Embriol\u00f3gia adatokkal \u00e9s gyakorlati vonatkoz\u00e1sokkal. \u2013 Anatomie descriptiv\u0103 \u015fi topografic\u0103 a omului. Egyetemi jegyzet. 3. k\u00f6t., (Maros Tiborral \u00e9s L\u00e1z\u00e1r L\u00e1szl\u00f3val, Mv., 1979). <br \/><strong>Irod.:<\/strong> F\u00fcl\u00f6p; Kiss-P.\u2013 P.; Magy. prof.; R\u00e9thy\u2013\u00dajv\u00e1ri\u2013V\u00e1czi; Todea\u2013F\u00fcl\u00f6p\u2013Avram.<\/br><\/p>\n","protected":false},"excerpt":{"rendered":"<p>Brad, 1931. aug. 21.\u2020\u00a02013. dec. 14.: orvos, egyetemi tan\u00e1r. \u2013 Feles\u00e9ge: T\u00f3ducz Magda. (1938\u2013), orvos egyetemi tan\u00e1r \u2013 Nagyenyeden a Bethlen G\u00e1bor Koll.-ban \u00e9retts\u00e9gizett (1950). A MOGYI orvosi kar\u00e1n v\u00e9gzett (1956), a Prof.\u00a0dr.\u00a0Szentp\u00e9tery Zsigmond \u00e9s Prof.\u00a0dr.\u00a0Maros Tibor akad\u00e9mikus tan\u00edtv\u00e1nya \u00e9s m\u00e9lt\u00f3 ut\u00f3dja az anat\u00f3miai katedr\u00e1n. A br\u00e1di tbc-szanat\u00f3rium t\u00fcd\u0151seb\u00e9szeti oszt\u00e1ly\u00e1n dolgozott (1968). Mv.-en szakorvos az [&hellip;]<\/p>\n","protected":false},"featured_media":0,"comment_status":"open","ping_status":"closed","template":"","meta":[],"product_brand":[],"product_cat":[137],"product_tag":[],"class_list":{"0":"post-20235","1":"product","2":"type-product","3":"status-publish","5":"product_cat-maros-megyei-eletrajzi-lexikon","7":"first","8":"instock","9":"shipping-taxable","10":"product-type-simple"},"_links":{"self":[{"href":"https:\/\/uj.adatbank.ro\/lexikon\/wp-json\/wp\/v2\/product\/20235","targetHints":{"allow":["GET"]}}],"collection":[{"href":"https:\/\/uj.adatbank.ro\/lexikon\/wp-json\/wp\/v2\/product"}],"about":[{"href":"https:\/\/uj.adatbank.ro\/lexikon\/wp-json\/wp\/v2\/types\/product"}],"replies":[{"embeddable":true,"href":"https:\/\/uj.adatbank.ro\/lexikon\/wp-json\/wp\/v2\/comments?post=20235"}],"wp:attachment":[{"href":"https:\/\/uj.adatbank.ro\/lexikon\/wp-json\/wp\/v2\/media?parent=20235"}],"wp:term":[{"taxonomy":"product_brand","embeddable":true,"href":"https:\/\/uj.adatbank.ro\/lexikon\/wp-json\/wp\/v2\/product_brand?post=20235"},{"taxonomy":"product_cat","embeddable":true,"href":"https:\/\/uj.adatbank.ro\/lexikon\/wp-json\/wp\/v2\/product_cat?post=20235"},{"taxonomy":"product_tag","embeddable":true,"href":"https:\/\/uj.adatbank.ro\/lexikon\/wp-json\/wp\/v2\/product_tag?post=20235"}],"curies":[{"name":"wp","href":"https:\/\/api.w.org\/{rel}","templated":true}]}}