{"id":20244,"date":"2025-07-22T18:41:46","date_gmt":"2025-07-22T16:41:46","guid":{"rendered":"https:\/\/uj.adatbank.ro\/lexikon\/termek\/siara-ioan\/"},"modified":"2025-07-22T18:41:46","modified_gmt":"2025-07-22T16:41:46","slug":"siara-ioan","status":"publish","type":"product","link":"https:\/\/uj.adatbank.ro\/lexikon\/termek\/siara-ioan\/","title":{"rendered":"SIARA, Ioan"},"content":{"rendered":"<p>? \u2020?: pap. \u2013 A Rom\u00e1n Nemzeti Tan\u00e1cs eln\u00f6ke Marosteleken, ahol pap volt. F\u00fcggetlen jel\u00f6lt az 1919 nov.-i v\u00e1laszt\u00e1sokon. <br \/><strong>Irod.:<\/strong> Glasul Mure\u015fului. (1997. okt. 3.).<\/br><\/p>\n","protected":false},"excerpt":{"rendered":"<p>? \u2020?: pap. \u2013 A Rom\u00e1n Nemzeti Tan\u00e1cs eln\u00f6ke Marosteleken, ahol pap volt. F\u00fcggetlen jel\u00f6lt az 1919 nov.-i v\u00e1laszt\u00e1sokon. Irod.: Glasul Mure\u015fului. (1997. okt. 3.).<\/p>\n","protected":false},"featured_media":0,"comment_status":"open","ping_status":"closed","template":"","meta":[],"product_brand":[],"product_cat":[137],"product_tag":[],"class_list":{"0":"post-20244","1":"product","2":"type-product","3":"status-publish","5":"product_cat-maros-megyei-eletrajzi-lexikon","7":"first","8":"instock","9":"shipping-taxable","10":"product-type-simple"},"_links":{"self":[{"href":"https:\/\/uj.adatbank.ro\/lexikon\/wp-json\/wp\/v2\/product\/20244","targetHints":{"allow":["GET"]}}],"collection":[{"href":"https:\/\/uj.adatbank.ro\/lexikon\/wp-json\/wp\/v2\/product"}],"about":[{"href":"https:\/\/uj.adatbank.ro\/lexikon\/wp-json\/wp\/v2\/types\/product"}],"replies":[{"embeddable":true,"href":"https:\/\/uj.adatbank.ro\/lexikon\/wp-json\/wp\/v2\/comments?post=20244"}],"wp:attachment":[{"href":"https:\/\/uj.adatbank.ro\/lexikon\/wp-json\/wp\/v2\/media?parent=20244"}],"wp:term":[{"taxonomy":"product_brand","embeddable":true,"href":"https:\/\/uj.adatbank.ro\/lexikon\/wp-json\/wp\/v2\/product_brand?post=20244"},{"taxonomy":"product_cat","embeddable":true,"href":"https:\/\/uj.adatbank.ro\/lexikon\/wp-json\/wp\/v2\/product_cat?post=20244"},{"taxonomy":"product_tag","embeddable":true,"href":"https:\/\/uj.adatbank.ro\/lexikon\/wp-json\/wp\/v2\/product_tag?post=20244"}],"curies":[{"name":"wp","href":"https:\/\/api.w.org\/{rel}","templated":true}]}}