{"id":20249,"date":"2025-07-22T18:41:56","date_gmt":"2025-07-22T16:41:56","guid":{"rendered":"https:\/\/uj.adatbank.ro\/lexikon\/termek\/siger-matyas-syger-matyas-syche-matyas-sycher-matyas\/"},"modified":"2025-07-22T18:41:56","modified_gmt":"2025-07-22T16:41:56","slug":"siger-matyas-syger-matyas-syche-matyas-sycher-matyas","status":"publish","type":"product","link":"https:\/\/uj.adatbank.ro\/lexikon\/termek\/siger-matyas-syger-matyas-syche-matyas-sycher-matyas\/","title":{"rendered":"SIG\u00c9R M\u00e1ty\u00e1s, Syg\u00e9r M\u00e1ty\u00e1s, Syche M\u00e1ty\u00e1s, Sycher M\u00e1ty\u00e1s"},"content":{"rendered":"<p>? \u2020 Ny\u00e1r\u00e1dszentl\u00e1szl\u00f3, 1586. okt. 24.: f\u00f6ldes\u00far, fejedelmi kincst\u00e1rnok. \u2013 Apja: S. J\u00e1nos. \u2013 A ny\u00e1r\u00e1dszeredai unit. templomtorony alatti boltozatos teremben van a s\u00edrja. Ez r. k. templom volt, de Sig\u00e9r 200 tall\u00e9ron eladta az unit. Ozdi Mikl\u00f3s, S\u00e1rosi J\u00e1nos \u00e9s Ozdi Susann\u00e1nak. <br \/><strong>Irod.:<\/strong> MMMM; Ny\u00e1r\u00e1dszentl\u00e1szl\u00f3; Pesty 2014; Sepsisz\u00e9ki.<\/br><\/p>\n","protected":false},"excerpt":{"rendered":"<p>? \u2020 Ny\u00e1r\u00e1dszentl\u00e1szl\u00f3, 1586. okt. 24.: f\u00f6ldes\u00far, fejedelmi kincst\u00e1rnok. \u2013 Apja: S. J\u00e1nos. \u2013 A ny\u00e1r\u00e1dszeredai unit. templomtorony alatti boltozatos teremben van a s\u00edrja. Ez r. k. templom volt, de Sig\u00e9r 200 tall\u00e9ron eladta az unit. Ozdi Mikl\u00f3s, S\u00e1rosi J\u00e1nos \u00e9s Ozdi Susann\u00e1nak. Irod.: MMMM; Ny\u00e1r\u00e1dszentl\u00e1szl\u00f3; Pesty 2014; Sepsisz\u00e9ki.<\/p>\n","protected":false},"featured_media":0,"comment_status":"open","ping_status":"closed","template":"","meta":[],"product_brand":[],"product_cat":[137],"product_tag":[],"class_list":{"0":"post-20249","1":"product","2":"type-product","3":"status-publish","5":"product_cat-maros-megyei-eletrajzi-lexikon","7":"first","8":"instock","9":"shipping-taxable","10":"product-type-simple"},"_links":{"self":[{"href":"https:\/\/uj.adatbank.ro\/lexikon\/wp-json\/wp\/v2\/product\/20249","targetHints":{"allow":["GET"]}}],"collection":[{"href":"https:\/\/uj.adatbank.ro\/lexikon\/wp-json\/wp\/v2\/product"}],"about":[{"href":"https:\/\/uj.adatbank.ro\/lexikon\/wp-json\/wp\/v2\/types\/product"}],"replies":[{"embeddable":true,"href":"https:\/\/uj.adatbank.ro\/lexikon\/wp-json\/wp\/v2\/comments?post=20249"}],"wp:attachment":[{"href":"https:\/\/uj.adatbank.ro\/lexikon\/wp-json\/wp\/v2\/media?parent=20249"}],"wp:term":[{"taxonomy":"product_brand","embeddable":true,"href":"https:\/\/uj.adatbank.ro\/lexikon\/wp-json\/wp\/v2\/product_brand?post=20249"},{"taxonomy":"product_cat","embeddable":true,"href":"https:\/\/uj.adatbank.ro\/lexikon\/wp-json\/wp\/v2\/product_cat?post=20249"},{"taxonomy":"product_tag","embeddable":true,"href":"https:\/\/uj.adatbank.ro\/lexikon\/wp-json\/wp\/v2\/product_tag?post=20249"}],"curies":[{"name":"wp","href":"https:\/\/api.w.org\/{rel}","templated":true}]}}