{"id":20250,"date":"2025-07-22T18:41:59","date_gmt":"2025-07-22T16:41:59","guid":{"rendered":"https:\/\/uj.adatbank.ro\/lexikon\/termek\/sighisoreanu-alexandru\/"},"modified":"2025-07-22T18:41:59","modified_gmt":"2025-07-22T16:41:59","slug":"sighisoreanu-alexandru","status":"publish","type":"product","link":"https:\/\/uj.adatbank.ro\/lexikon\/termek\/sighisoreanu-alexandru\/","title":{"rendered":"SIGHI\u015eOREANU Alexandru"},"content":{"rendered":"<p>? \u2020?: tan\u00e1r. \u2013 A mv.-i tan\u00edt\u00f3k\u00e9pz\u0151ben mez\u0151gazdas\u00e1gtant tan\u00edtott (1926\u201331), \u00e9s a tanul\u00f3kkal megm\u0171veltette az isk. 37 holdas f\u00f6ldj\u00e9t. Ezt a munk\u00e1t k\u00e9s\u0151bb Trofin Lozinschi tan\u00e1r vette \u00e1t t\u0151le (1931\u201339). Megtermelt\u00e9k az intern\u00e1tus r\u00e9sz\u00e9re sz\u00fcks\u00e9ges teljes z\u00f6lds\u00e9gmennyis\u00e9get (300 tanul\u00f3nak). A kert\u00e9sz r\u00e9sz\u00e9re lak\u00e1st \u00e9p\u00edtettek, \u00f6nt\u00f6z\u0151pomp\u00e1t szereltek fel, lovat \u00e9s szekeret v\u00e1s\u00e1roltak, k\u00e9s\u0151bb egy teheraut\u00f3t \u00e9s \u00f6kr\u00f6ket is. Az Al. Papiu L\u00edc. k\u00e9zimunkatan\u00e1ra (1930\u201335), ekkor (1935) m\u00e1r 30 \u00e9ve tan\u00edtott \u00e9s 5. fokozati vizsg\u00e1ja is volt. Tan\u00edtott a Tan\u00edt\u00f3k\u00e9pz\u0151ben \u00e9s Zeneiskol\u00e1ban is. <br \/><strong>Irod.:<\/strong> Chertes\u2013Cioat\u0103; Ciortea; M\u0103rtina\u015f.<\/br><\/p>\n","protected":false},"excerpt":{"rendered":"<p>? \u2020?: tan\u00e1r. \u2013 A mv.-i tan\u00edt\u00f3k\u00e9pz\u0151ben mez\u0151gazdas\u00e1gtant tan\u00edtott (1926\u201331), \u00e9s a tanul\u00f3kkal megm\u0171veltette az isk. 37 holdas f\u00f6ldj\u00e9t. Ezt a munk\u00e1t k\u00e9s\u0151bb Trofin Lozinschi tan\u00e1r vette \u00e1t t\u0151le (1931\u201339). Megtermelt\u00e9k az intern\u00e1tus r\u00e9sz\u00e9re sz\u00fcks\u00e9ges teljes z\u00f6lds\u00e9gmennyis\u00e9get (300 tanul\u00f3nak). A kert\u00e9sz r\u00e9sz\u00e9re lak\u00e1st \u00e9p\u00edtettek, \u00f6nt\u00f6z\u0151pomp\u00e1t szereltek fel, lovat \u00e9s szekeret v\u00e1s\u00e1roltak, k\u00e9s\u0151bb egy teheraut\u00f3t \u00e9s [&hellip;]<\/p>\n","protected":false},"featured_media":0,"comment_status":"open","ping_status":"closed","template":"","meta":[],"product_brand":[],"product_cat":[137],"product_tag":[],"class_list":{"0":"post-20250","1":"product","2":"type-product","3":"status-publish","5":"product_cat-maros-megyei-eletrajzi-lexikon","7":"first","8":"instock","9":"shipping-taxable","10":"product-type-simple"},"_links":{"self":[{"href":"https:\/\/uj.adatbank.ro\/lexikon\/wp-json\/wp\/v2\/product\/20250","targetHints":{"allow":["GET"]}}],"collection":[{"href":"https:\/\/uj.adatbank.ro\/lexikon\/wp-json\/wp\/v2\/product"}],"about":[{"href":"https:\/\/uj.adatbank.ro\/lexikon\/wp-json\/wp\/v2\/types\/product"}],"replies":[{"embeddable":true,"href":"https:\/\/uj.adatbank.ro\/lexikon\/wp-json\/wp\/v2\/comments?post=20250"}],"wp:attachment":[{"href":"https:\/\/uj.adatbank.ro\/lexikon\/wp-json\/wp\/v2\/media?parent=20250"}],"wp:term":[{"taxonomy":"product_brand","embeddable":true,"href":"https:\/\/uj.adatbank.ro\/lexikon\/wp-json\/wp\/v2\/product_brand?post=20250"},{"taxonomy":"product_cat","embeddable":true,"href":"https:\/\/uj.adatbank.ro\/lexikon\/wp-json\/wp\/v2\/product_cat?post=20250"},{"taxonomy":"product_tag","embeddable":true,"href":"https:\/\/uj.adatbank.ro\/lexikon\/wp-json\/wp\/v2\/product_tag?post=20250"}],"curies":[{"name":"wp","href":"https:\/\/api.w.org\/{rel}","templated":true}]}}