{"id":20259,"date":"2025-07-22T18:42:18","date_gmt":"2025-07-22T16:42:18","guid":{"rendered":"https:\/\/uj.adatbank.ro\/lexikon\/termek\/sigmond-ludwig\/"},"modified":"2025-07-22T18:42:18","modified_gmt":"2025-07-22T16:42:18","slug":"sigmond-ludwig","status":"publish","type":"product","link":"https:\/\/uj.adatbank.ro\/lexikon\/termek\/sigmond-ludwig\/","title":{"rendered":"SIGMOND Ludwig"},"content":{"rendered":"<p>Segesv\u00e1r, 1810. aug. 27. \u2020 P\u00e1dua (Olaszo.), 1883. aug. 1.: tud\u00f3s, orvostan\u00e1r B\u00e9csben, t\u00f6bb akad\u00e9mia tagja. Jelent\u0151set a j\u00e1rv\u00e1nytanban \u00e9s a balneol\u00f3gia ter\u00e9n alkotott. <br \/><strong>Irod.:<\/strong> Personalit\u0103\u0163i mure\u015fene.<\/br><\/p>\n","protected":false},"excerpt":{"rendered":"<p>Segesv\u00e1r, 1810. aug. 27. \u2020 P\u00e1dua (Olaszo.), 1883. aug. 1.: tud\u00f3s, orvostan\u00e1r B\u00e9csben, t\u00f6bb akad\u00e9mia tagja. Jelent\u0151set a j\u00e1rv\u00e1nytanban \u00e9s a balneol\u00f3gia ter\u00e9n alkotott. Irod.: Personalit\u0103\u0163i mure\u015fene.<\/p>\n","protected":false},"featured_media":0,"comment_status":"open","ping_status":"closed","template":"","meta":[],"product_brand":[],"product_cat":[137],"product_tag":[],"class_list":{"0":"post-20259","1":"product","2":"type-product","3":"status-publish","5":"product_cat-maros-megyei-eletrajzi-lexikon","7":"first","8":"instock","9":"shipping-taxable","10":"product-type-simple"},"_links":{"self":[{"href":"https:\/\/uj.adatbank.ro\/lexikon\/wp-json\/wp\/v2\/product\/20259","targetHints":{"allow":["GET"]}}],"collection":[{"href":"https:\/\/uj.adatbank.ro\/lexikon\/wp-json\/wp\/v2\/product"}],"about":[{"href":"https:\/\/uj.adatbank.ro\/lexikon\/wp-json\/wp\/v2\/types\/product"}],"replies":[{"embeddable":true,"href":"https:\/\/uj.adatbank.ro\/lexikon\/wp-json\/wp\/v2\/comments?post=20259"}],"wp:attachment":[{"href":"https:\/\/uj.adatbank.ro\/lexikon\/wp-json\/wp\/v2\/media?parent=20259"}],"wp:term":[{"taxonomy":"product_brand","embeddable":true,"href":"https:\/\/uj.adatbank.ro\/lexikon\/wp-json\/wp\/v2\/product_brand?post=20259"},{"taxonomy":"product_cat","embeddable":true,"href":"https:\/\/uj.adatbank.ro\/lexikon\/wp-json\/wp\/v2\/product_cat?post=20259"},{"taxonomy":"product_tag","embeddable":true,"href":"https:\/\/uj.adatbank.ro\/lexikon\/wp-json\/wp\/v2\/product_tag?post=20259"}],"curies":[{"name":"wp","href":"https:\/\/api.w.org\/{rel}","templated":true}]}}