{"id":20277,"date":"2025-07-22T18:43:01","date_gmt":"2025-07-22T16:43:01","guid":{"rendered":"https:\/\/uj.adatbank.ro\/lexikon\/termek\/siklodi-sandor\/"},"modified":"2025-07-22T18:43:01","modified_gmt":"2025-07-22T16:43:01","slug":"siklodi-sandor","status":"publish","type":"product","link":"https:\/\/uj.adatbank.ro\/lexikon\/termek\/siklodi-sandor\/","title":{"rendered":"SIKL\u00d3DI S\u00e1ndor"},"content":{"rendered":"<p>Demeterfalva, 1900., \u2020?: gazdatiszt, gazd\u00e1lkod\u00f3. \u2013 Iskol\u00e1i elv\u00e9gz\u00e9se ut\u00e1n apja mellett tanult gazd\u00e1lkodni, \u00f6n\u00e1ll\u00f3, korszer\u0171 gazd\u00e1lkod\u00e1st folytatott, gy\u00fcm\u00f6lcstermel\u00e9ssel is foglalkozott Ny\u00e1r\u00e1dszered\u00e1ban. R\u00e9szt vett az els\u0151 vh.-ban. 11 \u00e9vig mint gazdatiszt tev\u00e9kenykedett. <br \/><strong>Irod.:<\/strong> Sz\u00e9kelyf\u00f6ld \u00ed. k.<\/br><\/p>\n","protected":false},"excerpt":{"rendered":"<p>Demeterfalva, 1900., \u2020?: gazdatiszt, gazd\u00e1lkod\u00f3. \u2013 Iskol\u00e1i elv\u00e9gz\u00e9se ut\u00e1n apja mellett tanult gazd\u00e1lkodni, \u00f6n\u00e1ll\u00f3, korszer\u0171 gazd\u00e1lkod\u00e1st folytatott, gy\u00fcm\u00f6lcstermel\u00e9ssel is foglalkozott Ny\u00e1r\u00e1dszered\u00e1ban. R\u00e9szt vett az els\u0151 vh.-ban. 11 \u00e9vig mint gazdatiszt tev\u00e9kenykedett. Irod.: Sz\u00e9kelyf\u00f6ld \u00ed. k.<\/p>\n","protected":false},"featured_media":0,"comment_status":"open","ping_status":"closed","template":"","meta":[],"product_brand":[],"product_cat":[137],"product_tag":[],"class_list":{"0":"post-20277","1":"product","2":"type-product","3":"status-publish","5":"product_cat-maros-megyei-eletrajzi-lexikon","7":"first","8":"instock","9":"shipping-taxable","10":"product-type-simple"},"_links":{"self":[{"href":"https:\/\/uj.adatbank.ro\/lexikon\/wp-json\/wp\/v2\/product\/20277","targetHints":{"allow":["GET"]}}],"collection":[{"href":"https:\/\/uj.adatbank.ro\/lexikon\/wp-json\/wp\/v2\/product"}],"about":[{"href":"https:\/\/uj.adatbank.ro\/lexikon\/wp-json\/wp\/v2\/types\/product"}],"replies":[{"embeddable":true,"href":"https:\/\/uj.adatbank.ro\/lexikon\/wp-json\/wp\/v2\/comments?post=20277"}],"wp:attachment":[{"href":"https:\/\/uj.adatbank.ro\/lexikon\/wp-json\/wp\/v2\/media?parent=20277"}],"wp:term":[{"taxonomy":"product_brand","embeddable":true,"href":"https:\/\/uj.adatbank.ro\/lexikon\/wp-json\/wp\/v2\/product_brand?post=20277"},{"taxonomy":"product_cat","embeddable":true,"href":"https:\/\/uj.adatbank.ro\/lexikon\/wp-json\/wp\/v2\/product_cat?post=20277"},{"taxonomy":"product_tag","embeddable":true,"href":"https:\/\/uj.adatbank.ro\/lexikon\/wp-json\/wp\/v2\/product_tag?post=20277"}],"curies":[{"name":"wp","href":"https:\/\/api.w.org\/{rel}","templated":true}]}}