{"id":2029,"date":"2025-06-28T12:01:28","date_gmt":"2025-06-28T10:01:28","guid":{"rendered":"https:\/\/uj.adatbank.ro\/lexikon\/termek\/balint-karolyne-dr-orban-rozalia\/"},"modified":"2025-06-28T12:01:28","modified_gmt":"2025-06-28T10:01:28","slug":"balint-karolyne-dr-orban-rozalia","status":"publish","type":"product","link":"https:\/\/uj.adatbank.ro\/lexikon\/termek\/balint-karolyne-dr-orban-rozalia\/","title":{"rendered":"B\u00c1LINT K\u00e1rolyn\u00e9 dr. ORB\u00c1N Roz\u00e1lia"},"content":{"rendered":"<p>Dem\u00e9nyh\u00e1za, 1934., \u2020 \u2020\u00a02013.: orvos. \u2013 A mv.-i Eg\u00e9szs\u00e9g\u00fcgyi K\u00f6z\u00e9piskol\u00e1ban tanult \u00e9s \u00e9retts\u00e9gizett. A MOGYI gyermekgy\u00f3gy\u00e1szati kar\u00e1ra, orvosi diplom\u00e1t kapott (1962). Gal\u00f3c\u00e1son k\u00f6rzeti orvos, a fafeldolgoz\u00f3 \u00fczemorvosa, majd az abaf\u00e1ji kiseg\u00edt\u0151 iskola gyermekorvosa. Alorvosi k\u00e9pz\u00e9s ut\u00e1n Buk.-ben szakvizs\u00e1zott \u00e9s Dics\u0151szentm\u00e1rtonban a Pszichi\u00e1trai K\u00f3rh\u00e1z elmegy\u00f3gy\u00e1sz szakorvosa, majd f\u0151orvosa \u00e9s int\u00e9zm\u00e9nyvezet\u0151je nyugd\u00edjaz\u00e1s\u00e1ig (1991). Tudom\u00e1nyos dolgozatait publik\u00e1lt\u00e1k, t\u00f6bb orsz\u00e1gos kit\u00fcntet\u00e9ssel jutalmazt\u00e1k. A l\u0151rincfalvi csal\u00e1di s\u00edrba nyugszik. <br \/><strong>Irod.:<\/strong> Kiss Cs. M 4.<\/br><\/p>\n","protected":false},"excerpt":{"rendered":"<p>Dem\u00e9nyh\u00e1za, 1934., \u2020 \u2020\u00a02013.: orvos. \u2013 A mv.-i Eg\u00e9szs\u00e9g\u00fcgyi K\u00f6z\u00e9piskol\u00e1ban tanult \u00e9s \u00e9retts\u00e9gizett. A MOGYI gyermekgy\u00f3gy\u00e1szati kar\u00e1ra, orvosi diplom\u00e1t kapott (1962). Gal\u00f3c\u00e1son k\u00f6rzeti orvos, a fafeldolgoz\u00f3 \u00fczemorvosa, majd az abaf\u00e1ji kiseg\u00edt\u0151 iskola gyermekorvosa. Alorvosi k\u00e9pz\u00e9s ut\u00e1n Buk.-ben szakvizs\u00e1zott \u00e9s Dics\u0151szentm\u00e1rtonban a Pszichi\u00e1trai K\u00f3rh\u00e1z elmegy\u00f3gy\u00e1sz szakorvosa, majd f\u0151orvosa \u00e9s int\u00e9zm\u00e9nyvezet\u0151je nyugd\u00edjaz\u00e1s\u00e1ig (1991). Tudom\u00e1nyos dolgozatait publik\u00e1lt\u00e1k, t\u00f6bb [&hellip;]<\/p>\n","protected":false},"featured_media":0,"comment_status":"open","ping_status":"closed","template":"","meta":[],"product_brand":[],"product_cat":[137],"product_tag":[],"class_list":{"0":"post-2029","1":"product","2":"type-product","3":"status-publish","5":"product_cat-maros-megyei-eletrajzi-lexikon","7":"first","8":"instock","9":"shipping-taxable","10":"product-type-simple"},"_links":{"self":[{"href":"https:\/\/uj.adatbank.ro\/lexikon\/wp-json\/wp\/v2\/product\/2029","targetHints":{"allow":["GET"]}}],"collection":[{"href":"https:\/\/uj.adatbank.ro\/lexikon\/wp-json\/wp\/v2\/product"}],"about":[{"href":"https:\/\/uj.adatbank.ro\/lexikon\/wp-json\/wp\/v2\/types\/product"}],"replies":[{"embeddable":true,"href":"https:\/\/uj.adatbank.ro\/lexikon\/wp-json\/wp\/v2\/comments?post=2029"}],"wp:attachment":[{"href":"https:\/\/uj.adatbank.ro\/lexikon\/wp-json\/wp\/v2\/media?parent=2029"}],"wp:term":[{"taxonomy":"product_brand","embeddable":true,"href":"https:\/\/uj.adatbank.ro\/lexikon\/wp-json\/wp\/v2\/product_brand?post=2029"},{"taxonomy":"product_cat","embeddable":true,"href":"https:\/\/uj.adatbank.ro\/lexikon\/wp-json\/wp\/v2\/product_cat?post=2029"},{"taxonomy":"product_tag","embeddable":true,"href":"https:\/\/uj.adatbank.ro\/lexikon\/wp-json\/wp\/v2\/product_tag?post=2029"}],"curies":[{"name":"wp","href":"https:\/\/api.w.org\/{rel}","templated":true}]}}