{"id":20294,"date":"2025-07-22T18:43:37","date_gmt":"2025-07-22T16:43:37","guid":{"rendered":"https:\/\/uj.adatbank.ro\/lexikon\/termek\/siko-elek\/"},"modified":"2025-07-22T18:43:37","modified_gmt":"2025-07-22T16:43:37","slug":"siko-elek","status":"publish","type":"product","link":"https:\/\/uj.adatbank.ro\/lexikon\/termek\/siko-elek\/","title":{"rendered":"SIK\u00d3 Elek"},"content":{"rendered":"<p>B\u00fazah\u00e1za, 1897., \u2020?: gazd\u00e1lkod\u00f3, keresked\u0151. \u2013 Iskol\u00e1i elv\u00e9gz\u00e9se ut\u00e1n kereskedelmet tanult, \u00f6n\u00e1ll\u00f3 lett B\u00fazah\u00e1z\u00e1n (1925\u2013). Az els\u0151 vh.-ban t\u00e1bori csend\u0151r volt, \u0151rmesteri rangban szerelt le. R\u00e9szt vett a s\u00f3vid\u00e9ki l\u00e1zad\u00e1sban, ez\u00e9rt sokat kellett b\u00fajdosnia. Minden kultur\u00e1lis \u00e9s szoci\u00e1lis egyes\u00fclet munk\u00e1j\u00e1ban r\u00e9szt vett. <br \/><strong>Irod.:<\/strong> Sz\u00e9kelyf\u00f6ld \u00ed. k.<\/br><\/p>\n","protected":false},"excerpt":{"rendered":"<p>B\u00fazah\u00e1za, 1897., \u2020?: gazd\u00e1lkod\u00f3, keresked\u0151. \u2013 Iskol\u00e1i elv\u00e9gz\u00e9se ut\u00e1n kereskedelmet tanult, \u00f6n\u00e1ll\u00f3 lett B\u00fazah\u00e1z\u00e1n (1925\u2013). Az els\u0151 vh.-ban t\u00e1bori csend\u0151r volt, \u0151rmesteri rangban szerelt le. R\u00e9szt vett a s\u00f3vid\u00e9ki l\u00e1zad\u00e1sban, ez\u00e9rt sokat kellett b\u00fajdosnia. Minden kultur\u00e1lis \u00e9s szoci\u00e1lis egyes\u00fclet munk\u00e1j\u00e1ban r\u00e9szt vett. Irod.: Sz\u00e9kelyf\u00f6ld \u00ed. k.<\/p>\n","protected":false},"featured_media":0,"comment_status":"open","ping_status":"closed","template":"","meta":[],"product_brand":[],"product_cat":[137],"product_tag":[],"class_list":{"0":"post-20294","1":"product","2":"type-product","3":"status-publish","5":"product_cat-maros-megyei-eletrajzi-lexikon","7":"first","8":"instock","9":"shipping-taxable","10":"product-type-simple"},"_links":{"self":[{"href":"https:\/\/uj.adatbank.ro\/lexikon\/wp-json\/wp\/v2\/product\/20294","targetHints":{"allow":["GET"]}}],"collection":[{"href":"https:\/\/uj.adatbank.ro\/lexikon\/wp-json\/wp\/v2\/product"}],"about":[{"href":"https:\/\/uj.adatbank.ro\/lexikon\/wp-json\/wp\/v2\/types\/product"}],"replies":[{"embeddable":true,"href":"https:\/\/uj.adatbank.ro\/lexikon\/wp-json\/wp\/v2\/comments?post=20294"}],"wp:attachment":[{"href":"https:\/\/uj.adatbank.ro\/lexikon\/wp-json\/wp\/v2\/media?parent=20294"}],"wp:term":[{"taxonomy":"product_brand","embeddable":true,"href":"https:\/\/uj.adatbank.ro\/lexikon\/wp-json\/wp\/v2\/product_brand?post=20294"},{"taxonomy":"product_cat","embeddable":true,"href":"https:\/\/uj.adatbank.ro\/lexikon\/wp-json\/wp\/v2\/product_cat?post=20294"},{"taxonomy":"product_tag","embeddable":true,"href":"https:\/\/uj.adatbank.ro\/lexikon\/wp-json\/wp\/v2\/product_tag?post=20294"}],"curies":[{"name":"wp","href":"https:\/\/api.w.org\/{rel}","templated":true}]}}