{"id":20299,"date":"2025-07-22T18:43:48","date_gmt":"2025-07-22T16:43:48","guid":{"rendered":"https:\/\/uj.adatbank.ro\/lexikon\/termek\/siko-jozsef-3\/"},"modified":"2025-07-22T18:43:48","modified_gmt":"2025-07-22T16:43:48","slug":"siko-jozsef-3","status":"publish","type":"product","link":"https:\/\/uj.adatbank.ro\/lexikon\/termek\/siko-jozsef-3\/","title":{"rendered":"SIK\u00d3 J\u00f3zsef"},"content":{"rendered":"<p>Mez\u0151panit, 1916. szept. 24. \u2020?: tartal\u00e9kos husz\u00e1rz\u00e1szl\u00f3s, k\u00f6zs\u00e9gi jegyz\u0151. \u2013 T\u00e9nyleges kat. szolg\u00e1latra a rom\u00e1n hadsereg 2. lovasezred\u00e9be vonult be (1937. nov.1. \u2013 38. nov.1.). Kv-on a 9. \u00f6n\u00e1ll\u00f3 husz\u00e1rsz\u00e1zadban tartal\u00e9kos tiszti \u00e1tk\u00e9pz\u0151 tanfolyamon vett r\u00e9szt (1941. aug.\u2013nov.), majd t. z\u00e1szl\u00f3ss\u00e1 l\u00e9ptett\u00e9k el\u0151 (1942. \u00e1pr.1. \u2013). A szil\u00e1gysomly\u00f3i 2. \u00f6n\u00e1ll\u00f3 sz\u00e9kely hegyi husz\u00e1rsz\u00e1zad szakaszparancsnoka volt (1943 \u2013 1944. febr.), majd a 24. hat\u00e1rvad\u00e1sz z\u00e1szl\u00f3alj lovasszakasz parancsnokak\u00e9nt hat\u00e1rv\u00e9delmi szolg\u00e1latot teljes\u00edtett. \u00dajabb kik\u00e9pz\u0151 elv\u00e9gz\u00e9se ut\u00e1n a bp.-i \u00f6n\u00e1ll\u00f3 husz\u00e1roszt\u00e1ly Szakaszparancsnokak\u00e9nt a V\u00e9rtesben hact\u00e9ri szolg\u00e1latot teljes\u00edtett. Osztr\u00e1k ter\u00fcleten amerikai fogs\u00e1gba esett (1945. m\u00e1j. 7. \u2013 szept. 16.). Azut\u00e1n hazat\u00e9rt. <br \/><strong>Irod.:<\/strong> Bene\u2013Szab\u00f3.<\/br><\/p>\n","protected":false},"excerpt":{"rendered":"<p>Mez\u0151panit, 1916. szept. 24. \u2020?: tartal\u00e9kos husz\u00e1rz\u00e1szl\u00f3s, k\u00f6zs\u00e9gi jegyz\u0151. \u2013 T\u00e9nyleges kat. szolg\u00e1latra a rom\u00e1n hadsereg 2. lovasezred\u00e9be vonult be (1937. nov.1. \u2013 38. nov.1.). Kv-on a 9. \u00f6n\u00e1ll\u00f3 husz\u00e1rsz\u00e1zadban tartal\u00e9kos tiszti \u00e1tk\u00e9pz\u0151 tanfolyamon vett r\u00e9szt (1941. aug.\u2013nov.), majd t. z\u00e1szl\u00f3ss\u00e1 l\u00e9ptett\u00e9k el\u0151 (1942. \u00e1pr.1. \u2013). A szil\u00e1gysomly\u00f3i 2. \u00f6n\u00e1ll\u00f3 sz\u00e9kely hegyi husz\u00e1rsz\u00e1zad szakaszparancsnoka volt [&hellip;]<\/p>\n","protected":false},"featured_media":0,"comment_status":"open","ping_status":"closed","template":"","meta":[],"product_brand":[],"product_cat":[137],"product_tag":[],"class_list":{"0":"post-20299","1":"product","2":"type-product","3":"status-publish","5":"product_cat-maros-megyei-eletrajzi-lexikon","7":"first","8":"instock","9":"shipping-taxable","10":"product-type-simple"},"_links":{"self":[{"href":"https:\/\/uj.adatbank.ro\/lexikon\/wp-json\/wp\/v2\/product\/20299","targetHints":{"allow":["GET"]}}],"collection":[{"href":"https:\/\/uj.adatbank.ro\/lexikon\/wp-json\/wp\/v2\/product"}],"about":[{"href":"https:\/\/uj.adatbank.ro\/lexikon\/wp-json\/wp\/v2\/types\/product"}],"replies":[{"embeddable":true,"href":"https:\/\/uj.adatbank.ro\/lexikon\/wp-json\/wp\/v2\/comments?post=20299"}],"wp:attachment":[{"href":"https:\/\/uj.adatbank.ro\/lexikon\/wp-json\/wp\/v2\/media?parent=20299"}],"wp:term":[{"taxonomy":"product_brand","embeddable":true,"href":"https:\/\/uj.adatbank.ro\/lexikon\/wp-json\/wp\/v2\/product_brand?post=20299"},{"taxonomy":"product_cat","embeddable":true,"href":"https:\/\/uj.adatbank.ro\/lexikon\/wp-json\/wp\/v2\/product_cat?post=20299"},{"taxonomy":"product_tag","embeddable":true,"href":"https:\/\/uj.adatbank.ro\/lexikon\/wp-json\/wp\/v2\/product_tag?post=20299"}],"curies":[{"name":"wp","href":"https:\/\/api.w.org\/{rel}","templated":true}]}}