{"id":20312,"date":"2025-07-22T18:44:15","date_gmt":"2025-07-22T16:44:15","guid":{"rendered":"https:\/\/uj.adatbank.ro\/lexikon\/termek\/silbinger-mor-%c2%a7\/"},"modified":"2025-07-22T18:44:15","modified_gmt":"2025-07-22T16:44:15","slug":"silbinger-mor-%c2%a7","status":"publish","type":"product","link":"https:\/\/uj.adatbank.ro\/lexikon\/termek\/silbinger-mor-%c2%a7\/","title":{"rendered":"SILBINGER M\u00f3r, \u00a7"},"content":{"rendered":"<p>? \u2020?: k\u00e1rpitos. \u2013 Mv.-en volt k\u00e1rpitos. Az I. vh.-ban (1915. m\u00e1j.\u201318. nov.) az 5. h. t\u00fcz\u00e9rekn\u00e9l volt az orosz \u00e9s olasz harct\u00e9ren, szakaszvezet\u0151. Megsebes\u00fclt, hat \u00e9s f\u00e9l \u00e9vet volt hadifogoly. <strong>Kit\u00fcntet\u00e9sei:<\/strong> O 2, Ob, Vas \u00e9rdemker. a v. \u00e9. sz., K\u00e1roly cs. k. ig. a. <br \/><strong>Irod.:<\/strong> M. hadviselt zsid\u00f3k.<\/br><\/p>\n","protected":false},"excerpt":{"rendered":"<p>? \u2020?: k\u00e1rpitos. \u2013 Mv.-en volt k\u00e1rpitos. Az I. vh.-ban (1915. m\u00e1j.\u201318. nov.) az 5. h. t\u00fcz\u00e9rekn\u00e9l volt az orosz \u00e9s olasz harct\u00e9ren, szakaszvezet\u0151. Megsebes\u00fclt, hat \u00e9s f\u00e9l \u00e9vet volt hadifogoly. Kit\u00fcntet\u00e9sei: O 2, Ob, Vas \u00e9rdemker. a v. \u00e9. sz., K\u00e1roly cs. k. ig. a. Irod.: M. hadviselt zsid\u00f3k.<\/p>\n","protected":false},"featured_media":0,"comment_status":"open","ping_status":"closed","template":"","meta":[],"product_brand":[],"product_cat":[137],"product_tag":[],"class_list":{"0":"post-20312","1":"product","2":"type-product","3":"status-publish","5":"product_cat-maros-megyei-eletrajzi-lexikon","7":"first","8":"instock","9":"shipping-taxable","10":"product-type-simple"},"_links":{"self":[{"href":"https:\/\/uj.adatbank.ro\/lexikon\/wp-json\/wp\/v2\/product\/20312","targetHints":{"allow":["GET"]}}],"collection":[{"href":"https:\/\/uj.adatbank.ro\/lexikon\/wp-json\/wp\/v2\/product"}],"about":[{"href":"https:\/\/uj.adatbank.ro\/lexikon\/wp-json\/wp\/v2\/types\/product"}],"replies":[{"embeddable":true,"href":"https:\/\/uj.adatbank.ro\/lexikon\/wp-json\/wp\/v2\/comments?post=20312"}],"wp:attachment":[{"href":"https:\/\/uj.adatbank.ro\/lexikon\/wp-json\/wp\/v2\/media?parent=20312"}],"wp:term":[{"taxonomy":"product_brand","embeddable":true,"href":"https:\/\/uj.adatbank.ro\/lexikon\/wp-json\/wp\/v2\/product_brand?post=20312"},{"taxonomy":"product_cat","embeddable":true,"href":"https:\/\/uj.adatbank.ro\/lexikon\/wp-json\/wp\/v2\/product_cat?post=20312"},{"taxonomy":"product_tag","embeddable":true,"href":"https:\/\/uj.adatbank.ro\/lexikon\/wp-json\/wp\/v2\/product_tag?post=20312"}],"curies":[{"name":"wp","href":"https:\/\/api.w.org\/{rel}","templated":true}]}}