{"id":20315,"date":"2025-07-22T18:44:31","date_gmt":"2025-07-22T16:44:31","guid":{"rendered":"https:\/\/uj.adatbank.ro\/lexikon\/termek\/sille-jeromos-tamas-cler\/"},"modified":"2025-07-22T18:44:31","modified_gmt":"2025-07-22T16:44:31","slug":"sille-jeromos-tamas-cler","status":"publish","type":"product","link":"https:\/\/uj.adatbank.ro\/lexikon\/termek\/sille-jeromos-tamas-cler\/","title":{"rendered":"SILL\u00c9 Jeromos Tam\u00e1s, Cler."},"content":{"rendered":"<p>Cs\u00edkszentkir\u00e1ly, 1674., \u2020\u00a0Mikh\u00e1za, 1702. nov. 17.: ferences subdiaconus. \u2013 Be\u00f6lt\u00f6z\u00f6tt (1698. szept. 2.). <br \/><strong>Irod.:<\/strong> Gy\u00f6rgy: A ferencrendiek.<\/br><\/p>\n","protected":false},"excerpt":{"rendered":"<p>Cs\u00edkszentkir\u00e1ly, 1674., \u2020\u00a0Mikh\u00e1za, 1702. nov. 17.: ferences subdiaconus. \u2013 Be\u00f6lt\u00f6z\u00f6tt (1698. szept. 2.). Irod.: Gy\u00f6rgy: A ferencrendiek.<\/p>\n","protected":false},"featured_media":0,"comment_status":"open","ping_status":"closed","template":"","meta":[],"product_brand":[],"product_cat":[137],"product_tag":[],"class_list":{"0":"post-20315","1":"product","2":"type-product","3":"status-publish","5":"product_cat-maros-megyei-eletrajzi-lexikon","7":"first","8":"instock","9":"shipping-taxable","10":"product-type-simple"},"_links":{"self":[{"href":"https:\/\/uj.adatbank.ro\/lexikon\/wp-json\/wp\/v2\/product\/20315","targetHints":{"allow":["GET"]}}],"collection":[{"href":"https:\/\/uj.adatbank.ro\/lexikon\/wp-json\/wp\/v2\/product"}],"about":[{"href":"https:\/\/uj.adatbank.ro\/lexikon\/wp-json\/wp\/v2\/types\/product"}],"replies":[{"embeddable":true,"href":"https:\/\/uj.adatbank.ro\/lexikon\/wp-json\/wp\/v2\/comments?post=20315"}],"wp:attachment":[{"href":"https:\/\/uj.adatbank.ro\/lexikon\/wp-json\/wp\/v2\/media?parent=20315"}],"wp:term":[{"taxonomy":"product_brand","embeddable":true,"href":"https:\/\/uj.adatbank.ro\/lexikon\/wp-json\/wp\/v2\/product_brand?post=20315"},{"taxonomy":"product_cat","embeddable":true,"href":"https:\/\/uj.adatbank.ro\/lexikon\/wp-json\/wp\/v2\/product_cat?post=20315"},{"taxonomy":"product_tag","embeddable":true,"href":"https:\/\/uj.adatbank.ro\/lexikon\/wp-json\/wp\/v2\/product_tag?post=20315"}],"curies":[{"name":"wp","href":"https:\/\/api.w.org\/{rel}","templated":true}]}}