{"id":20320,"date":"2025-07-22T18:44:40","date_gmt":"2025-07-22T16:44:40","guid":{"rendered":"https:\/\/uj.adatbank.ro\/lexikon\/termek\/silvas-emil-dr\/"},"modified":"2025-07-22T18:44:40","modified_gmt":"2025-07-22T16:44:40","slug":"silvas-emil-dr","status":"publish","type":"product","link":"https:\/\/uj.adatbank.ro\/lexikon\/termek\/silvas-emil-dr\/","title":{"rendered":"SILVA\u015e, Emil, dr."},"content":{"rendered":"<p>Mv., 1930., aug. 7., \u2020 2011.: akad\u00e9mikus,\u00e1llatorvos, tud. kutat\u00f3, a Mv.-i Marhateny\u00e9szt\u0151 \u00e9s Kutat\u00f3\u00e1llom\u00e1s igazgat\u00f3ja (1965\u20131990), amelynek sz\u00e9khelye Marosszentgy\u00f6rgy\u00f6n m\u0171k\u00f6d\u00f6tt. A Rom. Akad. rendes tagja. <br \/><strong>Irod.:<\/strong> Lucr\u0103ri \u015ftiin\u021bifice; Todea.<\/br><\/p>\n","protected":false},"excerpt":{"rendered":"<p>Mv., 1930., aug. 7., \u2020 2011.: akad\u00e9mikus,\u00e1llatorvos, tud. kutat\u00f3, a Mv.-i Marhateny\u00e9szt\u0151 \u00e9s Kutat\u00f3\u00e1llom\u00e1s igazgat\u00f3ja (1965\u20131990), amelynek sz\u00e9khelye Marosszentgy\u00f6rgy\u00f6n m\u0171k\u00f6d\u00f6tt. A Rom. Akad. rendes tagja. Irod.: Lucr\u0103ri \u015ftiin\u021bifice; Todea.<\/p>\n","protected":false},"featured_media":0,"comment_status":"open","ping_status":"closed","template":"","meta":[],"product_brand":[],"product_cat":[137],"product_tag":[],"class_list":{"0":"post-20320","1":"product","2":"type-product","3":"status-publish","5":"product_cat-maros-megyei-eletrajzi-lexikon","7":"first","8":"instock","9":"shipping-taxable","10":"product-type-simple"},"_links":{"self":[{"href":"https:\/\/uj.adatbank.ro\/lexikon\/wp-json\/wp\/v2\/product\/20320","targetHints":{"allow":["GET"]}}],"collection":[{"href":"https:\/\/uj.adatbank.ro\/lexikon\/wp-json\/wp\/v2\/product"}],"about":[{"href":"https:\/\/uj.adatbank.ro\/lexikon\/wp-json\/wp\/v2\/types\/product"}],"replies":[{"embeddable":true,"href":"https:\/\/uj.adatbank.ro\/lexikon\/wp-json\/wp\/v2\/comments?post=20320"}],"wp:attachment":[{"href":"https:\/\/uj.adatbank.ro\/lexikon\/wp-json\/wp\/v2\/media?parent=20320"}],"wp:term":[{"taxonomy":"product_brand","embeddable":true,"href":"https:\/\/uj.adatbank.ro\/lexikon\/wp-json\/wp\/v2\/product_brand?post=20320"},{"taxonomy":"product_cat","embeddable":true,"href":"https:\/\/uj.adatbank.ro\/lexikon\/wp-json\/wp\/v2\/product_cat?post=20320"},{"taxonomy":"product_tag","embeddable":true,"href":"https:\/\/uj.adatbank.ro\/lexikon\/wp-json\/wp\/v2\/product_tag?post=20320"}],"curies":[{"name":"wp","href":"https:\/\/api.w.org\/{rel}","templated":true}]}}