{"id":20334,"date":"2025-07-22T18:45:12","date_gmt":"2025-07-22T16:45:12","guid":{"rendered":"https:\/\/uj.adatbank.ro\/lexikon\/termek\/simen-domokos\/"},"modified":"2025-07-22T18:45:12","modified_gmt":"2025-07-22T16:45:12","slug":"simen-domokos","status":"publish","type":"product","link":"https:\/\/uj.adatbank.ro\/lexikon\/termek\/simen-domokos\/","title":{"rendered":"SIM\u00c9N Domokos"},"content":{"rendered":"<p>1928? \u2020? 2006. okt.: unit. lelk\u00e9sz. \u2013 Sz\u00e9kelyk\u00e1lban lelk\u00e9sz (1952\u201356), majd \u00c1d\u00e1moson szolg\u00e1lt. \u2013 <strong>F. m.<\/strong>: Az \u201eelt\u00e9vedt\u201d harangok f\u00f6ldje: Feljegyz\u00e9sek az 1848\u201349-es szabads\u00e1gharcr\u00f3l a Kis-K\u00fck\u00fcll\u0151i Unit\u00e1rius Egyh\u00e1zk\u00f6r egyh\u00e1zk\u00f6zs\u00e9geiben. <br \/><strong>Irod.:<\/strong> Erd\u00e9lyi unit. 1848\u201349; Kelemen Imre; Sz\u00e9kelyk\u00e1l 800 \u00e9ves t\u00f6rt\u00e9net\u00e9b\u0151l.<\/br><\/p>\n","protected":false},"excerpt":{"rendered":"<p>1928? \u2020? 2006. okt.: unit. lelk\u00e9sz. \u2013 Sz\u00e9kelyk\u00e1lban lelk\u00e9sz (1952\u201356), majd \u00c1d\u00e1moson szolg\u00e1lt. \u2013 F. m.: Az \u201eelt\u00e9vedt\u201d harangok f\u00f6ldje: Feljegyz\u00e9sek az 1848\u201349-es szabads\u00e1gharcr\u00f3l a Kis-K\u00fck\u00fcll\u0151i Unit\u00e1rius Egyh\u00e1zk\u00f6r egyh\u00e1zk\u00f6zs\u00e9geiben. Irod.: Erd\u00e9lyi unit. 1848\u201349; Kelemen Imre; Sz\u00e9kelyk\u00e1l 800 \u00e9ves t\u00f6rt\u00e9net\u00e9b\u0151l.<\/p>\n","protected":false},"featured_media":0,"comment_status":"open","ping_status":"closed","template":"","meta":[],"product_brand":[],"product_cat":[137],"product_tag":[],"class_list":{"0":"post-20334","1":"product","2":"type-product","3":"status-publish","5":"product_cat-maros-megyei-eletrajzi-lexikon","7":"first","8":"instock","9":"shipping-taxable","10":"product-type-simple"},"_links":{"self":[{"href":"https:\/\/uj.adatbank.ro\/lexikon\/wp-json\/wp\/v2\/product\/20334","targetHints":{"allow":["GET"]}}],"collection":[{"href":"https:\/\/uj.adatbank.ro\/lexikon\/wp-json\/wp\/v2\/product"}],"about":[{"href":"https:\/\/uj.adatbank.ro\/lexikon\/wp-json\/wp\/v2\/types\/product"}],"replies":[{"embeddable":true,"href":"https:\/\/uj.adatbank.ro\/lexikon\/wp-json\/wp\/v2\/comments?post=20334"}],"wp:attachment":[{"href":"https:\/\/uj.adatbank.ro\/lexikon\/wp-json\/wp\/v2\/media?parent=20334"}],"wp:term":[{"taxonomy":"product_brand","embeddable":true,"href":"https:\/\/uj.adatbank.ro\/lexikon\/wp-json\/wp\/v2\/product_brand?post=20334"},{"taxonomy":"product_cat","embeddable":true,"href":"https:\/\/uj.adatbank.ro\/lexikon\/wp-json\/wp\/v2\/product_cat?post=20334"},{"taxonomy":"product_tag","embeddable":true,"href":"https:\/\/uj.adatbank.ro\/lexikon\/wp-json\/wp\/v2\/product_tag?post=20334"}],"curies":[{"name":"wp","href":"https:\/\/api.w.org\/{rel}","templated":true}]}}