{"id":20335,"date":"2025-07-22T18:45:13","date_gmt":"2025-07-22T16:45:13","guid":{"rendered":"https:\/\/uj.adatbank.ro\/lexikon\/termek\/simen-elek-sardi-simeny-elek\/"},"modified":"2025-07-22T18:45:13","modified_gmt":"2025-07-22T16:45:13","slug":"simen-elek-sardi-simeny-elek","status":"publish","type":"product","link":"https:\/\/uj.adatbank.ro\/lexikon\/termek\/simen-elek-sardi-simeny-elek\/","title":{"rendered":"SIM\u00c9N Elek, s\u00e1rdi, Sim\u00e9ny Elek"},"content":{"rendered":"<p>1779 \u2020\u00a01840.: alisp\u00e1n. \u2013 Feles\u00e9ge: 1. Eperjesi Borb\u00e1ra. V.; 2. sz\u00e9plaki Petrichevich Horv\u00e1th Ter\u00e9zia (1786? \u2013 Kv., 1847. \u00e1pr. 8. Gy\u00e9resszentkir\u00e1lyi csal\u00e1di s\u00edrba temett\u00e9k). Le\u00e1nyuk: Sim\u00e9ny Kl\u00e1ra Teleki Mikl\u00f3sn\u00e9. A sz\u00e9plaki malm\u00e1nak szombati v\u00e1mj\u00e1t aj\u00e1nlotta fel a kereszt\u00fari gimn.-nak (1773). Consistornak v\u00e1lasztott\u00e1k (1789). K\u00fck\u00fcll\u0151megye alisp\u00e1nja (1792), az unit. egyh\u00e1zi korm\u00e1ny \u00fcln\u00f6ke (1815). A sz\u00e9plaki birtok a S. Gy\u00f6rgy\u00f6k \u00e1g\u00e1ra sz\u00e1llt. <br \/><strong>Irod.:<\/strong> Bi\u00e1s; Lev\u00e9lt\u00e1ri gy\u00e1szj.; K\u0151v\u00e1ry L\u00e1szl\u00f3 1899; Nagy Iv\u00e1n.<\/br><\/p>\n","protected":false},"excerpt":{"rendered":"<p>1779 \u2020\u00a01840.: alisp\u00e1n. \u2013 Feles\u00e9ge: 1. Eperjesi Borb\u00e1ra. V.; 2. sz\u00e9plaki Petrichevich Horv\u00e1th Ter\u00e9zia (1786? \u2013 Kv., 1847. \u00e1pr. 8. Gy\u00e9resszentkir\u00e1lyi csal\u00e1di s\u00edrba temett\u00e9k). Le\u00e1nyuk: Sim\u00e9ny Kl\u00e1ra Teleki Mikl\u00f3sn\u00e9. A sz\u00e9plaki malm\u00e1nak szombati v\u00e1mj\u00e1t aj\u00e1nlotta fel a kereszt\u00fari gimn.-nak (1773). Consistornak v\u00e1lasztott\u00e1k (1789). K\u00fck\u00fcll\u0151megye alisp\u00e1nja (1792), az unit. egyh\u00e1zi korm\u00e1ny \u00fcln\u00f6ke (1815). A sz\u00e9plaki birtok [&hellip;]<\/p>\n","protected":false},"featured_media":0,"comment_status":"open","ping_status":"closed","template":"","meta":[],"product_brand":[],"product_cat":[137],"product_tag":[],"class_list":{"0":"post-20335","1":"product","2":"type-product","3":"status-publish","5":"product_cat-maros-megyei-eletrajzi-lexikon","7":"first","8":"instock","9":"shipping-taxable","10":"product-type-simple"},"_links":{"self":[{"href":"https:\/\/uj.adatbank.ro\/lexikon\/wp-json\/wp\/v2\/product\/20335","targetHints":{"allow":["GET"]}}],"collection":[{"href":"https:\/\/uj.adatbank.ro\/lexikon\/wp-json\/wp\/v2\/product"}],"about":[{"href":"https:\/\/uj.adatbank.ro\/lexikon\/wp-json\/wp\/v2\/types\/product"}],"replies":[{"embeddable":true,"href":"https:\/\/uj.adatbank.ro\/lexikon\/wp-json\/wp\/v2\/comments?post=20335"}],"wp:attachment":[{"href":"https:\/\/uj.adatbank.ro\/lexikon\/wp-json\/wp\/v2\/media?parent=20335"}],"wp:term":[{"taxonomy":"product_brand","embeddable":true,"href":"https:\/\/uj.adatbank.ro\/lexikon\/wp-json\/wp\/v2\/product_brand?post=20335"},{"taxonomy":"product_cat","embeddable":true,"href":"https:\/\/uj.adatbank.ro\/lexikon\/wp-json\/wp\/v2\/product_cat?post=20335"},{"taxonomy":"product_tag","embeddable":true,"href":"https:\/\/uj.adatbank.ro\/lexikon\/wp-json\/wp\/v2\/product_tag?post=20335"}],"curies":[{"name":"wp","href":"https:\/\/api.w.org\/{rel}","templated":true}]}}