{"id":20338,"date":"2025-07-22T18:45:20","date_gmt":"2025-07-22T16:45:20","guid":{"rendered":"https:\/\/uj.adatbank.ro\/lexikon\/termek\/simen-georgina-sardi-bornemisza-janosne\/"},"modified":"2025-07-22T18:45:20","modified_gmt":"2025-07-22T16:45:20","slug":"simen-georgina-sardi-bornemisza-janosne","status":"publish","type":"product","link":"https:\/\/uj.adatbank.ro\/lexikon\/termek\/simen-georgina-sardi-bornemisza-janosne\/","title":{"rendered":"SIM\u00c9N, Georgina, s\u00e1rdi, Bornemisza J\u00e1nosn\u00e9"},"content":{"rendered":"<p>Tustya, 1870. \u00e1pr. 23., \u2020\u00a0G\u00f3g\u00e1nv\u00e1ralja, 1942. jan. 12.: f\u00f6ldbirtokos nemes. \u2013 S. Gy\u00f6rgy \u00e9s F\u00f6ldv\u00e1ry Zsuzsanna le\u00e1nya. F\u00e9rjhez ment Bornemisza J\u00e1noshoz H\u00e1romsz\u00e9k f\u0151isp\u00e1nj\u00e1hoz (Tustya, 1896. febr. 25). <br \/><strong>Irod.:<\/strong> Gudenus.<\/br><\/p>\n","protected":false},"excerpt":{"rendered":"<p>Tustya, 1870. \u00e1pr. 23., \u2020\u00a0G\u00f3g\u00e1nv\u00e1ralja, 1942. jan. 12.: f\u00f6ldbirtokos nemes. \u2013 S. Gy\u00f6rgy \u00e9s F\u00f6ldv\u00e1ry Zsuzsanna le\u00e1nya. F\u00e9rjhez ment Bornemisza J\u00e1noshoz H\u00e1romsz\u00e9k f\u0151isp\u00e1nj\u00e1hoz (Tustya, 1896. febr. 25). Irod.: Gudenus.<\/p>\n","protected":false},"featured_media":0,"comment_status":"open","ping_status":"closed","template":"","meta":[],"product_brand":[],"product_cat":[137],"product_tag":[],"class_list":{"0":"post-20338","1":"product","2":"type-product","3":"status-publish","5":"product_cat-maros-megyei-eletrajzi-lexikon","7":"first","8":"instock","9":"shipping-taxable","10":"product-type-simple"},"_links":{"self":[{"href":"https:\/\/uj.adatbank.ro\/lexikon\/wp-json\/wp\/v2\/product\/20338","targetHints":{"allow":["GET"]}}],"collection":[{"href":"https:\/\/uj.adatbank.ro\/lexikon\/wp-json\/wp\/v2\/product"}],"about":[{"href":"https:\/\/uj.adatbank.ro\/lexikon\/wp-json\/wp\/v2\/types\/product"}],"replies":[{"embeddable":true,"href":"https:\/\/uj.adatbank.ro\/lexikon\/wp-json\/wp\/v2\/comments?post=20338"}],"wp:attachment":[{"href":"https:\/\/uj.adatbank.ro\/lexikon\/wp-json\/wp\/v2\/media?parent=20338"}],"wp:term":[{"taxonomy":"product_brand","embeddable":true,"href":"https:\/\/uj.adatbank.ro\/lexikon\/wp-json\/wp\/v2\/product_brand?post=20338"},{"taxonomy":"product_cat","embeddable":true,"href":"https:\/\/uj.adatbank.ro\/lexikon\/wp-json\/wp\/v2\/product_cat?post=20338"},{"taxonomy":"product_tag","embeddable":true,"href":"https:\/\/uj.adatbank.ro\/lexikon\/wp-json\/wp\/v2\/product_tag?post=20338"}],"curies":[{"name":"wp","href":"https:\/\/api.w.org\/{rel}","templated":true}]}}