{"id":20342,"date":"2025-07-22T18:45:30","date_gmt":"2025-07-22T16:45:30","guid":{"rendered":"https:\/\/uj.adatbank.ro\/lexikon\/termek\/simen-gyorgy-solymosi-kelementelki-ag-iv\/"},"modified":"2025-07-22T18:45:30","modified_gmt":"2025-07-22T16:45:30","slug":"simen-gyorgy-solymosi-kelementelki-ag-iv","status":"publish","type":"product","link":"https:\/\/uj.adatbank.ro\/lexikon\/termek\/simen-gyorgy-solymosi-kelementelki-ag-iv\/","title":{"rendered":"SIM\u00c9N Gy\u00f6rgy, solymosi, kelementelki \u00e1g IV"},"content":{"rendered":"<p>1778., \u2020\u00a01839: f\u00f6ldbirtokos. \u2013 Gy\u00f6rgy \u00e9s Thoroczkay Kl\u00e1ra fia. Feles\u00e9ge: br. Plankensteini Rauber R\u00f3za (1802\u20131853-ban m\u00e9g \u00e9lt \u00f6zv.). Gyermekei: R\u00f3za Ugron L\u00e1z\u00e1rn\u00e9; Am\u00e1lia L\u00e1z\u00e1r K\u00e1lm\u00e1nn\u00e9; meghaltak koleraj\u00e1rv\u00e1nyban h\u00e1rman (\u2020\u00a01849): Kl\u00e1ra, Johanna Iv\u00e1nka gr. L\u00e1z\u00e1r D\u00e9nesn\u00e9 \u00e9s Kata; Gy\u00f6rgy, feles\u00e9ge tancsi gr. F\u00f6ldv\u00e1ry Zsuzs\u00e1nna. Kelementelk\u00e9n \u00e9lt. Nevel\u0151je volt K\u0151v\u00e1ry L\u00e1szl\u00f3, aki a szabads\u00e1gharc lever\u00e9se ut\u00e1n egy ideig n\u00e1la tal\u00e1lt mened\u00e9ket. Unit. egyh\u00e1zi \u00fcln\u00f6k (1815\u2013). \u00c1rkosi D\u00e9nes, Albert J\u00e1nos \u00e9s Kov\u00e1cs Gy\u00f6rgy unit. lelk\u00e9szek s\u00edrbesz\u00e9det mondtak felette (1839). \u00d6zvegye \u00e9p\u00edtette fel Szov\u00e1ta els\u0151 f\u00fcrd\u0151lak\u00e1t (1840) <br \/><strong>Irod.:<\/strong> Fekete; J\u00f3zsa Andr\u00e1s: L\u00e1z\u00e1r K\u00e1lm\u00e1n ornitol\u00f3gus, \u00e1llatkert\u00e9sz (N\u00fa., Sz\u00ednes Vil\u00e1g, 2014. j\u00fal. 4,); K\u0151v\u00e1ry L\u00e1szl\u00f3: T\u00e1jak, k\u00e9pek utaz\u00e1si rajzokban (Buk., 1984); Nagy Iv\u00e1n.<\/br><\/p>\n","protected":false},"excerpt":{"rendered":"<p>1778., \u2020\u00a01839: f\u00f6ldbirtokos. \u2013 Gy\u00f6rgy \u00e9s Thoroczkay Kl\u00e1ra fia. Feles\u00e9ge: br. Plankensteini Rauber R\u00f3za (1802\u20131853-ban m\u00e9g \u00e9lt \u00f6zv.). Gyermekei: R\u00f3za Ugron L\u00e1z\u00e1rn\u00e9; Am\u00e1lia L\u00e1z\u00e1r K\u00e1lm\u00e1nn\u00e9; meghaltak koleraj\u00e1rv\u00e1nyban h\u00e1rman (\u2020\u00a01849): Kl\u00e1ra, Johanna Iv\u00e1nka gr. L\u00e1z\u00e1r D\u00e9nesn\u00e9 \u00e9s Kata; Gy\u00f6rgy, feles\u00e9ge tancsi gr. F\u00f6ldv\u00e1ry Zsuzs\u00e1nna. Kelementelk\u00e9n \u00e9lt. Nevel\u0151je volt K\u0151v\u00e1ry L\u00e1szl\u00f3, aki a szabads\u00e1gharc lever\u00e9se ut\u00e1n egy [&hellip;]<\/p>\n","protected":false},"featured_media":0,"comment_status":"open","ping_status":"closed","template":"","meta":[],"product_brand":[],"product_cat":[137],"product_tag":[],"class_list":{"0":"post-20342","1":"product","2":"type-product","3":"status-publish","5":"product_cat-maros-megyei-eletrajzi-lexikon","7":"first","8":"instock","9":"shipping-taxable","10":"product-type-simple"},"_links":{"self":[{"href":"https:\/\/uj.adatbank.ro\/lexikon\/wp-json\/wp\/v2\/product\/20342","targetHints":{"allow":["GET"]}}],"collection":[{"href":"https:\/\/uj.adatbank.ro\/lexikon\/wp-json\/wp\/v2\/product"}],"about":[{"href":"https:\/\/uj.adatbank.ro\/lexikon\/wp-json\/wp\/v2\/types\/product"}],"replies":[{"embeddable":true,"href":"https:\/\/uj.adatbank.ro\/lexikon\/wp-json\/wp\/v2\/comments?post=20342"}],"wp:attachment":[{"href":"https:\/\/uj.adatbank.ro\/lexikon\/wp-json\/wp\/v2\/media?parent=20342"}],"wp:term":[{"taxonomy":"product_brand","embeddable":true,"href":"https:\/\/uj.adatbank.ro\/lexikon\/wp-json\/wp\/v2\/product_brand?post=20342"},{"taxonomy":"product_cat","embeddable":true,"href":"https:\/\/uj.adatbank.ro\/lexikon\/wp-json\/wp\/v2\/product_cat?post=20342"},{"taxonomy":"product_tag","embeddable":true,"href":"https:\/\/uj.adatbank.ro\/lexikon\/wp-json\/wp\/v2\/product_tag?post=20342"}],"curies":[{"name":"wp","href":"https:\/\/api.w.org\/{rel}","templated":true}]}}