{"id":20349,"date":"2025-07-22T18:45:44","date_gmt":"2025-07-22T16:45:44","guid":{"rendered":"https:\/\/uj.adatbank.ro\/lexikon\/termek\/simen-klara-sardi-teleki-miklosne\/"},"modified":"2025-07-22T18:45:44","modified_gmt":"2025-07-22T16:45:44","slug":"simen-klara-sardi-teleki-miklosne","status":"publish","type":"product","link":"https:\/\/uj.adatbank.ro\/lexikon\/termek\/simen-klara-sardi-teleki-miklosne\/","title":{"rendered":"SIM\u00c9N Kl\u00e1ra, s\u00e1rdi; Teleki Mikl\u00f3sn\u00e9"},"content":{"rendered":"<p>1807. febr. 19., \u2020\u00a01888.: tancsi f\u00f6ldbirtokos. \u2013 S. Elek \u00e9s Petrichevich-Horv\u00e1th Ter\u00e9z le\u00e1nya. \u2013 F\u00e9rjhez ment Teleki Mikl\u00f3shoz cs. k. kamar\u00e1s, udvari tan.-hoz. (B\u00e9cs 1826. febr. 26.) <br \/><strong>Irod.:<\/strong> Gudenus; K\u0151v\u00e1ry L\u00e1szl\u00f3 1899.<\/br><\/p>\n","protected":false},"excerpt":{"rendered":"<p>1807. febr. 19., \u2020\u00a01888.: tancsi f\u00f6ldbirtokos. \u2013 S. Elek \u00e9s Petrichevich-Horv\u00e1th Ter\u00e9z le\u00e1nya. \u2013 F\u00e9rjhez ment Teleki Mikl\u00f3shoz cs. k. kamar\u00e1s, udvari tan.-hoz. (B\u00e9cs 1826. febr. 26.) Irod.: Gudenus; K\u0151v\u00e1ry L\u00e1szl\u00f3 1899.<\/p>\n","protected":false},"featured_media":0,"comment_status":"open","ping_status":"closed","template":"","meta":[],"product_brand":[],"product_cat":[137],"product_tag":[],"class_list":{"0":"post-20349","1":"product","2":"type-product","3":"status-publish","5":"product_cat-maros-megyei-eletrajzi-lexikon","7":"first","8":"instock","9":"shipping-taxable","10":"product-type-simple"},"_links":{"self":[{"href":"https:\/\/uj.adatbank.ro\/lexikon\/wp-json\/wp\/v2\/product\/20349","targetHints":{"allow":["GET"]}}],"collection":[{"href":"https:\/\/uj.adatbank.ro\/lexikon\/wp-json\/wp\/v2\/product"}],"about":[{"href":"https:\/\/uj.adatbank.ro\/lexikon\/wp-json\/wp\/v2\/types\/product"}],"replies":[{"embeddable":true,"href":"https:\/\/uj.adatbank.ro\/lexikon\/wp-json\/wp\/v2\/comments?post=20349"}],"wp:attachment":[{"href":"https:\/\/uj.adatbank.ro\/lexikon\/wp-json\/wp\/v2\/media?parent=20349"}],"wp:term":[{"taxonomy":"product_brand","embeddable":true,"href":"https:\/\/uj.adatbank.ro\/lexikon\/wp-json\/wp\/v2\/product_brand?post=20349"},{"taxonomy":"product_cat","embeddable":true,"href":"https:\/\/uj.adatbank.ro\/lexikon\/wp-json\/wp\/v2\/product_cat?post=20349"},{"taxonomy":"product_tag","embeddable":true,"href":"https:\/\/uj.adatbank.ro\/lexikon\/wp-json\/wp\/v2\/product_tag?post=20349"}],"curies":[{"name":"wp","href":"https:\/\/api.w.org\/{rel}","templated":true}]}}