{"id":20353,"date":"2025-07-22T18:45:52","date_gmt":"2025-07-22T16:45:52","guid":{"rendered":"https:\/\/uj.adatbank.ro\/lexikon\/termek\/simion\/"},"modified":"2025-07-22T18:45:52","modified_gmt":"2025-07-22T16:45:52","slug":"simion","status":"publish","type":"product","link":"https:\/\/uj.adatbank.ro\/lexikon\/termek\/simion\/","title":{"rendered":"SIMION"},"content":{"rendered":"<p>? \u2020?: mez\u0151szak\u00e1li esperes. <br \/><strong>Irod.:<\/strong> Pop Alexandru: Desbinarea in Biserica Rom\u00e2nilor din Ardeal \u015fi Ungaria 1697\u20131701 (Buc., 1921).<\/br><\/p>\n","protected":false},"excerpt":{"rendered":"<p>? \u2020?: mez\u0151szak\u00e1li esperes. Irod.: Pop Alexandru: Desbinarea in Biserica Rom\u00e2nilor din Ardeal \u015fi Ungaria 1697\u20131701 (Buc., 1921).<\/p>\n","protected":false},"featured_media":0,"comment_status":"open","ping_status":"closed","template":"","meta":[],"product_brand":[],"product_cat":[137],"product_tag":[],"class_list":{"0":"post-20353","1":"product","2":"type-product","3":"status-publish","5":"product_cat-maros-megyei-eletrajzi-lexikon","7":"first","8":"instock","9":"shipping-taxable","10":"product-type-simple"},"_links":{"self":[{"href":"https:\/\/uj.adatbank.ro\/lexikon\/wp-json\/wp\/v2\/product\/20353","targetHints":{"allow":["GET"]}}],"collection":[{"href":"https:\/\/uj.adatbank.ro\/lexikon\/wp-json\/wp\/v2\/product"}],"about":[{"href":"https:\/\/uj.adatbank.ro\/lexikon\/wp-json\/wp\/v2\/types\/product"}],"replies":[{"embeddable":true,"href":"https:\/\/uj.adatbank.ro\/lexikon\/wp-json\/wp\/v2\/comments?post=20353"}],"wp:attachment":[{"href":"https:\/\/uj.adatbank.ro\/lexikon\/wp-json\/wp\/v2\/media?parent=20353"}],"wp:term":[{"taxonomy":"product_brand","embeddable":true,"href":"https:\/\/uj.adatbank.ro\/lexikon\/wp-json\/wp\/v2\/product_brand?post=20353"},{"taxonomy":"product_cat","embeddable":true,"href":"https:\/\/uj.adatbank.ro\/lexikon\/wp-json\/wp\/v2\/product_cat?post=20353"},{"taxonomy":"product_tag","embeddable":true,"href":"https:\/\/uj.adatbank.ro\/lexikon\/wp-json\/wp\/v2\/product_tag?post=20353"}],"curies":[{"name":"wp","href":"https:\/\/api.w.org\/{rel}","templated":true}]}}