{"id":20356,"date":"2025-07-22T18:46:00","date_gmt":"2025-07-22T16:46:00","guid":{"rendered":"https:\/\/uj.adatbank.ro\/lexikon\/termek\/simion-stefan\/"},"modified":"2025-07-22T18:46:00","modified_gmt":"2025-07-22T16:46:00","slug":"simion-stefan","status":"publish","type":"product","link":"https:\/\/uj.adatbank.ro\/lexikon\/termek\/simion-stefan\/","title":{"rendered":"SIMION, \u015etefan"},"content":{"rendered":"<p>? \u2020?: k\u00fck\u00fcll\u0151i \u00e9rsek. <br \/><strong>Irod.:<\/strong> Mete\u015f Stefan: Istoria bisericii \u015fi a vie\u0163ii religioase din Ardeal \u015fi Ungaria. Vol 1.: \u2013 1700. (Arad, 1918).<\/br><\/p>\n","protected":false},"excerpt":{"rendered":"<p>? \u2020?: k\u00fck\u00fcll\u0151i \u00e9rsek. Irod.: Mete\u015f Stefan: Istoria bisericii \u015fi a vie\u0163ii religioase din Ardeal \u015fi Ungaria. Vol 1.: \u2013 1700. (Arad, 1918).<\/p>\n","protected":false},"featured_media":0,"comment_status":"open","ping_status":"closed","template":"","meta":[],"product_brand":[],"product_cat":[137],"product_tag":[],"class_list":{"0":"post-20356","1":"product","2":"type-product","3":"status-publish","5":"product_cat-maros-megyei-eletrajzi-lexikon","7":"first","8":"instock","9":"shipping-taxable","10":"product-type-simple"},"_links":{"self":[{"href":"https:\/\/uj.adatbank.ro\/lexikon\/wp-json\/wp\/v2\/product\/20356","targetHints":{"allow":["GET"]}}],"collection":[{"href":"https:\/\/uj.adatbank.ro\/lexikon\/wp-json\/wp\/v2\/product"}],"about":[{"href":"https:\/\/uj.adatbank.ro\/lexikon\/wp-json\/wp\/v2\/types\/product"}],"replies":[{"embeddable":true,"href":"https:\/\/uj.adatbank.ro\/lexikon\/wp-json\/wp\/v2\/comments?post=20356"}],"wp:attachment":[{"href":"https:\/\/uj.adatbank.ro\/lexikon\/wp-json\/wp\/v2\/media?parent=20356"}],"wp:term":[{"taxonomy":"product_brand","embeddable":true,"href":"https:\/\/uj.adatbank.ro\/lexikon\/wp-json\/wp\/v2\/product_brand?post=20356"},{"taxonomy":"product_cat","embeddable":true,"href":"https:\/\/uj.adatbank.ro\/lexikon\/wp-json\/wp\/v2\/product_cat?post=20356"},{"taxonomy":"product_tag","embeddable":true,"href":"https:\/\/uj.adatbank.ro\/lexikon\/wp-json\/wp\/v2\/product_tag?post=20356"}],"curies":[{"name":"wp","href":"https:\/\/api.w.org\/{rel}","templated":true}]}}