{"id":20360,"date":"2025-07-22T18:46:08","date_gmt":"2025-07-22T16:46:08","guid":{"rendered":"https:\/\/uj.adatbank.ro\/lexikon\/termek\/simionis-danila\/"},"modified":"2025-07-22T18:46:08","modified_gmt":"2025-07-22T16:46:08","slug":"simionis-danila","status":"publish","type":"product","link":"https:\/\/uj.adatbank.ro\/lexikon\/termek\/simionis-danila\/","title":{"rendered":"SIMIONIS, D\u0103nil\u0103"},"content":{"rendered":"<p>? \u2020?: g. kat. pap. \u2013 Bal\u00e1zsfalv\u00e1n v\u00e9gezte a teol\u00f3gi\u00e1t (1806\u201318), Nagys\u00e1rm\u00e1sban szolg\u00e1lt hal\u00e1l\u00e1ig (\u20131836). Renov\u00e1ltatta a r\u00e9gi fatemplomot (1812). <br \/><strong>Irod.:<\/strong> S\u0103rma\u015fu.<\/br><\/p>\n","protected":false},"excerpt":{"rendered":"<p>? \u2020?: g. kat. pap. \u2013 Bal\u00e1zsfalv\u00e1n v\u00e9gezte a teol\u00f3gi\u00e1t (1806\u201318), Nagys\u00e1rm\u00e1sban szolg\u00e1lt hal\u00e1l\u00e1ig (\u20131836). Renov\u00e1ltatta a r\u00e9gi fatemplomot (1812). Irod.: S\u0103rma\u015fu.<\/p>\n","protected":false},"featured_media":0,"comment_status":"open","ping_status":"closed","template":"","meta":[],"product_brand":[],"product_cat":[137],"product_tag":[],"class_list":{"0":"post-20360","1":"product","2":"type-product","3":"status-publish","5":"product_cat-maros-megyei-eletrajzi-lexikon","7":"first","8":"instock","9":"shipping-taxable","10":"product-type-simple"},"_links":{"self":[{"href":"https:\/\/uj.adatbank.ro\/lexikon\/wp-json\/wp\/v2\/product\/20360","targetHints":{"allow":["GET"]}}],"collection":[{"href":"https:\/\/uj.adatbank.ro\/lexikon\/wp-json\/wp\/v2\/product"}],"about":[{"href":"https:\/\/uj.adatbank.ro\/lexikon\/wp-json\/wp\/v2\/types\/product"}],"replies":[{"embeddable":true,"href":"https:\/\/uj.adatbank.ro\/lexikon\/wp-json\/wp\/v2\/comments?post=20360"}],"wp:attachment":[{"href":"https:\/\/uj.adatbank.ro\/lexikon\/wp-json\/wp\/v2\/media?parent=20360"}],"wp:term":[{"taxonomy":"product_brand","embeddable":true,"href":"https:\/\/uj.adatbank.ro\/lexikon\/wp-json\/wp\/v2\/product_brand?post=20360"},{"taxonomy":"product_cat","embeddable":true,"href":"https:\/\/uj.adatbank.ro\/lexikon\/wp-json\/wp\/v2\/product_cat?post=20360"},{"taxonomy":"product_tag","embeddable":true,"href":"https:\/\/uj.adatbank.ro\/lexikon\/wp-json\/wp\/v2\/product_tag?post=20360"}],"curies":[{"name":"wp","href":"https:\/\/api.w.org\/{rel}","templated":true}]}}