{"id":20361,"date":"2025-07-22T18:46:10","date_gmt":"2025-07-22T16:46:10","guid":{"rendered":"https:\/\/uj.adatbank.ro\/lexikon\/termek\/simionis-vasile\/"},"modified":"2025-07-22T18:46:10","modified_gmt":"2025-07-22T16:46:10","slug":"simionis-vasile","status":"publish","type":"product","link":"https:\/\/uj.adatbank.ro\/lexikon\/termek\/simionis-vasile\/","title":{"rendered":"SIMIONIS, Vasile"},"content":{"rendered":"<p>? \u2020?: m\u00e1rt\u00edr. \u2013 Apja: S. D\u0103nil\u0103, a nagys\u00e1rm\u00e1si g. kat. pap. \u2013 Az Erd\u00e9lyi Mez\u0151s\u00e9g IV. B\u0103r\u0103i nev\u0171 Tribun\u00e1tus\u00e1nak a vezet\u0151je (1848). M\u00e1rt\u00edrs\u00e1g\u00e1nak eml\u00e9k\u00e9re sz\u00fcl\u0151faluj\u00e1ban az ut\u00f3bbi \u00e9vekben szobrot \u00e1ll\u00edtottak. <br \/><strong>Irod.:<\/strong> S\u0103rma\u015fu.<\/br><\/p>\n","protected":false},"excerpt":{"rendered":"<p>? \u2020?: m\u00e1rt\u00edr. \u2013 Apja: S. D\u0103nil\u0103, a nagys\u00e1rm\u00e1si g. kat. pap. \u2013 Az Erd\u00e9lyi Mez\u0151s\u00e9g IV. B\u0103r\u0103i nev\u0171 Tribun\u00e1tus\u00e1nak a vezet\u0151je (1848). M\u00e1rt\u00edrs\u00e1g\u00e1nak eml\u00e9k\u00e9re sz\u00fcl\u0151faluj\u00e1ban az ut\u00f3bbi \u00e9vekben szobrot \u00e1ll\u00edtottak. Irod.: S\u0103rma\u015fu.<\/p>\n","protected":false},"featured_media":0,"comment_status":"open","ping_status":"closed","template":"","meta":[],"product_brand":[],"product_cat":[137],"product_tag":[],"class_list":{"0":"post-20361","1":"product","2":"type-product","3":"status-publish","5":"product_cat-maros-megyei-eletrajzi-lexikon","7":"first","8":"instock","9":"shipping-taxable","10":"product-type-simple"},"_links":{"self":[{"href":"https:\/\/uj.adatbank.ro\/lexikon\/wp-json\/wp\/v2\/product\/20361","targetHints":{"allow":["GET"]}}],"collection":[{"href":"https:\/\/uj.adatbank.ro\/lexikon\/wp-json\/wp\/v2\/product"}],"about":[{"href":"https:\/\/uj.adatbank.ro\/lexikon\/wp-json\/wp\/v2\/types\/product"}],"replies":[{"embeddable":true,"href":"https:\/\/uj.adatbank.ro\/lexikon\/wp-json\/wp\/v2\/comments?post=20361"}],"wp:attachment":[{"href":"https:\/\/uj.adatbank.ro\/lexikon\/wp-json\/wp\/v2\/media?parent=20361"}],"wp:term":[{"taxonomy":"product_brand","embeddable":true,"href":"https:\/\/uj.adatbank.ro\/lexikon\/wp-json\/wp\/v2\/product_brand?post=20361"},{"taxonomy":"product_cat","embeddable":true,"href":"https:\/\/uj.adatbank.ro\/lexikon\/wp-json\/wp\/v2\/product_cat?post=20361"},{"taxonomy":"product_tag","embeddable":true,"href":"https:\/\/uj.adatbank.ro\/lexikon\/wp-json\/wp\/v2\/product_tag?post=20361"}],"curies":[{"name":"wp","href":"https:\/\/api.w.org\/{rel}","templated":true}]}}