{"id":20367,"date":"2025-07-22T18:46:24","date_gmt":"2025-07-22T16:46:24","guid":{"rendered":"https:\/\/uj.adatbank.ro\/lexikon\/termek\/simo-ferencneatyhai-nagysolymosi-kontz-jusztina\/"},"modified":"2025-07-22T18:46:24","modified_gmt":"2025-07-22T16:46:24","slug":"simo-ferencneatyhai-nagysolymosi-kontz-jusztina","status":"publish","type":"product","link":"https:\/\/uj.adatbank.ro\/lexikon\/termek\/simo-ferencneatyhai-nagysolymosi-kontz-jusztina\/","title":{"rendered":"SIM\u00d3 Ferencn\u00e9,atyhai, nagysolymosi Kontz Jusztina"},"content":{"rendered":"<p>1840? \u2020\u00a0Mv., 1918. \u00e1pr. 10.: ? Gyermekeik: dr. S. Bal\u00e1zs; S. M\u00e1ty\u00e1s, feles\u00e9ge: Pap Anna. <br \/><strong>Irod.:<\/strong> Gy\u00e1szjelent\u0151.<\/br><\/p>\n","protected":false},"excerpt":{"rendered":"<p>1840? \u2020\u00a0Mv., 1918. \u00e1pr. 10.: ? Gyermekeik: dr. S. Bal\u00e1zs; S. M\u00e1ty\u00e1s, feles\u00e9ge: Pap Anna. Irod.: Gy\u00e1szjelent\u0151.<\/p>\n","protected":false},"featured_media":0,"comment_status":"open","ping_status":"closed","template":"","meta":[],"product_brand":[],"product_cat":[137],"product_tag":[],"class_list":{"0":"post-20367","1":"product","2":"type-product","3":"status-publish","5":"product_cat-maros-megyei-eletrajzi-lexikon","7":"first","8":"instock","9":"shipping-taxable","10":"product-type-simple"},"_links":{"self":[{"href":"https:\/\/uj.adatbank.ro\/lexikon\/wp-json\/wp\/v2\/product\/20367","targetHints":{"allow":["GET"]}}],"collection":[{"href":"https:\/\/uj.adatbank.ro\/lexikon\/wp-json\/wp\/v2\/product"}],"about":[{"href":"https:\/\/uj.adatbank.ro\/lexikon\/wp-json\/wp\/v2\/types\/product"}],"replies":[{"embeddable":true,"href":"https:\/\/uj.adatbank.ro\/lexikon\/wp-json\/wp\/v2\/comments?post=20367"}],"wp:attachment":[{"href":"https:\/\/uj.adatbank.ro\/lexikon\/wp-json\/wp\/v2\/media?parent=20367"}],"wp:term":[{"taxonomy":"product_brand","embeddable":true,"href":"https:\/\/uj.adatbank.ro\/lexikon\/wp-json\/wp\/v2\/product_brand?post=20367"},{"taxonomy":"product_cat","embeddable":true,"href":"https:\/\/uj.adatbank.ro\/lexikon\/wp-json\/wp\/v2\/product_cat?post=20367"},{"taxonomy":"product_tag","embeddable":true,"href":"https:\/\/uj.adatbank.ro\/lexikon\/wp-json\/wp\/v2\/product_tag?post=20367"}],"curies":[{"name":"wp","href":"https:\/\/api.w.org\/{rel}","templated":true}]}}