{"id":20370,"date":"2025-07-22T18:46:31","date_gmt":"2025-07-22T16:46:31","guid":{"rendered":"https:\/\/uj.adatbank.ro\/lexikon\/termek\/simo-geza\/"},"modified":"2025-07-22T18:46:31","modified_gmt":"2025-07-22T16:46:31","slug":"simo-geza","status":"publish","type":"product","link":"https:\/\/uj.adatbank.ro\/lexikon\/termek\/simo-geza\/","title":{"rendered":"SIM\u00d3 G\u00e9za"},"content":{"rendered":"<p>? \u2020?: ev. ref. lelk\u00e9sz. \u2013 Mez\u0151b\u00e1ndon lelk\u00e9sz. A MT megyei \u00c1ltal\u00e1nos Tan\u00edt\u00f3test\u00fclet Mez\u0151s\u00e9gi k\u00f6r\u00e9nek megalap\u00edt\u00f3ja (1883), els\u0151 eln\u00f6ke. <br \/><strong>Irod.:<\/strong> Eml\u00e9kk\u00f6nyv.<\/br><\/p>\n","protected":false},"excerpt":{"rendered":"<p>? \u2020?: ev. ref. lelk\u00e9sz. \u2013 Mez\u0151b\u00e1ndon lelk\u00e9sz. A MT megyei \u00c1ltal\u00e1nos Tan\u00edt\u00f3test\u00fclet Mez\u0151s\u00e9gi k\u00f6r\u00e9nek megalap\u00edt\u00f3ja (1883), els\u0151 eln\u00f6ke. Irod.: Eml\u00e9kk\u00f6nyv.<\/p>\n","protected":false},"featured_media":0,"comment_status":"open","ping_status":"closed","template":"","meta":[],"product_brand":[],"product_cat":[137],"product_tag":[],"class_list":{"0":"post-20370","1":"product","2":"type-product","3":"status-publish","5":"product_cat-maros-megyei-eletrajzi-lexikon","7":"first","8":"instock","9":"shipping-taxable","10":"product-type-simple"},"_links":{"self":[{"href":"https:\/\/uj.adatbank.ro\/lexikon\/wp-json\/wp\/v2\/product\/20370","targetHints":{"allow":["GET"]}}],"collection":[{"href":"https:\/\/uj.adatbank.ro\/lexikon\/wp-json\/wp\/v2\/product"}],"about":[{"href":"https:\/\/uj.adatbank.ro\/lexikon\/wp-json\/wp\/v2\/types\/product"}],"replies":[{"embeddable":true,"href":"https:\/\/uj.adatbank.ro\/lexikon\/wp-json\/wp\/v2\/comments?post=20370"}],"wp:attachment":[{"href":"https:\/\/uj.adatbank.ro\/lexikon\/wp-json\/wp\/v2\/media?parent=20370"}],"wp:term":[{"taxonomy":"product_brand","embeddable":true,"href":"https:\/\/uj.adatbank.ro\/lexikon\/wp-json\/wp\/v2\/product_brand?post=20370"},{"taxonomy":"product_cat","embeddable":true,"href":"https:\/\/uj.adatbank.ro\/lexikon\/wp-json\/wp\/v2\/product_cat?post=20370"},{"taxonomy":"product_tag","embeddable":true,"href":"https:\/\/uj.adatbank.ro\/lexikon\/wp-json\/wp\/v2\/product_tag?post=20370"}],"curies":[{"name":"wp","href":"https:\/\/api.w.org\/{rel}","templated":true}]}}