{"id":20380,"date":"2025-07-22T18:46:52","date_gmt":"2025-07-22T16:46:52","guid":{"rendered":"https:\/\/uj.adatbank.ro\/lexikon\/termek\/simo-zsigmond-kissolymosi\/"},"modified":"2025-07-22T18:46:52","modified_gmt":"2025-07-22T16:46:52","slug":"simo-zsigmond-kissolymosi","status":"publish","type":"product","link":"https:\/\/uj.adatbank.ro\/lexikon\/termek\/simo-zsigmond-kissolymosi\/","title":{"rendered":"SIM\u00d3 Zsigmond, kissolymosi"},"content":{"rendered":"<p>1862? \u2020 1930. febr. 19. Harasztker\u00e9ken temett\u00e9k: orvos. \u2013 Testv\u00e9re: Sim\u00f3 Kl\u00e1ra Kov\u00e1cs Viktorn\u00e9; S. P\u00e1l; S. G\u00e1born\u00e9; S. \u00c1gnes. Feles\u00e9ge: Tokodi P\u00e1nc\u00e9l Ilona. <br \/><strong>Irod.:<\/strong> Gy\u00e1szjelent\u0151.<\/br><\/p>\n","protected":false},"excerpt":{"rendered":"<p>1862? \u2020 1930. febr. 19. Harasztker\u00e9ken temett\u00e9k: orvos. \u2013 Testv\u00e9re: Sim\u00f3 Kl\u00e1ra Kov\u00e1cs Viktorn\u00e9; S. P\u00e1l; S. G\u00e1born\u00e9; S. \u00c1gnes. Feles\u00e9ge: Tokodi P\u00e1nc\u00e9l Ilona. Irod.: Gy\u00e1szjelent\u0151.<\/p>\n","protected":false},"featured_media":0,"comment_status":"open","ping_status":"closed","template":"","meta":[],"product_brand":[],"product_cat":[137],"product_tag":[],"class_list":{"0":"post-20380","1":"product","2":"type-product","3":"status-publish","5":"product_cat-maros-megyei-eletrajzi-lexikon","7":"first","8":"instock","9":"shipping-taxable","10":"product-type-simple"},"_links":{"self":[{"href":"https:\/\/uj.adatbank.ro\/lexikon\/wp-json\/wp\/v2\/product\/20380","targetHints":{"allow":["GET"]}}],"collection":[{"href":"https:\/\/uj.adatbank.ro\/lexikon\/wp-json\/wp\/v2\/product"}],"about":[{"href":"https:\/\/uj.adatbank.ro\/lexikon\/wp-json\/wp\/v2\/types\/product"}],"replies":[{"embeddable":true,"href":"https:\/\/uj.adatbank.ro\/lexikon\/wp-json\/wp\/v2\/comments?post=20380"}],"wp:attachment":[{"href":"https:\/\/uj.adatbank.ro\/lexikon\/wp-json\/wp\/v2\/media?parent=20380"}],"wp:term":[{"taxonomy":"product_brand","embeddable":true,"href":"https:\/\/uj.adatbank.ro\/lexikon\/wp-json\/wp\/v2\/product_brand?post=20380"},{"taxonomy":"product_cat","embeddable":true,"href":"https:\/\/uj.adatbank.ro\/lexikon\/wp-json\/wp\/v2\/product_cat?post=20380"},{"taxonomy":"product_tag","embeddable":true,"href":"https:\/\/uj.adatbank.ro\/lexikon\/wp-json\/wp\/v2\/product_tag?post=20380"}],"curies":[{"name":"wp","href":"https:\/\/api.w.org\/{rel}","templated":true}]}}