{"id":20395,"date":"2025-07-22T18:47:27","date_gmt":"2025-07-22T16:47:27","guid":{"rendered":"https:\/\/uj.adatbank.ro\/lexikon\/termek\/simon-andras-simon-endre\/"},"modified":"2025-07-22T18:47:27","modified_gmt":"2025-07-22T16:47:27","slug":"simon-andras-simon-endre","status":"publish","type":"product","link":"https:\/\/uj.adatbank.ro\/lexikon\/termek\/simon-andras-simon-endre\/","title":{"rendered":"SIMON Andr\u00e1s, Simon Endre"},"content":{"rendered":"<p>Bog\u00e1rfalva, 1816. m\u00e1rc. 10., \u2020\u00a0Sz\u00e9kelyudvarhely, 1885. febr. 23.: r. k. pap. \u2013 A teol\u00f3gi\u00e1t Gyulafeh\u00e9rv\u00e1rt v\u00e9gezte, papp\u00e1 szenteltelt\u00e9k (1839. \u00e1pr. 14.). Gyergy\u00f3szentmikl\u00f3son k\u00e1pl\u00e1n, Eheden (1842), Hodoson (1847), Gyergy\u00f3t\u00f6lgyesen (1847) pl\u00e9b\u00e1nos. Hazafias sz\u00f3noklataival buzd\u00edtotta a h\u00edveket (1848), amir\u0151l a helybeli rom\u00e1n pap jegyzeteket k\u00e9sz\u00edtett, \u00e9s feljelentette (1849. nyar\u00e1n). A nagyszebeni hadit\u00f6rv\u00e9nysz\u00e9k s\u00e1ncfogs\u00e1gra \u00edt\u00e9lte, amit a gyulafeh\u00e9rv\u00e1ri kazamat\u00e1kban t\u00f6lt\u00f6tt, am\u00edg kiszabadult (1851 v\u00e9g\u00e9n). Mv.-en k\u00e1pl\u00e1n, Korondon pl\u00e9b\u00e1nos (1852). A T\u00f6r\u00f6k\u2013G\u00e1lfi \u00f6sszeesk\u00fcv\u00e9s leleplez\u00e9sekor mint b\u00fcntetettet a katonai t\u00f6rv\u00e9nysz\u00e9k 2 \u00e9v k\u00e9nyszerlakhelyre a sz\u00fclei h\u00e1z\u00e1ba k\u00fcldte (1853). Haynald Lajos p\u00fcsp\u00f6k Gyulafeh\u00e9rv\u00e1rra rendelte (1855), Als\u00f3j\u00e1r\u00e1n (1856), Sinfalv\u00e1n (1859), Kerel\u0151szentp\u00e1lon (1860\u201381) pl\u00e9b\u00e1nos, k\u00fck\u00fcll\u0151i alesp (1868), nyugd\u00edjas (1881). <br \/><strong>Irod.:<\/strong> Cs\u00edkfalva; Ferenczi S\u00e1ndor 2009; MKL.<\/br><\/p>\n","protected":false},"excerpt":{"rendered":"<p>Bog\u00e1rfalva, 1816. m\u00e1rc. 10., \u2020\u00a0Sz\u00e9kelyudvarhely, 1885. febr. 23.: r. k. pap. \u2013 A teol\u00f3gi\u00e1t Gyulafeh\u00e9rv\u00e1rt v\u00e9gezte, papp\u00e1 szenteltelt\u00e9k (1839. \u00e1pr. 14.). Gyergy\u00f3szentmikl\u00f3son k\u00e1pl\u00e1n, Eheden (1842), Hodoson (1847), Gyergy\u00f3t\u00f6lgyesen (1847) pl\u00e9b\u00e1nos. Hazafias sz\u00f3noklataival buzd\u00edtotta a h\u00edveket (1848), amir\u0151l a helybeli rom\u00e1n pap jegyzeteket k\u00e9sz\u00edtett, \u00e9s feljelentette (1849. nyar\u00e1n). A nagyszebeni hadit\u00f6rv\u00e9nysz\u00e9k s\u00e1ncfogs\u00e1gra \u00edt\u00e9lte, amit a gyulafeh\u00e9rv\u00e1ri [&hellip;]<\/p>\n","protected":false},"featured_media":0,"comment_status":"open","ping_status":"closed","template":"","meta":[],"product_brand":[],"product_cat":[137],"product_tag":[],"class_list":{"0":"post-20395","1":"product","2":"type-product","3":"status-publish","5":"product_cat-maros-megyei-eletrajzi-lexikon","7":"first","8":"instock","9":"shipping-taxable","10":"product-type-simple"},"_links":{"self":[{"href":"https:\/\/uj.adatbank.ro\/lexikon\/wp-json\/wp\/v2\/product\/20395","targetHints":{"allow":["GET"]}}],"collection":[{"href":"https:\/\/uj.adatbank.ro\/lexikon\/wp-json\/wp\/v2\/product"}],"about":[{"href":"https:\/\/uj.adatbank.ro\/lexikon\/wp-json\/wp\/v2\/types\/product"}],"replies":[{"embeddable":true,"href":"https:\/\/uj.adatbank.ro\/lexikon\/wp-json\/wp\/v2\/comments?post=20395"}],"wp:attachment":[{"href":"https:\/\/uj.adatbank.ro\/lexikon\/wp-json\/wp\/v2\/media?parent=20395"}],"wp:term":[{"taxonomy":"product_brand","embeddable":true,"href":"https:\/\/uj.adatbank.ro\/lexikon\/wp-json\/wp\/v2\/product_brand?post=20395"},{"taxonomy":"product_cat","embeddable":true,"href":"https:\/\/uj.adatbank.ro\/lexikon\/wp-json\/wp\/v2\/product_cat?post=20395"},{"taxonomy":"product_tag","embeddable":true,"href":"https:\/\/uj.adatbank.ro\/lexikon\/wp-json\/wp\/v2\/product_tag?post=20395"}],"curies":[{"name":"wp","href":"https:\/\/api.w.org\/{rel}","templated":true}]}}