{"id":2040,"date":"2025-06-28T12:01:56","date_gmt":"2025-06-28T10:01:56","guid":{"rendered":"https:\/\/uj.adatbank.ro\/lexikon\/termek\/balintitt-balint-nagy-balint-tovisi-kortvelyfai\/"},"modified":"2025-06-28T12:01:56","modified_gmt":"2025-06-28T10:01:56","slug":"balintitt-balint-nagy-balint-tovisi-kortvelyfai","status":"publish","type":"product","link":"https:\/\/uj.adatbank.ro\/lexikon\/termek\/balintitt-balint-nagy-balint-tovisi-kortvelyfai\/","title":{"rendered":"B\u00c1LINTITT B\u00e1lint, Nagy B\u00e1lint, t\u00f6visi, k\u00f6rtv\u00e9lyf\u00e1i"},"content":{"rendered":"<p>? \u2020\u00a0? : hadvez\u00e9r, br. \u2013 Nagy Lajos kir\u00e1ly olaszo.-i t\u00e1boroz\u00e1sa alkalm\u00e1val, mint hadvez\u00e9r volt jelen, sikerei\u00e9rt a kir\u00e1ly nev\u00e9t B\u00e1lintitt-ra v\u00e1ltoztatta \u00e9s b\u00e1r\u00f3s\u00e1gra emelte (1349). Erd\u00e9lyben telepedtek le (16. sz. els\u0151 negyede). \u0150si el\u0151neve a \u201et\u00f6visi\u201d volt, de k\u00e9s\u0151bb a \u201ek\u00f6rtv\u00e9lyf\u00e1i\u201d el\u0151nevet haszn\u00e1lta. <br \/><strong>Irod.:<\/strong> Fekete; Gudenus; Kempelen; MNZSK; MCK; Nagy Iv\u00e1n; Nagy-Bod\u00f3 Tibor: A B\u00e1lintitt-kast\u00e9ly \u00e9s a csal\u00e1d birtokai (K\u00f6zpont, 2016. j\u00fan. 2\u20138.)<\/br><\/p>\n","protected":false},"excerpt":{"rendered":"<p>? \u2020\u00a0? : hadvez\u00e9r, br. \u2013 Nagy Lajos kir\u00e1ly olaszo.-i t\u00e1boroz\u00e1sa alkalm\u00e1val, mint hadvez\u00e9r volt jelen, sikerei\u00e9rt a kir\u00e1ly nev\u00e9t B\u00e1lintitt-ra v\u00e1ltoztatta \u00e9s b\u00e1r\u00f3s\u00e1gra emelte (1349). Erd\u00e9lyben telepedtek le (16. sz. els\u0151 negyede). \u0150si el\u0151neve a \u201et\u00f6visi\u201d volt, de k\u00e9s\u0151bb a \u201ek\u00f6rtv\u00e9lyf\u00e1i\u201d el\u0151nevet haszn\u00e1lta. Irod.: Fekete; Gudenus; Kempelen; MNZSK; MCK; Nagy Iv\u00e1n; Nagy-Bod\u00f3 Tibor: A [&hellip;]<\/p>\n","protected":false},"featured_media":0,"comment_status":"open","ping_status":"closed","template":"","meta":[],"product_brand":[],"product_cat":[137],"product_tag":[],"class_list":{"0":"post-2040","1":"product","2":"type-product","3":"status-publish","5":"product_cat-maros-megyei-eletrajzi-lexikon","7":"first","8":"instock","9":"shipping-taxable","10":"product-type-simple"},"_links":{"self":[{"href":"https:\/\/uj.adatbank.ro\/lexikon\/wp-json\/wp\/v2\/product\/2040","targetHints":{"allow":["GET"]}}],"collection":[{"href":"https:\/\/uj.adatbank.ro\/lexikon\/wp-json\/wp\/v2\/product"}],"about":[{"href":"https:\/\/uj.adatbank.ro\/lexikon\/wp-json\/wp\/v2\/types\/product"}],"replies":[{"embeddable":true,"href":"https:\/\/uj.adatbank.ro\/lexikon\/wp-json\/wp\/v2\/comments?post=2040"}],"wp:attachment":[{"href":"https:\/\/uj.adatbank.ro\/lexikon\/wp-json\/wp\/v2\/media?parent=2040"}],"wp:term":[{"taxonomy":"product_brand","embeddable":true,"href":"https:\/\/uj.adatbank.ro\/lexikon\/wp-json\/wp\/v2\/product_brand?post=2040"},{"taxonomy":"product_cat","embeddable":true,"href":"https:\/\/uj.adatbank.ro\/lexikon\/wp-json\/wp\/v2\/product_cat?post=2040"},{"taxonomy":"product_tag","embeddable":true,"href":"https:\/\/uj.adatbank.ro\/lexikon\/wp-json\/wp\/v2\/product_tag?post=2040"}],"curies":[{"name":"wp","href":"https:\/\/api.w.org\/{rel}","templated":true}]}}

BÁLINTITT Bálint, Nagy Bálint, tövisi, körtvélyfái

<p>? † ? : hadvezér, br. – Nagy Lajos király olaszo.-i táborozása alkalmával, mint hadvezér volt jelen, sikereiért a király nevét Bálintitt-ra változtatta és báróságra emelte (1349). Erdélyben telepedtek le (16. sz. első negyede). Ősi előneve a „tövisi” volt, de később a „körtvélyfái” előnevet használta. <br /><strong>Irod.:</strong> Fekete; Gudenus; Kempelen; MNZSK; MCK; Nagy Iván; Nagy-Bodó Tibor: A Bálintitt-kastély és a család birtokai (Központ, 2016. jún. 2–8.)</br></p>

<p>? † ? : hadvezér, br. – Nagy Lajos király olaszo.-i táborozása alkalmával, mint hadvezér volt jelen, sikereiért a király nevét Bálintitt-ra változtatta és báróságra emelte (1349). Erdélyben telepedtek le (16. sz. első negyede). Ősi előneve a „tövisi” volt, de később a „körtvélyfái” előnevet használta. Irod.: Fekete; Gudenus; Kempelen; MNZSK; MCK; Nagy Iván; Nagy-Bodó Tibor: A [&hellip;]</p>
