{"id":20409,"date":"2025-07-22T18:47:54","date_gmt":"2025-07-22T16:47:54","guid":{"rendered":"https:\/\/uj.adatbank.ro\/lexikon\/termek\/simon-ferenc-bethlenfalvi\/"},"modified":"2025-07-22T18:47:54","modified_gmt":"2025-07-22T16:47:54","slug":"simon-ferenc-bethlenfalvi","status":"publish","type":"product","link":"https:\/\/uj.adatbank.ro\/lexikon\/termek\/simon-ferenc-bethlenfalvi\/","title":{"rendered":"SIMON Ferenc, bethlenfalvi"},"content":{"rendered":"<p>Ny\u00e1r\u00e1dszentanna, 1878., \u2020?: tan\u00edt\u00f3. \u2013 K\u00f6z\u00e9piskol\u00e1it Nagyenyeden \u00e9s Bp.-en v\u00e9gezte, tan\u00edt\u00f3i p\u00e1lyafut\u00e1s\u00e1t 1898-ban kezdte. A h\u0171s\u00e9gesk\u00fc megtagad\u00e1sa miatt \u00e1ll\u00e1s\u00e1b\u00f3l elbocs\u00e1jtott\u00e1k (1919), majd visszavett\u00e9k (1921) \u00e9s tan\u00edtott (\u20131933). Mv.-en \u00e9lt mint nyugd\u00edjas. <br \/><strong>Irod.:<\/strong> Sz\u00e9kelyf\u00f6ld \u00ed. k.<\/br><\/p>\n","protected":false},"excerpt":{"rendered":"<p>Ny\u00e1r\u00e1dszentanna, 1878., \u2020?: tan\u00edt\u00f3. \u2013 K\u00f6z\u00e9piskol\u00e1it Nagyenyeden \u00e9s Bp.-en v\u00e9gezte, tan\u00edt\u00f3i p\u00e1lyafut\u00e1s\u00e1t 1898-ban kezdte. A h\u0171s\u00e9gesk\u00fc megtagad\u00e1sa miatt \u00e1ll\u00e1s\u00e1b\u00f3l elbocs\u00e1jtott\u00e1k (1919), majd visszavett\u00e9k (1921) \u00e9s tan\u00edtott (\u20131933). Mv.-en \u00e9lt mint nyugd\u00edjas. Irod.: Sz\u00e9kelyf\u00f6ld \u00ed. k.<\/p>\n","protected":false},"featured_media":0,"comment_status":"open","ping_status":"closed","template":"","meta":[],"product_brand":[],"product_cat":[137],"product_tag":[],"class_list":{"0":"post-20409","1":"product","2":"type-product","3":"status-publish","5":"product_cat-maros-megyei-eletrajzi-lexikon","7":"first","8":"instock","9":"shipping-taxable","10":"product-type-simple"},"_links":{"self":[{"href":"https:\/\/uj.adatbank.ro\/lexikon\/wp-json\/wp\/v2\/product\/20409","targetHints":{"allow":["GET"]}}],"collection":[{"href":"https:\/\/uj.adatbank.ro\/lexikon\/wp-json\/wp\/v2\/product"}],"about":[{"href":"https:\/\/uj.adatbank.ro\/lexikon\/wp-json\/wp\/v2\/types\/product"}],"replies":[{"embeddable":true,"href":"https:\/\/uj.adatbank.ro\/lexikon\/wp-json\/wp\/v2\/comments?post=20409"}],"wp:attachment":[{"href":"https:\/\/uj.adatbank.ro\/lexikon\/wp-json\/wp\/v2\/media?parent=20409"}],"wp:term":[{"taxonomy":"product_brand","embeddable":true,"href":"https:\/\/uj.adatbank.ro\/lexikon\/wp-json\/wp\/v2\/product_brand?post=20409"},{"taxonomy":"product_cat","embeddable":true,"href":"https:\/\/uj.adatbank.ro\/lexikon\/wp-json\/wp\/v2\/product_cat?post=20409"},{"taxonomy":"product_tag","embeddable":true,"href":"https:\/\/uj.adatbank.ro\/lexikon\/wp-json\/wp\/v2\/product_tag?post=20409"}],"curies":[{"name":"wp","href":"https:\/\/api.w.org\/{rel}","templated":true}]}}