{"id":2043,"date":"2025-06-28T12:02:01","date_gmt":"2025-06-28T10:02:01","guid":{"rendered":"https:\/\/uj.adatbank.ro\/lexikon\/termek\/balintitt-gyorgy-jozsef-karoly-br\/"},"modified":"2025-06-28T12:02:01","modified_gmt":"2025-06-28T10:02:01","slug":"balintitt-gyorgy-jozsef-karoly-br","status":"publish","type":"product","link":"https:\/\/uj.adatbank.ro\/lexikon\/termek\/balintitt-gyorgy-jozsef-karoly-br\/","title":{"rendered":"B\u00c1LINTITT Gy\u00f6rgy J\u00f3zsef K\u00e1roly, br."},"content":{"rendered":"<p>Nagyernye, 1879. szept. 16., \u2020\u00a0Marosszentgy\u00f6rgy, 1913.: f\u00f6ldbirtokos. \u2013 B. J\u00f3zsef, f\u00f6ldbirtokos, k\u00f6lt\u0151 (1851\u20131922) \u00e9s B\u00e9ldi Georgina fia. \u00d6ccse: K\u00e1roly. Feles\u00e9ge: gr. Tholdalagi \u2013 B\u00e9csben a Theresianum gimn.-ban \u00e9s az Egy. Jogtud. Kar\u00e1n tanult. A nagyernyei kast\u00e9lyban lakott a csal\u00e1d. A kast\u00e9lyhoz nagy park \u00e9s az \u00e1ltala l\u00e9tes\u00edtett halast\u00f3 is tartozott, a birtokot is \u0151 vezette. Eljegyezte a koronkai gr. Tholdalagi Ilon\u00e1t, de az esk\u00fcv\u0151 el\u0151tt \u00f6ngyilkos lett. Ezut\u00e1n a b\u00edrtokot \u00f6ccse, K\u00e1roly (1883\u20131943) vette \u00e1t. A nagyernyei \u00faj templom\u00e9p\u00edt\u00e9se idej\u00e9n az egyh\u00e1zk\u00f6zs\u00e9g f\u0151gondnoka volt (1904). A csal\u00e1d tulajdonosa, illetve \u00e9p\u00edtett\u0151je volt egy nagyernyei malomnak, egy\u00fctt Szab\u00f3 Gy\u00f6rgy (1856-.?) pl\u00e9b\u00e1nossal, Szenner Antal \u00e9s R\u00e1duly J\u00f3zsef j\u00f3m\u00f3d\u00fa gazd\u00e1val (1910). <br \/><strong>Irod.:<\/strong> Bicsok\u2013Orb\u00e1n; Kempelen; Keresztes 1995; Kornis; Maros-k\u00fck\u00fcll\u0151i f\u0151esp; Nagy Iv\u00e1n; Nemes Gyula: Rekviem egy malom\u00e9rt (K\u00f6zpont, 27. sz., 2012. j\u00fal. 4\u201310); Nemes Gyula: Szakr\u00e1lis eml\u00e9kek&#8230; = P\u00e1l-Antal\u2013Simon; Szab\u00f3\u2013Simon\u2013Sz\u00f6gi<\/br><\/p>\n","protected":false},"excerpt":{"rendered":"<p>Nagyernye, 1879. szept. 16., \u2020\u00a0Marosszentgy\u00f6rgy, 1913.: f\u00f6ldbirtokos. \u2013 B. J\u00f3zsef, f\u00f6ldbirtokos, k\u00f6lt\u0151 (1851\u20131922) \u00e9s B\u00e9ldi Georgina fia. \u00d6ccse: K\u00e1roly. Feles\u00e9ge: gr. Tholdalagi \u2013 B\u00e9csben a Theresianum gimn.-ban \u00e9s az Egy. Jogtud. Kar\u00e1n tanult. A nagyernyei kast\u00e9lyban lakott a csal\u00e1d. A kast\u00e9lyhoz nagy park \u00e9s az \u00e1ltala l\u00e9tes\u00edtett halast\u00f3 is tartozott, a birtokot is \u0151 vezette. [&hellip;]<\/p>\n","protected":false},"featured_media":0,"comment_status":"open","ping_status":"closed","template":"","meta":[],"product_brand":[],"product_cat":[137],"product_tag":[],"class_list":{"0":"post-2043","1":"product","2":"type-product","3":"status-publish","5":"product_cat-maros-megyei-eletrajzi-lexikon","7":"first","8":"instock","9":"shipping-taxable","10":"product-type-simple"},"_links":{"self":[{"href":"https:\/\/uj.adatbank.ro\/lexikon\/wp-json\/wp\/v2\/product\/2043","targetHints":{"allow":["GET"]}}],"collection":[{"href":"https:\/\/uj.adatbank.ro\/lexikon\/wp-json\/wp\/v2\/product"}],"about":[{"href":"https:\/\/uj.adatbank.ro\/lexikon\/wp-json\/wp\/v2\/types\/product"}],"replies":[{"embeddable":true,"href":"https:\/\/uj.adatbank.ro\/lexikon\/wp-json\/wp\/v2\/comments?post=2043"}],"wp:attachment":[{"href":"https:\/\/uj.adatbank.ro\/lexikon\/wp-json\/wp\/v2\/media?parent=2043"}],"wp:term":[{"taxonomy":"product_brand","embeddable":true,"href":"https:\/\/uj.adatbank.ro\/lexikon\/wp-json\/wp\/v2\/product_brand?post=2043"},{"taxonomy":"product_cat","embeddable":true,"href":"https:\/\/uj.adatbank.ro\/lexikon\/wp-json\/wp\/v2\/product_cat?post=2043"},{"taxonomy":"product_tag","embeddable":true,"href":"https:\/\/uj.adatbank.ro\/lexikon\/wp-json\/wp\/v2\/product_tag?post=2043"}],"curies":[{"name":"wp","href":"https:\/\/api.w.org\/{rel}","templated":true}]}}

BÁLINTITT György József Károly, br.

<p>Nagyernye, 1879. szept. 16., † Marosszentgyörgy, 1913.: földbirtokos. – B. József, földbirtokos, költő (1851–1922) és Béldi Georgina fia. Öccse: Károly. Felesége: gr. Tholdalagi – Bécsben a Theresianum gimn.-ban és az Egy. Jogtud. Karán tanult. A nagyernyei kastélyban lakott a család. A kastélyhoz nagy park és az általa létesített halastó is tartozott, a birtokot is ő vezette. Eljegyezte a koronkai gr. Tholdalagi Ilonát, de az esküvő előtt öngyilkos lett. Ezután a bírtokot öccse, Károly (1883–1943) vette át. A nagyernyei új templomépítése idején az egyházközség főgondnoka volt (1904). A család tulajdonosa, illetve építettője volt egy nagyernyei malomnak, együtt Szabó György (1856-.?) plébánossal, Szenner Antal és Ráduly József jómódú gazdával (1910). <br /><strong>Irod.:</strong> Bicsok–Orbán; Kempelen; Keresztes 1995; Kornis; Maros-küküllői főesp; Nagy Iván; Nemes Gyula: Rekviem egy malomért (Központ, 27. sz., 2012. júl. 4–10); Nemes Gyula: Szakrális emlékek&#8230; = Pál-Antal–Simon; Szabó–Simon–Szögi</br></p>

<p>Nagyernye, 1879. szept. 16., † Marosszentgyörgy, 1913.: földbirtokos. – B. József, földbirtokos, költő (1851–1922) és Béldi Georgina fia. Öccse: Károly. Felesége: gr. Tholdalagi – Bécsben a Theresianum gimn.-ban és az Egy. Jogtud. Karán tanult. A nagyernyei kastélyban lakott a család. A kastélyhoz nagy park és az általa létesített halastó is tartozott, a birtokot is ő vezette. [&hellip;]</p>
