{"id":20457,"date":"2025-07-22T18:49:37","date_gmt":"2025-07-22T16:49:37","guid":{"rendered":"https:\/\/uj.adatbank.ro\/lexikon\/termek\/simon-samuel-zagoni\/"},"modified":"2025-07-22T18:49:37","modified_gmt":"2025-07-22T16:49:37","slug":"simon-samuel-zagoni","status":"publish","type":"product","link":"https:\/\/uj.adatbank.ro\/lexikon\/termek\/simon-samuel-zagoni\/","title":{"rendered":"SIMON S\u00e1muel, z\u00e1goni"},"content":{"rendered":"<p>? \u2020?: ref. lelk\u00e9sz. \u2013 Harangl\u00e1bon tev\u00e9kenykedett (1797\u20131801). Vadasdon volt lelk\u00e9sz (1808\u201311), Sz\u00e9kelykakasdon (1820. \u00e1pr. 20.\u20131829). Cs\u00edkfalv\u00e1n volt lelk\u00e9sz (1830\u201335), amikor az egyh\u00e1zk\u00f6zs\u00e9g vagyon\u00e1t \u00f6ssze\u00edrt\u00e1k (1834. okt.), majd Hagym\u00e1sbodonban volt par\u00f3ki\u00e1ja. <br \/><strong>Irod.:<\/strong> Cs\u00edkfalva; K\u00fck\u00fcll\u0151i Ref. Egyh\u00e1zm. 2.; Sz\u00e9kelykakasd; Vadasdi kr\u00f3nika.<\/br><\/p>\n","protected":false},"excerpt":{"rendered":"<p>? \u2020?: ref. lelk\u00e9sz. \u2013 Harangl\u00e1bon tev\u00e9kenykedett (1797\u20131801). Vadasdon volt lelk\u00e9sz (1808\u201311), Sz\u00e9kelykakasdon (1820. \u00e1pr. 20.\u20131829). Cs\u00edkfalv\u00e1n volt lelk\u00e9sz (1830\u201335), amikor az egyh\u00e1zk\u00f6zs\u00e9g vagyon\u00e1t \u00f6ssze\u00edrt\u00e1k (1834. okt.), majd Hagym\u00e1sbodonban volt par\u00f3ki\u00e1ja. Irod.: Cs\u00edkfalva; K\u00fck\u00fcll\u0151i Ref. Egyh\u00e1zm. 2.; Sz\u00e9kelykakasd; Vadasdi kr\u00f3nika.<\/p>\n","protected":false},"featured_media":0,"comment_status":"open","ping_status":"closed","template":"","meta":[],"product_brand":[],"product_cat":[137],"product_tag":[],"class_list":{"0":"post-20457","1":"product","2":"type-product","3":"status-publish","5":"product_cat-maros-megyei-eletrajzi-lexikon","7":"first","8":"instock","9":"shipping-taxable","10":"product-type-simple"},"_links":{"self":[{"href":"https:\/\/uj.adatbank.ro\/lexikon\/wp-json\/wp\/v2\/product\/20457","targetHints":{"allow":["GET"]}}],"collection":[{"href":"https:\/\/uj.adatbank.ro\/lexikon\/wp-json\/wp\/v2\/product"}],"about":[{"href":"https:\/\/uj.adatbank.ro\/lexikon\/wp-json\/wp\/v2\/types\/product"}],"replies":[{"embeddable":true,"href":"https:\/\/uj.adatbank.ro\/lexikon\/wp-json\/wp\/v2\/comments?post=20457"}],"wp:attachment":[{"href":"https:\/\/uj.adatbank.ro\/lexikon\/wp-json\/wp\/v2\/media?parent=20457"}],"wp:term":[{"taxonomy":"product_brand","embeddable":true,"href":"https:\/\/uj.adatbank.ro\/lexikon\/wp-json\/wp\/v2\/product_brand?post=20457"},{"taxonomy":"product_cat","embeddable":true,"href":"https:\/\/uj.adatbank.ro\/lexikon\/wp-json\/wp\/v2\/product_cat?post=20457"},{"taxonomy":"product_tag","embeddable":true,"href":"https:\/\/uj.adatbank.ro\/lexikon\/wp-json\/wp\/v2\/product_tag?post=20457"}],"curies":[{"name":"wp","href":"https:\/\/api.w.org\/{rel}","templated":true}]}}