{"id":2046,"date":"2025-06-28T12:02:08","date_gmt":"2025-06-28T10:02:08","guid":{"rendered":"https:\/\/uj.adatbank.ro\/lexikon\/termek\/balintitt-gyorgy-kortvelyfaji-tovisi-br-balintitth-gyorgy\/"},"modified":"2025-06-28T12:02:08","modified_gmt":"2025-06-28T10:02:08","slug":"balintitt-gyorgy-kortvelyfaji-tovisi-br-balintitth-gyorgy","status":"publish","type":"product","link":"https:\/\/uj.adatbank.ro\/lexikon\/termek\/balintitt-gyorgy-kortvelyfaji-tovisi-br-balintitth-gyorgy\/","title":{"rendered":"B\u00c1LINTITT Gy\u00f6rgy, k\u00f6rtv\u00e9lyf\u00e1ji, t\u00f6visi br, B\u00e1lintitth Gy\u00f6rgy"},"content":{"rendered":"<p>1680\u201385 k.; v. 1704. \u2020 1742.: t\u00e1blab\u00edr\u00f3, v. b. t. t., korm\u00e1nysz\u00e9ki tan\u00e1csos \u2013 B. Zsigmond (1640 \u201341 k. \u2013 1697) \u00e9s megyesfalvi Angyalosi Krisztina fia. Feles\u00e9ge: Petki Ter\u00e9z. Fiaik: Istv\u00e1n \u00e9s Zsigmond. El\u0151dj\u00fck, B. Tivadar, lemondott a b\u00e1r\u00f3s\u00e1gr\u00f3l, mivel javait elvett\u00e9k (1562). M\u00e1ria Ter\u00e9zi\u00e1t\u00f3l a b\u00e1r\u00f3i c\u00edmet \u00e9s a t\u00f6visi el\u0151n\u00e9v haszn\u00e1lat\u00e1t Gy\u00f6rgy visszakapta fiaival egy\u00fctt (1742), megkapta a Liber baronus, vagyis a szabad b\u00e1r\u00f3i c\u00edmet, meger\u0151s\u00edtve (1755). A csal\u00e1d r. k., \u00f6r\u00f6k\u00f6s jogon tagja a f\u0151rendih\u00e1znak. \u2013 A R\u00e1k\u00f3czi-szabads\u00e1gharc kit\u00f6r\u00e9sekor Szebenbe menek\u00fclt, onnan Havasalf\u00f6ldre k\u00e9rezkedett, majd R\u00e1k\u00f3czi p\u00e1rtj\u00e1ra \u00e1llt. A csal\u00e1d r\u00e9szbirtokot nyert T\u00f3falv\u00e1n (1700 k.). Korm\u00e1nysz\u00e9ki tisztvisel\u0151, az Erd\u00e9lyi Udvari Kancell\u00e1ria tan\u00e1csosa \u00e9s referend\u00e1riusa. A Kir T\u00e1bla eln\u00f6ke, t\u00e1blab\u00edr\u00f3ja (1742). Jeddi otthonukban ferencesek voltak (1725\u201343). Birtokai: Nagyernye, Kebele, Jobb\u00e1gyfalva, Marosszentgy\u00f6rgy, T\u00f3falva. Kast\u00e9lya: Nagyernye- k\u00e9s\u0151i barokk st\u00edlusban \u00e9p\u00edtette J\u00f3zsef, majd a 19. sz\u00e1zadban \u00faj g\u00f3tikus st\u00edlusban alak\u00edtott\u00e1k \u00e1t. Udvarh\u00e1zak: Jobb\u00e1gytelke, Marosszentgy\u00f6rgy. <br \/><strong>Irod.:<\/strong> \u00c1rva Bethlen K.; Bicsok\u2013Orb\u00e1n, Csejd \u2013T\u00f3falva; Fekete; Gudenus; Gy\u00f6rgy: A ferencrendiek; Kempelen; Keresztes; Kornis; MNZSK; MCK; Nagy Iv\u00e1n; P\u00e1l-Antal; Sepsisz\u00e9ki<\/br><\/p>\n","protected":false},"excerpt":{"rendered":"<p>1680\u201385 k.; v. 1704. \u2020 1742.: t\u00e1blab\u00edr\u00f3, v. b. t. t., korm\u00e1nysz\u00e9ki tan\u00e1csos \u2013 B. Zsigmond (1640 \u201341 k. \u2013 1697) \u00e9s megyesfalvi Angyalosi Krisztina fia. Feles\u00e9ge: Petki Ter\u00e9z. Fiaik: Istv\u00e1n \u00e9s Zsigmond. El\u0151dj\u00fck, B. Tivadar, lemondott a b\u00e1r\u00f3s\u00e1gr\u00f3l, mivel javait elvett\u00e9k (1562). M\u00e1ria Ter\u00e9zi\u00e1t\u00f3l a b\u00e1r\u00f3i c\u00edmet \u00e9s a t\u00f6visi el\u0151n\u00e9v haszn\u00e1lat\u00e1t Gy\u00f6rgy visszakapta [&hellip;]<\/p>\n","protected":false},"featured_media":0,"comment_status":"open","ping_status":"closed","template":"","meta":[],"product_brand":[],"product_cat":[137],"product_tag":[],"class_list":{"0":"post-2046","1":"product","2":"type-product","3":"status-publish","5":"product_cat-maros-megyei-eletrajzi-lexikon","7":"first","8":"instock","9":"shipping-taxable","10":"product-type-simple"},"_links":{"self":[{"href":"https:\/\/uj.adatbank.ro\/lexikon\/wp-json\/wp\/v2\/product\/2046","targetHints":{"allow":["GET"]}}],"collection":[{"href":"https:\/\/uj.adatbank.ro\/lexikon\/wp-json\/wp\/v2\/product"}],"about":[{"href":"https:\/\/uj.adatbank.ro\/lexikon\/wp-json\/wp\/v2\/types\/product"}],"replies":[{"embeddable":true,"href":"https:\/\/uj.adatbank.ro\/lexikon\/wp-json\/wp\/v2\/comments?post=2046"}],"wp:attachment":[{"href":"https:\/\/uj.adatbank.ro\/lexikon\/wp-json\/wp\/v2\/media?parent=2046"}],"wp:term":[{"taxonomy":"product_brand","embeddable":true,"href":"https:\/\/uj.adatbank.ro\/lexikon\/wp-json\/wp\/v2\/product_brand?post=2046"},{"taxonomy":"product_cat","embeddable":true,"href":"https:\/\/uj.adatbank.ro\/lexikon\/wp-json\/wp\/v2\/product_cat?post=2046"},{"taxonomy":"product_tag","embeddable":true,"href":"https:\/\/uj.adatbank.ro\/lexikon\/wp-json\/wp\/v2\/product_tag?post=2046"}],"curies":[{"name":"wp","href":"https:\/\/api.w.org\/{rel}","templated":true}]}}