{"id":20461,"date":"2025-07-22T18:49:46","date_gmt":"2025-07-22T16:49:46","guid":{"rendered":"https:\/\/uj.adatbank.ro\/lexikon\/termek\/simonffi-ferenc\/"},"modified":"2025-07-22T18:49:46","modified_gmt":"2025-07-22T16:49:46","slug":"simonffi-ferenc","status":"publish","type":"product","link":"https:\/\/uj.adatbank.ro\/lexikon\/termek\/simonffi-ferenc\/","title":{"rendered":"SIMONFFI Ferenc"},"content":{"rendered":"<p>Szov\u00e1ta, 1893, \u2020?: tan\u00edt\u00f3 Ny\u00e1r\u00e1dk\u00f6szv\u00e9nyesen. \u2013 R\u00e9szt vett az I. vh.-ban (1914\u201318), az orosz fronton harcolt \u00e9s fogs\u00e1gba esett (\u20131921. nov.). Hadnagyi rangban szerelt le kit\u00fcntet\u00e9sekkel. <br \/><strong>Irod.:<\/strong> Erd\u00e9lyi ezredek.<\/br><\/p>\n","protected":false},"excerpt":{"rendered":"<p>Szov\u00e1ta, 1893, \u2020?: tan\u00edt\u00f3 Ny\u00e1r\u00e1dk\u00f6szv\u00e9nyesen. \u2013 R\u00e9szt vett az I. vh.-ban (1914\u201318), az orosz fronton harcolt \u00e9s fogs\u00e1gba esett (\u20131921. nov.). Hadnagyi rangban szerelt le kit\u00fcntet\u00e9sekkel. Irod.: Erd\u00e9lyi ezredek.<\/p>\n","protected":false},"featured_media":0,"comment_status":"open","ping_status":"closed","template":"","meta":[],"product_brand":[],"product_cat":[137],"product_tag":[],"class_list":{"0":"post-20461","1":"product","2":"type-product","3":"status-publish","5":"product_cat-maros-megyei-eletrajzi-lexikon","7":"first","8":"instock","9":"shipping-taxable","10":"product-type-simple"},"_links":{"self":[{"href":"https:\/\/uj.adatbank.ro\/lexikon\/wp-json\/wp\/v2\/product\/20461","targetHints":{"allow":["GET"]}}],"collection":[{"href":"https:\/\/uj.adatbank.ro\/lexikon\/wp-json\/wp\/v2\/product"}],"about":[{"href":"https:\/\/uj.adatbank.ro\/lexikon\/wp-json\/wp\/v2\/types\/product"}],"replies":[{"embeddable":true,"href":"https:\/\/uj.adatbank.ro\/lexikon\/wp-json\/wp\/v2\/comments?post=20461"}],"wp:attachment":[{"href":"https:\/\/uj.adatbank.ro\/lexikon\/wp-json\/wp\/v2\/media?parent=20461"}],"wp:term":[{"taxonomy":"product_brand","embeddable":true,"href":"https:\/\/uj.adatbank.ro\/lexikon\/wp-json\/wp\/v2\/product_brand?post=20461"},{"taxonomy":"product_cat","embeddable":true,"href":"https:\/\/uj.adatbank.ro\/lexikon\/wp-json\/wp\/v2\/product_cat?post=20461"},{"taxonomy":"product_tag","embeddable":true,"href":"https:\/\/uj.adatbank.ro\/lexikon\/wp-json\/wp\/v2\/product_tag?post=20461"}],"curies":[{"name":"wp","href":"https:\/\/api.w.org\/{rel}","templated":true}]}}