{"id":20466,"date":"2025-07-22T18:49:57","date_gmt":"2025-07-22T16:49:57","guid":{"rendered":"https:\/\/uj.adatbank.ro\/lexikon\/termek\/simonffy-gyorgy-marosvasarhelyi\/"},"modified":"2025-07-22T18:49:57","modified_gmt":"2025-07-22T16:49:57","slug":"simonffy-gyorgy-marosvasarhelyi","status":"publish","type":"product","link":"https:\/\/uj.adatbank.ro\/lexikon\/termek\/simonffy-gyorgy-marosvasarhelyi\/","title":{"rendered":"SIMONFFY Gy\u00f6rgy, marosv\u00e1s\u00e1rhelyi"},"content":{"rendered":"<p>Sz\u00e1szr\u00e9gen, 1779, \u2020 Nagyabony, 1833. m\u00e1rc. 7: v\u00e1rmegyei \u00edrnok, test\u0151r, husz\u00e1rkapit\u00e1ny. A test\u0151rs\u00e9gben szolg\u00e1lt (1805\u20131809). <br \/><strong>Irod.:<\/strong> MTN.; P\u00e1lmay.<\/br><\/p>\n","protected":false},"excerpt":{"rendered":"<p>Sz\u00e1szr\u00e9gen, 1779, \u2020 Nagyabony, 1833. m\u00e1rc. 7: v\u00e1rmegyei \u00edrnok, test\u0151r, husz\u00e1rkapit\u00e1ny. A test\u0151rs\u00e9gben szolg\u00e1lt (1805\u20131809). Irod.: MTN.; P\u00e1lmay.<\/p>\n","protected":false},"featured_media":0,"comment_status":"open","ping_status":"closed","template":"","meta":[],"product_brand":[],"product_cat":[137],"product_tag":[],"class_list":{"0":"post-20466","1":"product","2":"type-product","3":"status-publish","5":"product_cat-maros-megyei-eletrajzi-lexikon","7":"first","8":"instock","9":"shipping-taxable","10":"product-type-simple"},"_links":{"self":[{"href":"https:\/\/uj.adatbank.ro\/lexikon\/wp-json\/wp\/v2\/product\/20466","targetHints":{"allow":["GET"]}}],"collection":[{"href":"https:\/\/uj.adatbank.ro\/lexikon\/wp-json\/wp\/v2\/product"}],"about":[{"href":"https:\/\/uj.adatbank.ro\/lexikon\/wp-json\/wp\/v2\/types\/product"}],"replies":[{"embeddable":true,"href":"https:\/\/uj.adatbank.ro\/lexikon\/wp-json\/wp\/v2\/comments?post=20466"}],"wp:attachment":[{"href":"https:\/\/uj.adatbank.ro\/lexikon\/wp-json\/wp\/v2\/media?parent=20466"}],"wp:term":[{"taxonomy":"product_brand","embeddable":true,"href":"https:\/\/uj.adatbank.ro\/lexikon\/wp-json\/wp\/v2\/product_brand?post=20466"},{"taxonomy":"product_cat","embeddable":true,"href":"https:\/\/uj.adatbank.ro\/lexikon\/wp-json\/wp\/v2\/product_cat?post=20466"},{"taxonomy":"product_tag","embeddable":true,"href":"https:\/\/uj.adatbank.ro\/lexikon\/wp-json\/wp\/v2\/product_tag?post=20466"}],"curies":[{"name":"wp","href":"https:\/\/api.w.org\/{rel}","templated":true}]}}