{"id":20476,"date":"2025-07-22T18:50:17","date_gmt":"2025-07-22T16:50:17","guid":{"rendered":"https:\/\/uj.adatbank.ro\/lexikon\/termek\/simonfi-jozsef\/"},"modified":"2025-07-22T18:50:17","modified_gmt":"2025-07-22T16:50:17","slug":"simonfi-jozsef","status":"publish","type":"product","link":"https:\/\/uj.adatbank.ro\/lexikon\/termek\/simonfi-jozsef\/","title":{"rendered":"SIMONFI J\u00f3zsef"},"content":{"rendered":"<p>Szov\u00e1ta, 1885. \u00e1pr. 4. \u2020\u00a01954. febr. 18.: r. k. pap. \u2013 K\u00e1pl\u00e1n K\u00e9zdiszentl\u00e9leken, Cs\u00edkszered\u00e1ban \u00e9s Bar\u00f3ton. Pl\u00e9b\u00e1nos Fut\u00e1sfalv\u00e1n (1914), Abosfalv\u00e1n (1915\u201321), Ny\u00e1r\u00e1dk\u00f6szv\u00e9nyesen (1921. aug. 21.\u20131930. m\u00e1rc. 1.). Ol\u00e1h K\u00e1roly hal\u00e1la ut\u00e1n \u00e1tvette a szenth\u00e1roms\u00e1gi pl\u00e9b\u00e1nia vezet\u00e9s\u00e9t (1930\u201332). Szentdemeteri pl\u00e9b\u00e1nos lett (1933\u201340), itt Thiesz Rezs\u0151 k\u00e1ntortan\u00edt\u00f3 seg\u00edts\u00e9g\u00e9vel le\u00e1ny- \u00e9s leg\u00e9nyegyletet alap\u00edtott. B\u00e1toson \u00e9s a k\u00e9t fili\u00e1ban Vajol\u00e1n \u00e9s Dedr\u00e1don (1945\u201346), Sz\u00e9kelyp\u00e1lfalv\u00e1n pl\u00e9b\u00e1nos ( \u2013 1954). <br \/><strong>Irod.:<\/strong> Ferenczi S\u00e1ndor 2009; Maros-k\u00fck\u00fcll\u0151i f\u0151esp.<\/br><\/p>\n","protected":false},"excerpt":{"rendered":"<p>Szov\u00e1ta, 1885. \u00e1pr. 4. \u2020\u00a01954. febr. 18.: r. k. pap. \u2013 K\u00e1pl\u00e1n K\u00e9zdiszentl\u00e9leken, Cs\u00edkszered\u00e1ban \u00e9s Bar\u00f3ton. Pl\u00e9b\u00e1nos Fut\u00e1sfalv\u00e1n (1914), Abosfalv\u00e1n (1915\u201321), Ny\u00e1r\u00e1dk\u00f6szv\u00e9nyesen (1921. aug. 21.\u20131930. m\u00e1rc. 1.). Ol\u00e1h K\u00e1roly hal\u00e1la ut\u00e1n \u00e1tvette a szenth\u00e1roms\u00e1gi pl\u00e9b\u00e1nia vezet\u00e9s\u00e9t (1930\u201332). Szentdemeteri pl\u00e9b\u00e1nos lett (1933\u201340), itt Thiesz Rezs\u0151 k\u00e1ntortan\u00edt\u00f3 seg\u00edts\u00e9g\u00e9vel le\u00e1ny- \u00e9s leg\u00e9nyegyletet alap\u00edtott. B\u00e1toson \u00e9s a k\u00e9t fili\u00e1ban [&hellip;]<\/p>\n","protected":false},"featured_media":0,"comment_status":"open","ping_status":"closed","template":"","meta":[],"product_brand":[],"product_cat":[137],"product_tag":[],"class_list":{"0":"post-20476","1":"product","2":"type-product","3":"status-publish","5":"product_cat-maros-megyei-eletrajzi-lexikon","7":"first","8":"instock","9":"shipping-taxable","10":"product-type-simple"},"_links":{"self":[{"href":"https:\/\/uj.adatbank.ro\/lexikon\/wp-json\/wp\/v2\/product\/20476","targetHints":{"allow":["GET"]}}],"collection":[{"href":"https:\/\/uj.adatbank.ro\/lexikon\/wp-json\/wp\/v2\/product"}],"about":[{"href":"https:\/\/uj.adatbank.ro\/lexikon\/wp-json\/wp\/v2\/types\/product"}],"replies":[{"embeddable":true,"href":"https:\/\/uj.adatbank.ro\/lexikon\/wp-json\/wp\/v2\/comments?post=20476"}],"wp:attachment":[{"href":"https:\/\/uj.adatbank.ro\/lexikon\/wp-json\/wp\/v2\/media?parent=20476"}],"wp:term":[{"taxonomy":"product_brand","embeddable":true,"href":"https:\/\/uj.adatbank.ro\/lexikon\/wp-json\/wp\/v2\/product_brand?post=20476"},{"taxonomy":"product_cat","embeddable":true,"href":"https:\/\/uj.adatbank.ro\/lexikon\/wp-json\/wp\/v2\/product_cat?post=20476"},{"taxonomy":"product_tag","embeddable":true,"href":"https:\/\/uj.adatbank.ro\/lexikon\/wp-json\/wp\/v2\/product_tag?post=20476"}],"curies":[{"name":"wp","href":"https:\/\/api.w.org\/{rel}","templated":true}]}}